{"id":15,"date":"2018-12-05T10:41:53","date_gmt":"2018-12-05T08:41:53","guid":{"rendered":"http:\/\/www.showlink.fi\/shows\/wirmodogshow19-malli\/?page_id=15"},"modified":"2026-04-10T15:46:30","modified_gmt":"2026-04-10T12:46:30","slug":"tuomarit","status":"publish","type":"page","link":"https:\/\/www.showlink.fi\/shows\/KokkolaRN_020826\/tuomarit\/","title":{"rendered":"Tuomarit"},"content":{"rendered":"\n<p><em>Varalla kaikille roduille&nbsp;<strong>Jouko Leivisk\u00e4<\/strong><\/em><\/p>\n\n\n\n<p><strong>Ryhm\u00e4 3<\/strong><br>kaikki rodut&nbsp;<strong>Jouko Leivisk\u00e4<\/strong><\/p>\n\n\n\n<p><strong>Ryhm\u00e4 4<\/strong><br>kaikki rodut&nbsp;<strong>Tapani Pukkila<\/strong><\/p>\n\n\n\n<p><strong>Ryhm\u00e4 5<\/strong><br>kaikki rodut&nbsp;<strong>Reino Korpela<\/strong><\/p>\n\n\n\n<p><strong>Ryhm\u00e4 6<\/strong><br>kaikki rodut&nbsp;<strong>Sakari Poti<\/strong><\/p>\n\n\n\n<p><em>Ryhm\u00e4kilpailut<\/em><br>FCI 3<strong>\u00a0Jouko Leivisk\u00e4<\/strong><br>FCI 4<strong>\u00a0Tapani Pukkila<\/strong><br>FCI 5<strong>\u00a0Sakari Poti<\/strong><br>FCI 6<strong>\u00a0Reino Korpela<\/strong><br><br>Paras veteraani\u00a0<strong>Jouko Leivisk\u00e4<\/strong><br>Paras kasvattajaryhm\u00e4\u00a0<strong>Jouko Leivisk\u00e4<\/strong><br>Best in Show<strong>\u00a0Jouko Leivisk\u00e4<\/strong><\/p>\n\n\n\n<p><\/p>\n\n\n\n<h3 class=\"wp-block-heading\"><\/h3>\n","protected":false},"excerpt":{"rendered":"<p>Varalla kaikille roduille&nbsp;Jouko Leivisk\u00e4 Ryhm\u00e4 3kaikki rodut&nbsp;Jouko Leivisk\u00e4 Ryhm\u00e4 4kaikki rodut&nbsp;Tapani Pukkila Ryhm\u00e4 5kaikki rodut&nbsp;Reino Korpela Ryhm\u00e4 6kaikki rodut&nbsp;Sakari Poti Ryhm\u00e4kilpailutFCI 3\u00a0Jouko Leivisk\u00e4FCI 4\u00a0Tapani PukkilaFCI 5\u00a0Sakari PotiFCI 6\u00a0Reino Korpela Paras veteraani\u00a0Jouko Leivisk\u00e4Paras kasvattajaryhm\u00e4\u00a0Jouko Leivisk\u00e4Best in Show\u00a0Jouko Leivisk\u00e4<\/p>\n","protected":false},"author":1,"featured_media":0,"parent":0,"menu_order":3,"comment_status":"closed","ping_status":"closed","template":"","meta":{"footnotes":""},"class_list":["post-15","page","type-page","status-publish","h-entry","hentry","h-as-page"],"_links":{"self":[{"href":"https:\/\/www.showlink.fi\/shows\/KokkolaRN_020826\/wp-json\/wp\/v2\/pages\/15","targetHints":{"allow":["GET"]}}],"collection":[{"href":"https:\/\/www.showlink.fi\/shows\/KokkolaRN_020826\/wp-json\/wp\/v2\/pages"}],"about":[{"href":"https:\/\/www.showlink.fi\/shows\/KokkolaRN_020826\/wp-json\/wp\/v2\/types\/page"}],"author":[{"embeddable":true,"href":"https:\/\/www.showlink.fi\/shows\/KokkolaRN_020826\/wp-json\/wp\/v2\/users\/1"}],"replies":[{"embeddable":true,"href":"https:\/\/www.showlink.fi\/shows\/KokkolaRN_020826\/wp-json\/wp\/v2\/comments?post=15"}],"version-history":[{"count":18,"href":"https:\/\/www.showlink.fi\/shows\/KokkolaRN_020826\/wp-json\/wp\/v2\/pages\/15\/revisions"}],"predecessor-version":[{"id":235,"href":"https:\/\/www.showlink.fi\/shows\/KokkolaRN_020826\/wp-json\/wp\/v2\/pages\/15\/revisions\/235"}],"wp:attachment":[{"href":"https:\/\/www.showlink.fi\/shows\/KokkolaRN_020826\/wp-json\/wp\/v2\/media?parent=15"}],"curies":[{"name":"wp","href":"https:\/\/api.w.org\/{rel}","templated":true}]}}