{"id":9,"date":"2018-12-05T10:41:13","date_gmt":"2018-12-05T08:41:13","guid":{"rendered":"http:\/\/www.showlink.fi\/shows\/wirmodogshow19-malli\/?page_id=9"},"modified":"2026-02-10T16:00:55","modified_gmt":"2026-02-10T14:00:55","slug":"tulokset","status":"publish","type":"page","link":"https:\/\/www.showlink.fi\/shows\/KokkolaRN_020826\/tulokset\/","title":{"rendered":"Tulokset"},"content":{"rendered":"\n<p>N\u00e4yttelyn tulokset julkaistaan n\u00e4yttelyn kuluessa. <\/p>\n\n\n\n<p><strong> \u00bb Siirry tuloksiin t\u00e4st\u00e4<\/strong><\/p>\n\n\n\n<p>Jalostustietoj\u00e4rjestelm\u00e4\u00e4n tulokset tulevat n\u00e4kyviin n\u00e4yttelyn p\u00e4\u00e4tytty\u00e4.<\/p>\n","protected":false},"excerpt":{"rendered":"<p>N\u00e4yttelyn tulokset julkaistaan n\u00e4yttelyn kuluessa. \u00bb Siirry tuloksiin t\u00e4st\u00e4 Jalostustietoj\u00e4rjestelm\u00e4\u00e4n tulokset tulevat n\u00e4kyviin n\u00e4yttelyn p\u00e4\u00e4tytty\u00e4.<\/p>\n","protected":false},"author":1,"featured_media":0,"parent":0,"menu_order":8,"comment_status":"closed","ping_status":"closed","template":"","meta":{"footnotes":""},"class_list":["post-9","page","type-page","status-publish","h-entry","hentry","h-as-page"],"_links":{"self":[{"href":"https:\/\/www.showlink.fi\/shows\/KokkolaRN_020826\/wp-json\/wp\/v2\/pages\/9","targetHints":{"allow":["GET"]}}],"collection":[{"href":"https:\/\/www.showlink.fi\/shows\/KokkolaRN_020826\/wp-json\/wp\/v2\/pages"}],"about":[{"href":"https:\/\/www.showlink.fi\/shows\/KokkolaRN_020826\/wp-json\/wp\/v2\/types\/page"}],"author":[{"embeddable":true,"href":"https:\/\/www.showlink.fi\/shows\/KokkolaRN_020826\/wp-json\/wp\/v2\/users\/1"}],"replies":[{"embeddable":true,"href":"https:\/\/www.showlink.fi\/shows\/KokkolaRN_020826\/wp-json\/wp\/v2\/comments?post=9"}],"version-history":[{"count":14,"href":"https:\/\/www.showlink.fi\/shows\/KokkolaRN_020826\/wp-json\/wp\/v2\/pages\/9\/revisions"}],"predecessor-version":[{"id":221,"href":"https:\/\/www.showlink.fi\/shows\/KokkolaRN_020826\/wp-json\/wp\/v2\/pages\/9\/revisions\/221"}],"wp:attachment":[{"href":"https:\/\/www.showlink.fi\/shows\/KokkolaRN_020826\/wp-json\/wp\/v2\/media?parent=9"}],"curies":[{"name":"wp","href":"https:\/\/api.w.org\/{rel}","templated":true}]}}