{"id":49,"date":"2019-06-10T16:02:40","date_gmt":"2019-06-10T13:02:40","guid":{"rendered":"http:\/\/www.showlink.fi\/shows\/kolomenkimppa19\/?page_id=49"},"modified":"2026-01-20T14:45:20","modified_gmt":"2026-01-20T12:45:20","slug":"tulokset","status":"publish","type":"page","link":"https:\/\/www.showlink.fi\/shows\/MynamakiTurku_240526\/tulokset\/","title":{"rendered":"Tulokset"},"content":{"rendered":"\n<p>N\u00e4yttelyn tulokset julkaistaan n\u00e4yttelyn kuluessa.<\/p>\n\n\n\n<p>\u00bb <strong>Siirry n\u00e4yttelyn tuloksiin<\/strong><\/p>\n\n\n\n<p>Jalostustietoj\u00e4rjestelm\u00e4\u00e4n tulokset p\u00e4ivittyv\u00e4t n\u00e4yttelyn p\u00e4\u00e4tytty\u00e4.<\/p>\n\n\n\n<p><\/p>\n\n\n\n<p><\/p>\n","protected":false},"excerpt":{"rendered":"<p>N\u00e4yttelyn tulokset julkaistaan n\u00e4yttelyn kuluessa. \u00bb Siirry n\u00e4yttelyn tuloksiin Jalostustietoj\u00e4rjestelm\u00e4\u00e4n tulokset p\u00e4ivittyv\u00e4t n\u00e4yttelyn p\u00e4\u00e4tytty\u00e4.<\/p>\n","protected":false},"author":1,"featured_media":0,"parent":0,"menu_order":10,"comment_status":"closed","ping_status":"closed","template":"","meta":{"footnotes":""},"class_list":["post-49","page","type-page","status-publish","h-entry","hentry","h-as-page"],"_links":{"self":[{"href":"https:\/\/www.showlink.fi\/shows\/MynamakiTurku_240526\/wp-json\/wp\/v2\/pages\/49","targetHints":{"allow":["GET"]}}],"collection":[{"href":"https:\/\/www.showlink.fi\/shows\/MynamakiTurku_240526\/wp-json\/wp\/v2\/pages"}],"about":[{"href":"https:\/\/www.showlink.fi\/shows\/MynamakiTurku_240526\/wp-json\/wp\/v2\/types\/page"}],"author":[{"embeddable":true,"href":"https:\/\/www.showlink.fi\/shows\/MynamakiTurku_240526\/wp-json\/wp\/v2\/users\/1"}],"replies":[{"embeddable":true,"href":"https:\/\/www.showlink.fi\/shows\/MynamakiTurku_240526\/wp-json\/wp\/v2\/comments?post=49"}],"version-history":[{"count":8,"href":"https:\/\/www.showlink.fi\/shows\/MynamakiTurku_240526\/wp-json\/wp\/v2\/pages\/49\/revisions"}],"predecessor-version":[{"id":217,"href":"https:\/\/www.showlink.fi\/shows\/MynamakiTurku_240526\/wp-json\/wp\/v2\/pages\/49\/revisions\/217"}],"wp:attachment":[{"href":"https:\/\/www.showlink.fi\/shows\/MynamakiTurku_240526\/wp-json\/wp\/v2\/media?parent=49"}],"curies":[{"name":"wp","href":"https:\/\/api.w.org\/{rel}","templated":true}]}}