{"id":33,"date":"2019-05-14T09:44:26","date_gmt":"2019-05-14T06:44:26","guid":{"rendered":"http:\/\/www.showlink.fi\/shows\/lestijarvi2019\/?page_id=33"},"modified":"2026-01-20T14:26:52","modified_gmt":"2026-01-20T12:26:52","slug":"tulokset","status":"publish","type":"page","link":"https:\/\/www.showlink.fi\/shows\/Mynamaki_230526\/tulokset\/","title":{"rendered":"Tulokset"},"content":{"rendered":"\n<p>N\u00e4yttelyss\u00e4 tallennetaan tulokset suoraan kehist\u00e4.<\/p>\n\n\n\n<p><strong>\u00bb\u00a0 Siirry n\u00e4yttelyn tuloksiin<\/strong><\/p>\n\n\n\n<p>Jalostustietoj\u00e4rjestelm\u00e4\u00e4n tulokset p\u00e4ivittyv\u00e4t n\u00e4yttelyn p\u00e4\u00e4tytty\u00e4.<\/p>\n","protected":false},"excerpt":{"rendered":"<p>N\u00e4yttelyss\u00e4 tallennetaan tulokset suoraan kehist\u00e4. \u00bb\u00a0 Siirry n\u00e4yttelyn tuloksiin Jalostustietoj\u00e4rjestelm\u00e4\u00e4n tulokset p\u00e4ivittyv\u00e4t n\u00e4yttelyn p\u00e4\u00e4tytty\u00e4.<\/p>\n","protected":false},"author":1,"featured_media":0,"parent":0,"menu_order":6,"comment_status":"closed","ping_status":"closed","template":"","meta":{"footnotes":""},"class_list":["post-33","page","type-page","status-publish","h-entry","hentry","h-as-page"],"_links":{"self":[{"href":"https:\/\/www.showlink.fi\/shows\/Mynamaki_230526\/wp-json\/wp\/v2\/pages\/33","targetHints":{"allow":["GET"]}}],"collection":[{"href":"https:\/\/www.showlink.fi\/shows\/Mynamaki_230526\/wp-json\/wp\/v2\/pages"}],"about":[{"href":"https:\/\/www.showlink.fi\/shows\/Mynamaki_230526\/wp-json\/wp\/v2\/types\/page"}],"author":[{"embeddable":true,"href":"https:\/\/www.showlink.fi\/shows\/Mynamaki_230526\/wp-json\/wp\/v2\/users\/1"}],"replies":[{"embeddable":true,"href":"https:\/\/www.showlink.fi\/shows\/Mynamaki_230526\/wp-json\/wp\/v2\/comments?post=33"}],"version-history":[{"count":6,"href":"https:\/\/www.showlink.fi\/shows\/Mynamaki_230526\/wp-json\/wp\/v2\/pages\/33\/revisions"}],"predecessor-version":[{"id":112,"href":"https:\/\/www.showlink.fi\/shows\/Mynamaki_230526\/wp-json\/wp\/v2\/pages\/33\/revisions\/112"}],"wp:attachment":[{"href":"https:\/\/www.showlink.fi\/shows\/Mynamaki_230526\/wp-json\/wp\/v2\/media?parent=33"}],"curies":[{"name":"wp","href":"https:\/\/api.w.org\/{rel}","templated":true}]}}