{"id":6,"date":"2018-01-04T15:50:31","date_gmt":"2018-01-04T13:50:31","guid":{"rendered":"http:\/\/www.showlink.fi\/shows\/loviisarn18\/?page_id=6"},"modified":"2026-01-15T15:47:01","modified_gmt":"2026-01-15T13:47:01","slug":"tervetuloa-loviisan-ryhmanayttelyyn-12-5","status":"publish","type":"page","link":"https:\/\/www.showlink.fi\/shows\/Pielavesi_070626\/","title":{"rendered":"Tervetuloa Pielaveden ryhm\u00e4n\u00e4yttelyyn!"},"content":{"rendered":"\n<p><strong>N\u00e4yttelypaikkana toimii Rannankyl\u00e4n koulun kentt\u00e4<\/strong><br>Osoite: Museotie 3, 72400 Pielavesi<\/p>\n\n\n\n<p><strong>N\u00e4yttelyss\u00e4 arvostellaan <strong>FCI:n ryhm\u00e4t <\/strong>5, 6, 7 &amp; 8, my\u00f6s pennut (7 kk \u2013 alle 9 kk).<\/strong><br><strong>FCI 5<\/strong> \u2013 Pystykorvat ja alkukantaiset koirat<br><strong>FCI 6<\/strong> \u2013 Ajavat ja j\u00e4ljest\u00e4v\u00e4t koirat<br><strong>FCI 7<\/strong> \u2013 Seisovat lintukoirat<br><strong>FCI 8 <\/strong>\u2013 Noutajat, yl\u00f6sajavat koirat ja vesikoirat.<\/p>\n\n\n\n<p>J\u00e4rjest\u00e4j\u00e4t: <strong>Pielaveden Kennelkerho, Karttulan Kennelkerho<\/strong><\/p>\n\n\n\n<p>Bannerin kuva: <strong>Sarianne V\u00e4is\u00e4nen<\/strong><\/p>\n\n\n\n<hr class=\"wp-block-separator has-text-color has-alpha-channel-opacity has-background\" style=\"background-color:#f3f3f3;color:#f3f3f3\"\/>\n\n\n\n<h3 class=\"wp-block-heading\"><strong>Tiedustelut<\/strong><\/h3>\n\n\n\n<p><strong>Ilmoittautumisia ja kasvattajaryhmi\u00e4 koskevat tiedustelut<\/strong><br>Showlink Oy arkisin klo 11-17 puh. 09 887 30320 tai e-mail: info@showlink.fi<br><em>Mainitsethan tiedustelussasi n\u00e4yttelyn sek\u00e4 koiran rekisterinumeron, jota tiedustelu koskee.<\/em><\/p>\n\n\n\n<p><strong>Muut tiedustelut:<br><\/strong>Jenni K\u00e4rkk\u00e4inen-Kiminki<br>puh. 050 462 5346<\/p>\n","protected":false},"excerpt":{"rendered":"<p>N\u00e4yttelypaikkana toimii Rannankyl\u00e4n koulun kentt\u00e4Osoite: Museotie 3, 72400 Pielavesi N\u00e4yttelyss\u00e4 arvostellaan FCI:n ryhm\u00e4t 5, 6, 7 &amp; 8, my\u00f6s pennut (7 kk \u2013 alle 9 kk).FCI 5 \u2013 Pystykorvat ja alkukantaiset koiratFCI 6 \u2013 Ajavat ja j\u00e4ljest\u00e4v\u00e4t koiratFCI 7 \u2013 Seisovat lintukoiratFCI 8 \u2013 Noutajat, yl\u00f6sajavat koirat ja vesikoirat. J\u00e4rjest\u00e4j\u00e4t: Pielaveden Kennelkerho, Karttulan Kennelkerho Bannerin <a href=\"https:\/\/www.showlink.fi\/shows\/Pielavesi_070626\/\" class=\"more-link\">...jatka lukemista<span class=\"screen-reader-text\"> \"Tervetuloa Pielaveden ryhm\u00e4n\u00e4yttelyyn!\"<\/span><\/a><\/p>\n","protected":false},"author":1,"featured_media":0,"parent":0,"menu_order":0,"comment_status":"closed","ping_status":"closed","template":"","meta":{"footnotes":""},"class_list":["post-6","page","type-page","status-publish","h-entry","hentry","h-as-page"],"_links":{"self":[{"href":"https:\/\/www.showlink.fi\/shows\/Pielavesi_070626\/wp-json\/wp\/v2\/pages\/6","targetHints":{"allow":["GET"]}}],"collection":[{"href":"https:\/\/www.showlink.fi\/shows\/Pielavesi_070626\/wp-json\/wp\/v2\/pages"}],"about":[{"href":"https:\/\/www.showlink.fi\/shows\/Pielavesi_070626\/wp-json\/wp\/v2\/types\/page"}],"author":[{"embeddable":true,"href":"https:\/\/www.showlink.fi\/shows\/Pielavesi_070626\/wp-json\/wp\/v2\/users\/1"}],"replies":[{"embeddable":true,"href":"https:\/\/www.showlink.fi\/shows\/Pielavesi_070626\/wp-json\/wp\/v2\/comments?post=6"}],"version-history":[{"count":31,"href":"https:\/\/www.showlink.fi\/shows\/Pielavesi_070626\/wp-json\/wp\/v2\/pages\/6\/revisions"}],"predecessor-version":[{"id":195,"href":"https:\/\/www.showlink.fi\/shows\/Pielavesi_070626\/wp-json\/wp\/v2\/pages\/6\/revisions\/195"}],"wp:attachment":[{"href":"https:\/\/www.showlink.fi\/shows\/Pielavesi_070626\/wp-json\/wp\/v2\/media?parent=6"}],"curies":[{"name":"wp","href":"https:\/\/api.w.org\/{rel}","templated":true}]}}