{"id":12,"date":"2018-10-02T13:07:24","date_gmt":"2018-10-02T10:07:24","guid":{"rendered":"http:\/\/www.showlink.fi\/shows\/hameenlinnarn2019\/?page_id=12"},"modified":"2025-06-17T17:16:42","modified_gmt":"2025-06-17T14:16:42","slug":"aikataulut","status":"publish","type":"page","link":"https:\/\/www.showlink.fi\/shows\/hameenlinnarn2025\/aikataulut\/","title":{"rendered":"Aikataulut &#8211; Lauantai"},"content":{"rendered":"\n<p>Iloksemme n\u00e4yttelyyn on ilmoitettu yhteens\u00e4 684 koiraa. N\u00e4yttelytoimikunta on joutunut tekem\u00e4\u00e4n joitakin tuomarin muutoksia. Tarkemmat ohjeet mahdollisista maksunpalautuksista ja n\u00e4yttelyp\u00e4iv\u00e4n kulusta l\u00f6ytyv\u00e4t aikataulukirjeest\u00e4. Tutustuthan tarkasti aikatauluun ja -kirjeeseen.<\/p>\n\n\n\n<p><strong>*<\/strong> = Tuomarimuutos, oikeuttaa maksunpalautukseen.<br><br>Aikataulukirje julkaistaan viimeist\u00e4\u00e4n viikko ennen n\u00e4yttely\u00e4.<\/p>\n\n\n\n<p><strong>N\u00e4yttelykutsut tullaan l\u00e4hett\u00e4m\u00e4\u00e4n vain s\u00e4hk\u00f6isesti.<\/strong><br>Aikataulukirjeit\u00e4 ja numerolappuja ei l\u00e4hetet\u00e4 postitse.<br><br>Aikataulut on julkaistu 17.6.2025. <\/p>\n\n\n<table width=\"431\">\n<tbody>\n<tr>\n<td width=\"337\"><strong>KEH\u00c4 1<\/strong><\/td>\n<td width=\"30\">\u00a0<\/td>\n<td width=\"64\">\u00a0<\/td>\n<\/tr>\n<tr>\n<td><strong>Irina Poletaeva<\/strong><\/td>\n<td><strong>82<\/strong><\/td>\n<td>\u00a0<\/td>\n<\/tr>\n<tr>\n<td>shiba<\/td>\n<td>5<\/td>\n<td>10.00<\/td>\n<\/tr>\n<tr>\n<td>shikokunkoira<\/td>\n<td>2<\/td>\n<td>\u00a0<\/td>\n<\/tr>\n<tr>\n<td>hokkaidonkoira<\/td>\n<td>2<\/td>\n<td>\u00a0<\/td>\n<\/tr>\n<tr>\n<td>lapinporokoira<\/td>\n<td>3<\/td>\n<td>\u00a0<\/td>\n<\/tr>\n<tr>\n<td>it\u00e4siperianlaika<\/td>\n<td>1<\/td>\n<td>\u00a0<\/td>\n<\/tr>\n<tr>\n<td>jakutianlaika<\/td>\n<td>4<\/td>\n<td>\u00a0<\/td>\n<\/tr>\n<tr>\n<td>l\u00e4nsisiperianlaika<\/td>\n<td>1<\/td>\n<td>\u00a0<\/td>\n<\/tr>\n<tr>\n<td>siperianhusky<\/td>\n<td>12<\/td>\n<td>\u00a0<\/td>\n<\/tr>\n<tr>\n<td>dobermanni<\/td>\n<td>3<\/td>\n<td>\u00a0<\/td>\n<\/tr>\n<tr>\n<td>continental bulldog<\/td>\n<td>2<\/td>\n<td>\u00a0<\/td>\n<\/tr>\n<tr>\n<td>englanninbulldoggi<\/td>\n<td>5<\/td>\n<td>12.00<\/td>\n<\/tr>\n<tr>\n<td>apinapinseri<\/td>\n<td>2<\/td>\n<td>\u00a0<\/td>\n<\/tr>\n<tr>\n<td>k\u00e4\u00e4pi\u00f6snautseri, musta<\/td>\n<td>4<\/td>\n<td>\u00a0<\/td>\n<\/tr>\n<tr>\n<td>k\u00e4\u00e4pi\u00f6snautseri, musta-hopea<\/td>\n<td>13<\/td>\n<td>\u00a0<\/td>\n<\/tr>\n<tr>\n<td>k\u00e4\u00e4pi\u00f6snautseri, pippuri &amp; suola<\/td>\n<td>5<\/td>\n<td>\u00a0<\/td>\n<\/tr>\n<tr>\n<td>k\u00e4\u00e4pi\u00f6snautseri, valkoinen<\/td>\n<td>8<\/td>\n<td>\u00a0<\/td>\n<\/tr>\n<tr>\n<td>snautseri, musta<\/td>\n<td>2<\/td>\n<td>\u00a0<\/td>\n<\/tr>\n<tr>\n<td>snautseri, pippuri &amp; suola<\/td>\n<td>5<\/td>\n<td>\u00a0<\/td>\n<\/tr>\n<tr>\n<td>suursnautseri, musta<\/td>\n<td>2<\/td>\n<td>\u00a0<\/td>\n<\/tr>\n<tr>\n<td>suursnautseri, pippuri &amp; suola<\/td>\n<td>1<\/td>\n<td>\u00a0<\/td>\n<\/tr>\n<tr>\n<td>\u00a0<\/td>\n<td>\u00a0<\/td>\n<td>\u00a0<\/td>\n<\/tr>\n<tr>\n<td><strong>KEH\u00c4 2<\/strong><\/td>\n<td>\u00a0<\/td>\n<td>\u00a0<\/td>\n<\/tr>\n<tr>\n<td><strong>Johan Juslin<\/strong><\/td>\n<td><strong>90<\/strong><\/td>\n<td>\u00a0<\/td>\n<\/tr>\n<tr>\n<td width=\"337\"><em>Harjoitusarvostelija: Nyg\u00e5rd Marjo, pyreneittenmastiffi, coton de tul\u00e9ar, havannankoira, lhasa apso, maltankoira<\/em><\/td>\n<td width=\"30\">\u00a0<\/td>\n<td width=\"64\">\u00a0<\/td>\n<\/tr>\n<tr>\n<td>berninpaimenkoira<\/td>\n<td>14<\/td>\n<td>09.30<\/td>\n<\/tr>\n<tr>\n<td>broholminkoira<\/td>\n<td>6<\/td>\n<td>\u00a0<\/td>\n<\/tr>\n<tr>\n<td>newfoundlandinkoira<\/td>\n<td>8<\/td>\n<td>\u00a0<\/td>\n<\/tr>\n<tr>\n<td>pyreneittenmastiffi<\/td>\n<td>1<\/td>\n<td>\u00a0<\/td>\n<\/tr>\n<tr>\n<td>coton de tul\u00e9ar<\/td>\n<td>16<\/td>\n<td>11.00<\/td>\n<\/tr>\n<tr>\n<td>havannankoira<\/td>\n<td>9<\/td>\n<td>\u00a0<\/td>\n<\/tr>\n<tr>\n<td>lhasa apso<\/td>\n<td>7<\/td>\n<td>\u00a0<\/td>\n<\/tr>\n<tr>\n<td>maltankoira<\/td>\n<td>1<\/td>\n<td>\u00a0<\/td>\n<\/tr>\n<tr>\n<td>cavalier kingcharlesinspanieli<\/td>\n<td>5<\/td>\n<td>\u00a0<\/td>\n<\/tr>\n<tr>\n<td>mopsi<\/td>\n<td>2<\/td>\n<td>\u00a0<\/td>\n<\/tr>\n<tr>\n<td>prahanrottakoira<\/td>\n<td>1<\/td>\n<td>\u00a0<\/td>\n<\/tr>\n<tr>\n<td>saksanpystykorva, pomeranian<\/td>\n<td>12<\/td>\n<td>\u00a0<\/td>\n<\/tr>\n<tr>\n<td>saksanpystykorva, keeshond<\/td>\n<td>8<\/td>\n<td>\u00a0<\/td>\n<\/tr>\n<tr>\n<td>\u00a0<\/td>\n<td>\u00a0<\/td>\n<td>\u00a0<\/td>\n<\/tr>\n<tr>\n<td><strong>KEH\u00c4 3<\/strong><\/td>\n<td>\u00a0<\/td>\n<td>\u00a0<\/td>\n<\/tr>\n<tr>\n<td><strong>Karin Bergbom<\/strong><\/td>\n<td><strong>86<\/strong><\/td>\n<td>\u00a0<\/td>\n<\/tr>\n<tr>\n<td>markiesje<\/td>\n<td>2<\/td>\n<td>09.30<\/td>\n<\/tr>\n<tr>\n<td><em>Villakoirien mittaus<\/em><\/td>\n<td>\u00a0<\/td>\n<td><em>09.40<\/em><\/td>\n<\/tr>\n<tr>\n<td>villakoira, toy, musta, ruskea ja valkoinen<\/td>\n<td>8<\/td>\n<td>\u00a0<\/td>\n<\/tr>\n<tr>\n<td>villakoira, toy, harmaa, aprikoosi ja punainen<\/td>\n<td>1<\/td>\n<td>\u00a0<\/td>\n<\/tr>\n<tr>\n<td>villakoira, k\u00e4\u00e4pi\u00f6, musta, ruskea ja valkoinen<\/td>\n<td>11<\/td>\n<td>\u00a0<\/td>\n<\/tr>\n<tr>\n<td>villakoira, k\u00e4\u00e4pi\u00f6, harmaa, aprikoosi ja punainen<\/td>\n<td>5<\/td>\n<td>\u00a0<\/td>\n<\/tr>\n<tr>\n<td>villakoira, keskikokoinen, musta, ruskea ja valkoinen<\/td>\n<td>4<\/td>\n<td>\u00a0<\/td>\n<\/tr>\n<tr>\n<td>villakoira, keskikokoinen, harmaa, aprikoosi ja punainen<\/td>\n<td>8<\/td>\n<td>\u00a0<\/td>\n<\/tr>\n<tr>\n<td>villakoira, iso, musta, ruskea ja valkoinen<\/td>\n<td>8<\/td>\n<td>\u00a0<\/td>\n<\/tr>\n<tr>\n<td>villakoira, iso, harmaa, aprikoosi ja punainen<\/td>\n<td>5<\/td>\n<td>\u00a0<\/td>\n<\/tr>\n<tr>\n<td>chihuahua, lyhytkarvainen<\/td>\n<td>5<\/td>\n<td>12.30<\/td>\n<\/tr>\n<tr>\n<td>chihuahua, pitk\u00e4karvainen<\/td>\n<td>29<\/td>\n<td>\u00a0<\/td>\n<\/tr>\n<tr>\n<td>\u00a0<\/td>\n<td>\u00a0<\/td>\n<td>\u00a0<\/td>\n<\/tr>\n<tr>\n<td><strong>KEH\u00c4 4<\/strong><\/td>\n<td>\u00a0<\/td>\n<td>\u00a0<\/td>\n<\/tr>\n<tr>\n<td><strong>Tarja L\u00f6fman<\/strong><\/td>\n<td><strong>90<\/strong><\/td>\n<td>\u00a0<\/td>\n<\/tr>\n<tr>\n<td>suomenlapinkoira<\/td>\n<td>22<\/td>\n<td>09.00<\/td>\n<\/tr>\n<tr>\n<td>ruotsinlapinkoira<\/td>\n<td>2<\/td>\n<td>\u00a0<\/td>\n<\/tr>\n<tr>\n<td>pohjanpystykorva<\/td>\n<td>4<\/td>\n<td>\u00a0<\/td>\n<\/tr>\n<tr>\n<td>islanninlammaskoira<\/td>\n<td>2<\/td>\n<td>\u00a0<\/td>\n<\/tr>\n<tr>\n<td>samojedinkoira<\/td>\n<td>19<\/td>\n<td>\u00a0<\/td>\n<\/tr>\n<tr>\n<td>kainkoira<\/td>\n<td>1<\/td>\n<td>\u00a0<\/td>\n<\/tr>\n<tr>\n<td>l\u00e4nsig\u00f6\u00f6tanmaanpystykorva<\/td>\n<td>11<\/td>\n<td>\u00a0<\/td>\n<\/tr>\n<tr>\n<td><em>Saksanpystykorvien mittaus<\/em><\/td>\n<td>\u00a0<\/td>\n<td><em>12.30<\/em><\/td>\n<\/tr>\n<tr>\n<td>saksanpystykorva, kleinspitz, musta ja ruskea<\/td>\n<td>5<\/td>\n<td>\u00a0<\/td>\n<\/tr>\n<tr>\n<td>saksanpystykorva, kleinspitz, muut v\u00e4rit<\/td>\n<td>10<\/td>\n<td>\u00a0<\/td>\n<\/tr>\n<tr>\n<td>saksanpystykorva, mittelspitz, musta ja ruskea<\/td>\n<td>4<\/td>\n<td>\u00a0<\/td>\n<\/tr>\n<tr>\n<td>saksanpystykorva, mittelspitz, muut v\u00e4rit<\/td>\n<td>8<\/td>\n<td>\u00a0<\/td>\n<\/tr>\n<tr>\n<td>saksanpystykorva, mittelspitz, valkoinen<\/td>\n<td>2<\/td>\n<td>\u00a0<\/td>\n<\/tr>\n<tr>\n<td>\u00a0<\/td>\n<td>\u00a0<\/td>\n<td>\u00a0<\/td>\n<\/tr>\n<tr>\n<td><strong>KEH\u00c4<\/strong> <strong>5<\/strong><\/td>\n<td>\u00a0<\/td>\n<td>\u00a0<\/td>\n<\/tr>\n<tr>\n<td><strong>Hilkka Salohalla<\/strong><\/td>\n<td><strong>83<\/strong><\/td>\n<td>\u00a0<\/td>\n<\/tr>\n<tr>\n<td>* k\u00e4\u00e4pi\u00f6pinseri<\/td>\n<td>6<\/td>\n<td>09.30<\/td>\n<\/tr>\n<tr>\n<td>* ven\u00e4j\u00e4nmustaterrieri<\/td>\n<td>4<\/td>\n<td>\u00a0<\/td>\n<\/tr>\n<tr>\n<td>* ranskanbulldoggi<\/td>\n<td>6<\/td>\n<td>\u00a0<\/td>\n<\/tr>\n<tr>\n<td>* kiinanharjakoira<\/td>\n<td>13<\/td>\n<td>\u00a0<\/td>\n<\/tr>\n<tr>\n<td>* papillon<\/td>\n<td>12<\/td>\n<td>11.00<\/td>\n<\/tr>\n<tr>\n<td>* tiibetinspanieli<\/td>\n<td>24<\/td>\n<td>\u00a0<\/td>\n<\/tr>\n<tr>\n<td>* tiibetinterrieri<\/td>\n<td>12<\/td>\n<td>\u00a0<\/td>\n<\/tr>\n<tr>\n<td>* japaninpystykorva<\/td>\n<td>3<\/td>\n<td>\u00a0<\/td>\n<\/tr>\n<tr>\n<td>* faaraokoira<\/td>\n<td>2<\/td>\n<td>\u00a0<\/td>\n<\/tr>\n<tr>\n<td>* ibizanpodenco, lyhytkarvainen<\/td>\n<td>1<\/td>\n<td>\u00a0<\/td>\n<\/tr>\n<tr>\n<td>\u00a0<\/td>\n<td>\u00a0<\/td>\n<td>\u00a0<\/td>\n<\/tr>\n<tr>\n<td><strong>KEH\u00c4 6<\/strong><\/td>\n<td>\u00a0<\/td>\n<td>\u00a0<\/td>\n<\/tr>\n<tr>\n<td><strong>Maija M\u00e4kinen<\/strong><\/td>\n<td><strong>88<\/strong><\/td>\n<td>\u00a0<\/td>\n<\/tr>\n<tr>\n<td>* bostoninterrieri<\/td>\n<td>4<\/td>\n<td>09.30<\/td>\n<\/tr>\n<tr>\n<td>* griffon bruxellois<\/td>\n<td>4<\/td>\n<td>\u00a0<\/td>\n<\/tr>\n<tr>\n<td>* japanese chin<\/td>\n<td>4<\/td>\n<td>\u00a0<\/td>\n<\/tr>\n<tr>\n<td>* bichon fris\u00e9<\/td>\n<td>8<\/td>\n<td>\u00a0<\/td>\n<\/tr>\n<tr>\n<td>* kiinanpalatsikoira, pekingeesi<\/td>\n<td>1<\/td>\n<td>\u00a0<\/td>\n<\/tr>\n<tr>\n<td>* shih tzu<\/td>\n<td>7<\/td>\n<td>\u00a0<\/td>\n<\/tr>\n<tr>\n<td>* bolognese<\/td>\n<td>3<\/td>\n<td>\u00a0<\/td>\n<\/tr>\n<tr>\n<td>* ven\u00e4j\u00e4nbolonka<\/td>\n<td>8<\/td>\n<td>\u00a0<\/td>\n<\/tr>\n<tr>\n<td>* ven\u00e4j\u00e4ntoy, pitk\u00e4karvainen<\/td>\n<td>2<\/td>\n<td>11.45<\/td>\n<\/tr>\n<tr>\n<td>* tiibetinmastiffi<\/td>\n<td>1<\/td>\n<td>\u00a0<\/td>\n<\/tr>\n<tr>\n<td>* cane corso<\/td>\n<td>5<\/td>\n<td>\u00a0<\/td>\n<\/tr>\n<tr>\n<td>* bokseri<\/td>\n<td>1<\/td>\n<td>\u00a0<\/td>\n<\/tr>\n<tr>\n<td>* shar pei<\/td>\n<td>2<\/td>\n<td>\u00a0<\/td>\n<\/tr>\n<tr>\n<td>* basenji<\/td>\n<td>7<\/td>\n<td>\u00a0<\/td>\n<\/tr>\n<tr>\n<td>* gr\u00f6nlanninkoira<\/td>\n<td>1<\/td>\n<td>\u00a0<\/td>\n<\/tr>\n<tr>\n<td>* karjalankarhukoira<\/td>\n<td>4<\/td>\n<td>\u00a0<\/td>\n<\/tr>\n<tr>\n<td>* suomenpystykorva<\/td>\n<td>1<\/td>\n<td>\u00a0<\/td>\n<\/tr>\n<tr>\n<td>* j\u00e4mtlanninpystykorva<\/td>\n<td>10<\/td>\n<td>\u00a0<\/td>\n<\/tr>\n<tr>\n<td>* harmaa norjanhirvikoira<\/td>\n<td>15<\/td>\n<td>\u00a0<\/td>\n<\/tr>\n<tr>\n<td>\u00a0<\/td>\n<td>\u00a0<\/td>\n<td>\u00a0<\/td>\n<\/tr>\n<tr>\n<td><strong>KEH\u00c4 7<\/strong><\/td>\n<td>\u00a0<\/td>\n<td>\u00a0<\/td>\n<\/tr>\n<tr>\n<td><strong>Olli Kokkonen<\/strong><\/td>\n<td><strong>80<\/strong><\/td>\n<td>\u00a0<\/td>\n<\/tr>\n<tr>\n<td>bernhardinkoira, lyhytkarvainen<\/td>\n<td>4<\/td>\n<td>10.00<\/td>\n<\/tr>\n<tr>\n<td>bernhardinkoira, pitk\u00e4karvainen<\/td>\n<td>1<\/td>\n<td>\u00a0<\/td>\n<\/tr>\n<tr>\n<td>leonberginkoira<\/td>\n<td>7<\/td>\n<td>\u00a0<\/td>\n<\/tr>\n<tr>\n<td>landseer<\/td>\n<td>13<\/td>\n<td>\u00a0<\/td>\n<\/tr>\n<tr>\n<td>hovawart<\/td>\n<td>11<\/td>\n<td>\u00a0<\/td>\n<\/tr>\n<tr>\n<td>estrelanvuoristokoira, pitk\u00e4karvainen<\/td>\n<td>2<\/td>\n<td>12.00<\/td>\n<\/tr>\n<tr>\n<td>sarplaninac<\/td>\n<td>1<\/td>\n<td>\u00a0<\/td>\n<\/tr>\n<tr>\n<td>tornjak<\/td>\n<td>1<\/td>\n<td>\u00a0<\/td>\n<\/tr>\n<tr>\n<td>tosa<\/td>\n<td>1<\/td>\n<td>\u00a0<\/td>\n<\/tr>\n<tr>\n<td>bullmastiffi<\/td>\n<td>3<\/td>\n<td>\u00a0<\/td>\n<\/tr>\n<tr>\n<td>rottweiler<\/td>\n<td>11<\/td>\n<td>\u00a0<\/td>\n<\/tr>\n<tr>\n<td>tanskalais-ruotsalainen pihakoira<\/td>\n<td>1<\/td>\n<td>\u00a0<\/td>\n<\/tr>\n<tr>\n<td>tanskandoggi, keltainen ja tiikerijuovainen<\/td>\n<td>17<\/td>\n<td>\u00a0<\/td>\n<\/tr>\n<tr>\n<td>tanskandoggi, musta ja harlekiini<\/td>\n<td>6<\/td>\n<td>\u00a0<\/td>\n<\/tr>\n<tr>\n<td>tanskandoggi, sininen<\/td>\n<td>1<\/td>\n<td>\u00a0<\/td>\n<\/tr>\n<tr>\n<td>\u00a0<\/td>\n<td>\u00a0<\/td>\n<td>\u00a0<\/td>\n<\/tr>\n<tr>\n<td><strong>KEH\u00c4 8<\/strong><\/td>\n<td>\u00a0<\/td>\n<td>\u00a0<\/td>\n<\/tr>\n<tr>\n<td><strong>Perttu St\u00e5hlberg<\/strong><\/td>\n<td><strong>85<\/strong><\/td>\n<td>\u00a0<\/td>\n<\/tr>\n<tr>\n<td width=\"337\"><em>Harjoitusarvostelija: Hassinen Maarit, bretoni, italianseisoja, weimarinseisoja, lyhytkarvainen, karkeakarvainen saksanseisoja, lyhytkarvainen saksanseisoja, lyhytkarvainen unkarinvizsla, punainen irlanninsetteri, gordoninsetteri, stabijhoun<\/em><\/td>\n<td width=\"30\">\u00a0<\/td>\n<td width=\"64\">\u00a0<\/td>\n<\/tr>\n<tr>\n<td>* alaskanmalamuutti<\/td>\n<td>3<\/td>\n<td>09.30<\/td>\n<\/tr>\n<tr>\n<td>* amerikanakita<\/td>\n<td>6<\/td>\n<td>\u00a0<\/td>\n<\/tr>\n<tr>\n<td>* akita<\/td>\n<td>3<\/td>\n<td>\u00a0<\/td>\n<\/tr>\n<tr>\n<td>* chow chow<\/td>\n<td>4<\/td>\n<td>\u00a0<\/td>\n<\/tr>\n<tr>\n<td>* eurasier<\/td>\n<td>5<\/td>\n<td>\u00a0<\/td>\n<\/tr>\n<tr>\n<td>* meksikonkarvatonkoira, iso<\/td>\n<td>1<\/td>\n<td>\u00a0<\/td>\n<\/tr>\n<tr>\n<td>* portugalinpodengo, sile\u00e4karvainen, pieni<\/td>\n<td>2<\/td>\n<td>\u00a0<\/td>\n<\/tr>\n<tr>\n<td>* thai ridgeback<\/td>\n<td>1<\/td>\n<td>\u00a0<\/td>\n<\/tr>\n<tr>\n<td>* l\u00f6wchen<\/td>\n<td>5<\/td>\n<td>\u00a0<\/td>\n<\/tr>\n<tr>\n<td>bretoni<\/td>\n<td>1<\/td>\n<td>11.00<\/td>\n<\/tr>\n<tr>\n<td>italianseisoja<\/td>\n<td>2<\/td>\n<td>\u00a0<\/td>\n<\/tr>\n<tr>\n<td>weimarinseisoja, lyhytkarvainen<\/td>\n<td>2<\/td>\n<td>\u00a0<\/td>\n<\/tr>\n<tr>\n<td>karkeakarvainen saksanseisoja<\/td>\n<td>14<\/td>\n<td>\u00a0<\/td>\n<\/tr>\n<tr>\n<td>lyhytkarvainen saksanseisoja<\/td>\n<td>13<\/td>\n<td>\u00a0<\/td>\n<\/tr>\n<tr>\n<td>lyhytkarvainen unkarinvizsla<\/td>\n<td>1<\/td>\n<td>\u00a0<\/td>\n<\/tr>\n<tr>\n<td>punainen irlanninsetteri<\/td>\n<td>12<\/td>\n<td>\u00a0<\/td>\n<\/tr>\n<tr>\n<td>gordoninsetteri<\/td>\n<td>4<\/td>\n<td>\u00a0<\/td>\n<\/tr>\n<tr>\n<td>stabijhoun<\/td>\n<td>6<\/td>\n<td>\u00a0<\/td>\n<\/tr>\n<\/tbody>\n<\/table>\n\n\n<hr class=\"wp-block-separator has-text-color has-alpha-channel-opacity has-background\" style=\"background-color:#ececec;color:#ececec\"\/>\n\n\n<div class=\"wp-block-image\">\n<figure class=\"aligncenter size-full\"><a href=\"https:\/\/jahtivahti.fi\/\"><img loading=\"lazy\" decoding=\"async\" width=\"736\" height=\"256\" src=\"https:\/\/www.showlink.fi\/shows\/hameenlinnarn2025edit\/wp-content\/uploads\/sites\/86\/2025\/01\/yhttyobanneri2024_vaaka.jpg\" alt=\"\" class=\"wp-image-481\"\/><\/a><\/figure>\n<\/div>","protected":false},"excerpt":{"rendered":"<p>Iloksemme n\u00e4yttelyyn on ilmoitettu yhteens\u00e4 684 koiraa. N\u00e4yttelytoimikunta on joutunut tekem\u00e4\u00e4n joitakin tuomarin muutoksia. Tarkemmat ohjeet mahdollisista maksunpalautuksista ja n\u00e4yttelyp\u00e4iv\u00e4n kulusta l\u00f6ytyv\u00e4t aikataulukirjeest\u00e4. Tutustuthan tarkasti aikatauluun ja -kirjeeseen. * = Tuomarimuutos, oikeuttaa maksunpalautukseen. Aikataulukirje julkaistaan viimeist\u00e4\u00e4n viikko ennen n\u00e4yttely\u00e4. N\u00e4yttelykutsut tullaan l\u00e4hett\u00e4m\u00e4\u00e4n vain s\u00e4hk\u00f6isesti.Aikataulukirjeit\u00e4 ja numerolappuja ei l\u00e4hetet\u00e4 postitse. Aikataulut on julkaistu 17.6.2025. KEH\u00c4 1 <a href=\"https:\/\/www.showlink.fi\/shows\/hameenlinnarn2025\/aikataulut\/\" class=\"more-link\">...jatka lukemista<span class=\"screen-reader-text\"> \"Aikataulut &#8211; Lauantai\"<\/span><\/a><\/p>\n","protected":false},"author":1,"featured_media":0,"parent":0,"menu_order":4,"comment_status":"closed","ping_status":"closed","template":"","meta":{"footnotes":""},"class_list":["post-12","page","type-page","status-publish","h-entry","hentry","h-as-page"],"_links":{"self":[{"href":"https:\/\/www.showlink.fi\/shows\/hameenlinnarn2025\/wp-json\/wp\/v2\/pages\/12","targetHints":{"allow":["GET"]}}],"collection":[{"href":"https:\/\/www.showlink.fi\/shows\/hameenlinnarn2025\/wp-json\/wp\/v2\/pages"}],"about":[{"href":"https:\/\/www.showlink.fi\/shows\/hameenlinnarn2025\/wp-json\/wp\/v2\/types\/page"}],"author":[{"embeddable":true,"href":"https:\/\/www.showlink.fi\/shows\/hameenlinnarn2025\/wp-json\/wp\/v2\/users\/1"}],"replies":[{"embeddable":true,"href":"https:\/\/www.showlink.fi\/shows\/hameenlinnarn2025\/wp-json\/wp\/v2\/comments?post=12"}],"version-history":[{"count":22,"href":"https:\/\/www.showlink.fi\/shows\/hameenlinnarn2025\/wp-json\/wp\/v2\/pages\/12\/revisions"}],"predecessor-version":[{"id":523,"href":"https:\/\/www.showlink.fi\/shows\/hameenlinnarn2025\/wp-json\/wp\/v2\/pages\/12\/revisions\/523"}],"wp:attachment":[{"href":"https:\/\/www.showlink.fi\/shows\/hameenlinnarn2025\/wp-json\/wp\/v2\/media?parent=12"}],"curies":[{"name":"wp","href":"https:\/\/api.w.org\/{rel}","templated":true}]}}