{"id":266,"date":"2023-01-26T08:56:47","date_gmt":"2023-01-26T06:56:47","guid":{"rendered":"https:\/\/www.showlink.fi\/shows\/hameenlinnarn2023luonnos\/?page_id=266"},"modified":"2025-06-26T17:47:37","modified_gmt":"2025-06-26T14:47:37","slug":"tietoa-tapahtumasta","status":"publish","type":"page","link":"https:\/\/www.showlink.fi\/shows\/hameenlinnarn2025\/tietoa-tapahtumasta\/","title":{"rendered":"Tietoa tapahtumasta"},"content":{"rendered":"\n<h4 class=\"wp-block-heading\"><mark style=\"background-color:rgba(0, 0, 0, 0);color:#b8a89b\" class=\"has-inline-color\">Saapuminen<\/mark><\/h4>\n\n\n\n<p>N\u00e4yttely on avoinna klo 8.00 \u2013 18.00. Ryhm\u00e4kilpailut alkavat noin klo 15.30.<\/p>\n\n\n\n<p>Tapahtumaan ei ole sis\u00e4\u00e4np\u00e4\u00e4symaksua. Turistikoiria koskevat samat vaatimukset, kuin n\u00e4yttelyyn ilmoitettuja koiria, ajan tasalla olevine rokotuksineen.<\/p>\n\n\n\n<p>Tapahtumassa noudatetaan viranomaisten sek\u00e4 Kennelliiton m\u00e4\u00e4r\u00e4yksi\u00e4, ohjeita ja linjauksia yleis\u00f6tapahtumissa.<\/p>\n\n\n\n<h4 class=\"wp-block-heading\"><mark style=\"background-color:rgba(0, 0, 0, 0);color:#b8a89b\" class=\"has-inline-color\">Luettelo ja tulokset<\/mark><\/h4>\n\n\n\n<p>N\u00e4yttelyss\u00e4 on k\u00e4yt\u00f6ss\u00e4 online-tulostallennus ja kaikissa kehiss\u00e4 on s\u00e4hk\u00f6iset arvostelut. Linkit tulossivustolle l\u00f6yd\u00e4t Tulokset-v\u00e4lilehdelt\u00e4. <\/p>\n\n\n\n<p>N\u00e4yttelyluettelon voi ostaa Showlink-mobiilisovelluksen kautta. Ilmainen sovellus on ostettavissa App Store- ja Google Play-sovelluskaupoista. Luettelon voi sovelluksessa tilata ja maksaa noin viikko ennen n\u00e4yttely\u00e4, mutta luettelon sis\u00e4lt\u00f6 julkaistaan n\u00e4yttelyp\u00e4iv\u00e4n aamuna kello 6:00. N\u00e4yttelyss\u00e4 ei ole painettua luetteloa.<\/p>\n\n\n\n<h4 class=\"wp-block-heading\"><mark style=\"background-color:rgba(0, 0, 0, 0);color:#b8a89b\" class=\"has-inline-color\">Pankkiautomaatti<\/mark><\/h4>\n\n\n\n<p>Alueella ei ole pankkiautomaattia, joten varaa my\u00f6s k\u00e4teist\u00e4 mukaan.<\/p>\n\n\n\n<h4 class=\"wp-block-heading\"><mark style=\"background-color:rgba(0, 0, 0, 0);color:#b8a89b\" class=\"has-inline-color\">Pys\u00e4k\u00f6inti<\/mark><\/h4>\n\n\n\n<p>Pys\u00e4k\u00f6intimaksu<strong> 5 euroa<\/strong><br>Varaa tasaraha, my\u00f6s MobilePay ja pankkikortti k\u00e4y.<\/p>\n\n\n\n<p>Voit maksaa pys\u00e4k\u00f6innin Mobilepaylla skannaamalla alla olevan QR-koodin.<\/p>\n\n\n\n<figure class=\"wp-block-image size-full is-resized\"><img loading=\"lazy\" decoding=\"async\" width=\"584\" height=\"585\" src=\"https:\/\/www.showlink.fi\/shows\/hameenlinnarn2025\/wp-content\/uploads\/sites\/86\/2025\/06\/QR.jpg\" alt=\"\" class=\"wp-image-528\" style=\"width:281px;height:auto\"\/><\/figure>\n\n\n\n<p>Noudata liikenteenohjaajien ohjeita pys\u00e4k\u00f6innist\u00e4. Alueella on yksisuuntainen liikenne.<\/p>\n\n\n\n<p>Asuntoautoille ja -vaunuille EI y\u00f6pymist\u00e4 alueella.<\/p>\n\n\n\n<h4 class=\"wp-block-heading\"><mark style=\"background-color:rgba(0, 0, 0, 0);color:#b8a89b\" class=\"has-inline-color\">Ravintolapalvelut<\/mark><\/h4>\n\n\n\n<p>Alueella sijaitsee kahvio, josta saa pient\u00e4 purtavaa ja kahvia. Maksut k\u00e4teisell\u00e4 tai MobilePay.&nbsp;<\/p>\n\n\n\n<h4 class=\"wp-block-heading\"><mark style=\"background-color:rgba(0, 0, 0, 0);color:#b8a89b\" class=\"has-inline-color\">Majoitus<\/mark><\/h4>\n\n\n\n<p>Villa Mainiemess\u00e4 on saatavilla my\u00f6s majoitusta.<\/p>\n\n\n\n<h4 class=\"wp-block-heading\"><mark style=\"background-color:rgba(0, 0, 0, 0);color:#b8a89b\" class=\"has-inline-color\">Sijainti \/ n\u00e4yttelypaikan osoite<\/mark><\/h4>\n\n\n\n<p>N\u00e4yttelypaikka: <strong>Villa Mainiemi <\/strong><br>Osoite: <strong>Mainiementie, 16900 Lammi<\/strong><br>Koordinaatit: <strong>61.108000 ja 24.992800<\/strong><\/p>\n\n\n\n<hr class=\"wp-block-separator has-text-color has-white-color has-alpha-channel-opacity has-white-background-color has-background\"\/>\n\n\n<div class=\"wp-block-image\">\n<figure class=\"aligncenter size-full\"><img loading=\"lazy\" decoding=\"async\" width=\"671\" height=\"500\" src=\"https:\/\/www.showlink.fi\/shows\/hameenlinnarn2025edit\/wp-content\/uploads\/sites\/86\/2024\/12\/image.png\" alt=\"T\u00e4m\u00e4n kuvan alt-attribuutti on tyhj\u00e4; Tiedoston nimi on lahestymiskartta-1.png\" class=\"wp-image-418\"\/><\/figure>\n<\/div>\n\n\n<hr class=\"wp-block-separator has-text-color has-white-color has-alpha-channel-opacity has-white-background-color has-background\"\/>\n\n\n\n<hr class=\"wp-block-separator has-text-color has-alpha-channel-opacity has-background\" style=\"background-color:#ececec;color:#ececec\"\/>\n\n\n<div class=\"wp-block-image\">\n<figure class=\"aligncenter size-full\"><a href=\"https:\/\/jahtivahti.fi\/\"><img loading=\"lazy\" decoding=\"async\" width=\"736\" height=\"256\" src=\"https:\/\/www.showlink.fi\/shows\/hameenlinnarn2025edit\/wp-content\/uploads\/sites\/86\/2025\/01\/yhttyobanneri2024_vaaka.jpg\" alt=\"\" class=\"wp-image-481\"\/><\/a><\/figure>\n<\/div>","protected":false},"excerpt":{"rendered":"<p>Saapuminen N\u00e4yttely on avoinna klo 8.00 \u2013 18.00. Ryhm\u00e4kilpailut alkavat noin klo 15.30. Tapahtumaan ei ole sis\u00e4\u00e4np\u00e4\u00e4symaksua. Turistikoiria koskevat samat vaatimukset, kuin n\u00e4yttelyyn ilmoitettuja koiria, ajan tasalla olevine rokotuksineen. Tapahtumassa noudatetaan viranomaisten sek\u00e4 Kennelliiton m\u00e4\u00e4r\u00e4yksi\u00e4, ohjeita ja linjauksia yleis\u00f6tapahtumissa. Luettelo ja tulokset N\u00e4yttelyss\u00e4 on k\u00e4yt\u00f6ss\u00e4 online-tulostallennus ja kaikissa kehiss\u00e4 on s\u00e4hk\u00f6iset arvostelut. Linkit tulossivustolle l\u00f6yd\u00e4t <a href=\"https:\/\/www.showlink.fi\/shows\/hameenlinnarn2025\/tietoa-tapahtumasta\/\" class=\"more-link\">...jatka lukemista<span class=\"screen-reader-text\"> \"Tietoa tapahtumasta\"<\/span><\/a><\/p>\n","protected":false},"author":1,"featured_media":0,"parent":0,"menu_order":0,"comment_status":"closed","ping_status":"closed","template":"","meta":{"footnotes":""},"class_list":["post-266","page","type-page","status-publish","h-entry","hentry","h-as-page"],"_links":{"self":[{"href":"https:\/\/www.showlink.fi\/shows\/hameenlinnarn2025\/wp-json\/wp\/v2\/pages\/266","targetHints":{"allow":["GET"]}}],"collection":[{"href":"https:\/\/www.showlink.fi\/shows\/hameenlinnarn2025\/wp-json\/wp\/v2\/pages"}],"about":[{"href":"https:\/\/www.showlink.fi\/shows\/hameenlinnarn2025\/wp-json\/wp\/v2\/types\/page"}],"author":[{"embeddable":true,"href":"https:\/\/www.showlink.fi\/shows\/hameenlinnarn2025\/wp-json\/wp\/v2\/users\/1"}],"replies":[{"embeddable":true,"href":"https:\/\/www.showlink.fi\/shows\/hameenlinnarn2025\/wp-json\/wp\/v2\/comments?post=266"}],"version-history":[{"count":26,"href":"https:\/\/www.showlink.fi\/shows\/hameenlinnarn2025\/wp-json\/wp\/v2\/pages\/266\/revisions"}],"predecessor-version":[{"id":530,"href":"https:\/\/www.showlink.fi\/shows\/hameenlinnarn2025\/wp-json\/wp\/v2\/pages\/266\/revisions\/530"}],"wp:attachment":[{"href":"https:\/\/www.showlink.fi\/shows\/hameenlinnarn2025\/wp-json\/wp\/v2\/media?parent=266"}],"curies":[{"name":"wp","href":"https:\/\/api.w.org\/{rel}","templated":true}]}}