{"id":8,"date":"2018-10-02T13:01:59","date_gmt":"2018-10-02T10:01:59","guid":{"rendered":"http:\/\/www.showlink.fi\/shows\/hameenlinnarn2019\/?page_id=8"},"modified":"2025-01-27T10:02:25","modified_gmt":"2025-01-27T08:02:25","slug":"tuomarit","status":"publish","type":"page","link":"https:\/\/www.showlink.fi\/shows\/hameenlinnarn2025\/tuomarit\/","title":{"rendered":"Tuomarit &#8211; Sunnuntai"},"content":{"rendered":"\n<h4 class=\"wp-block-heading\"><mark style=\"background-color:rgba(0, 0, 0, 0);color:#b8a89b\" class=\"has-inline-color\"><em>Sunnuntaina 29.6.2025 arvostellaan rodut ryhmist\u00e4 FCI 1, 3, 4 &amp; 8, my\u00f6s pennut<\/em><\/mark><\/h4>\n\n\n\n<p><strong><mark style=\"background-color:rgba(0, 0, 0, 0);color:#b8a89b\" class=\"has-inline-color\">Ryhm\u00e4 1<\/mark><\/strong><br><em>Varalla kaikille ryhm\u00e4 1 roduille <strong>Tarja L\u00f6fman<\/strong><\/em><br>australian t\u00f6p\u00f6h\u00e4nt\u00e4inen karjakoira, australiankarjakoira, beaucenpaimenkoira, bouvier, brienpaimenkoira, etel\u00e4ven\u00e4j\u00e4nkoira, karpaattienkoira, katalonianpaimenkoira, komondor, kuvasz, mallorcanpaimenkoira, maremmano-abruzzese, mudi, owczarek podhalanski, partacollie, pulit, pumi, pyreneittenpaimenkoirat, slovakiancuvac <strong>Irina Poletaeva<\/strong><br>lancashirenkarjakoira, schipperke <strong>Johan Juslin<\/strong><br>belgianpaimenkoirat, bergamonpaimenkoira, ceskoslovensky vlciak, hollanninpaimenkoirat, it\u00e4euroopanpaimenkoira, kroatianpaimenkoira, medimurjenkoira, picardienpaimenkoira, pitk\u00e4karvainen collie, romanianpaimenkoira, saarlooswolfhond, saksanpaimenkoirat, serra de airesinpaimenkoira, sile\u00e4karvainen collie, tsekinpaimenkoira, valkoinenpaimenkoira <strong>Olli Kokkonen<\/strong><br>ardennienkarjakoira, australiankelpie, australianpaimenkoira, bordercollie, pieniamerikanpaimenkoira, polski owczarek nizinny, schapendoes, shetlanninlammaskoira, vanhaenglanninlammaskoira, welsh corgit <strong>Tarja L\u00f6fman<\/strong><br><br><strong><mark style=\"background-color:rgba(0, 0, 0, 0);color:#b8a89b\" class=\"has-inline-color\">Ryhm\u00e4 3<\/mark><\/strong><br><em>Varalla kaikille ryhm\u00e4 3 roduille <strong>Karin Bergbom<\/strong><\/em><br>amerikankarvatonterrieri, amerikank\u00e4\u00e4pi\u00f6kettuterrieri, amerikanrottaterrieri, andalusianrottakoira, bedlingtoninterrieri, dandiedinmontinterrieri, englannink\u00e4\u00e4pi\u00f6terrieri, glen of imaalinterrieri, manchesterinterrieri, skyenterrieri, tenterfieldinterrieri, valencianrottaterrieri <strong>Irina Poletaeva<\/strong><br>airedalenterrieri, amerikanstaffordshirenterrieri, borderterrieri, bullterrieri, cairnterrieri, irlanninterrieri, jackrussellinterrieri, karkeakarvainen kettuterrieri, kerrynterrieri, k\u00e4\u00e4pi\u00f6bullterrieri, lakelandinterrieri, norfolkinterrieri, norwichinterrieri, parsonrussellinterrieri, saksanmets\u00e4stysterrieri, sile\u00e4karvainen kettuterrieri, silkkiterrieri, staffordshirenbullterrieri, walesinterrieri, valkoinen l\u00e4nsiyl\u00e4maanterrieri, vehn\u00e4terrieri <strong>Johan Juslin<\/strong><br>australianterrieri, biewerterrieri, brasilianterrieri, ceskyterrieri, japaninterrieri, sealyhaminterrieri, skotlanninterrieri, yorkshirenterrieri <strong>Perttu St\u00e5hlberg<\/strong><br><br><strong><mark style=\"background-color:rgba(0, 0, 0, 0);color:#b8a89b\" class=\"has-inline-color\">Ryhm\u00e4 4<\/mark><\/strong><br><em>Varalla kaikille ryhm\u00e4 4 roduille <strong>Irina Poletaeva<\/strong><\/em><br>kaikki rodut <strong>Karin Bergbom<\/strong><br><br><strong><mark style=\"background-color:rgba(0, 0, 0, 0);color:#b8a89b\" class=\"has-inline-color\">Ryhm\u00e4 8<\/mark><\/strong><br><em>Varalla kaikille ryhm\u00e4 8 roduille <strong>Johan Juslin<\/strong><\/em><br>labradorinnoutaja, novascotiannoutaja <strong>Irina Poletaeva<\/strong><br>amerikancockerspanieli, amerikanvesispanieli, barbet, clumberinspanieli, cockerspanieli, englanninspringerspanieli, espanjanvesikoira, fieldspanieli, friisinvesikoira, irlanninvesispanieli, lagotto romagnolo, portugalinvesikoira, puolanmets\u00e4stysspanieli, sussexinspanieli, walesinspringerspanieli, ven\u00e4j\u00e4nspanieli, viiri\u00e4iskoira <strong>Perttu St\u00e5hlberg<\/strong><br>chesapeakelahdennoutaja, kiharakarvainen noutaja, kooikerhondje, kultainennoutaja, sile\u00e4karvainen noutaja <strong>Tarja L\u00f6fman<\/strong><br><br><strong><mark style=\"background-color:rgba(0, 0, 0, 0);color:#b8a89b\" class=\"has-inline-color\">Ryhm\u00e4kilpailut<\/mark><\/strong><br>FCI 1<strong> Tarja L\u00f6fman<\/strong><br>FCI 3<strong> Johan Juslin<\/strong><br>FCI 4<strong> Karin Bergbom<\/strong><br>FCI 8<strong> Perttu St\u00e5hlberg<\/strong><br>Paras juniori <strong>Perttu St\u00e5hlberg<\/strong><br>Paras veteraani <strong>Irina Poletaeva<\/strong><br>Paras kasvattajaryhm\u00e4 <strong>Tarja L\u00f6fman<\/strong><br>Best in Show<strong> Johan Juslin<\/strong><\/p>\n\n\n\n<hr class=\"wp-block-separator has-text-color has-alpha-channel-opacity has-background\" style=\"background-color:#ececec;color:#ececec\"\/>\n\n\n<div class=\"wp-block-image\">\n<figure class=\"aligncenter size-full\"><a href=\"https:\/\/jahtivahti.fi\/\"><img loading=\"lazy\" decoding=\"async\" width=\"736\" height=\"256\" src=\"https:\/\/www.showlink.fi\/shows\/hameenlinnarn2025edit\/wp-content\/uploads\/sites\/86\/2025\/01\/yhttyobanneri2024_vaaka.jpg\" alt=\"\" class=\"wp-image-481\"\/><\/a><\/figure>\n<\/div>\n\n\n<p><strong><br><br><\/strong><\/p>\n","protected":false},"excerpt":{"rendered":"<p>Sunnuntaina 29.6.2025 arvostellaan rodut ryhmist\u00e4 FCI 1, 3, 4 &amp; 8, my\u00f6s pennut Ryhm\u00e4 1Varalla kaikille ryhm\u00e4 1 roduille Tarja L\u00f6fmanaustralian t\u00f6p\u00f6h\u00e4nt\u00e4inen karjakoira, australiankarjakoira, beaucenpaimenkoira, bouvier, brienpaimenkoira, etel\u00e4ven\u00e4j\u00e4nkoira, karpaattienkoira, katalonianpaimenkoira, komondor, kuvasz, mallorcanpaimenkoira, maremmano-abruzzese, mudi, owczarek podhalanski, partacollie, pulit, pumi, pyreneittenpaimenkoirat, slovakiancuvac Irina Poletaevalancashirenkarjakoira, schipperke Johan Juslinbelgianpaimenkoirat, bergamonpaimenkoira, ceskoslovensky vlciak, hollanninpaimenkoirat, it\u00e4euroopanpaimenkoira, kroatianpaimenkoira, medimurjenkoira, picardienpaimenkoira, <a href=\"https:\/\/www.showlink.fi\/shows\/hameenlinnarn2025\/tuomarit\/\" class=\"more-link\">...jatka lukemista<span class=\"screen-reader-text\"> \"Tuomarit &#8211; Sunnuntai\"<\/span><\/a><\/p>\n","protected":false},"author":1,"featured_media":0,"parent":0,"menu_order":2,"comment_status":"closed","ping_status":"closed","template":"","meta":{"footnotes":""},"class_list":["post-8","page","type-page","status-publish","h-entry","hentry","h-as-page"],"_links":{"self":[{"href":"https:\/\/www.showlink.fi\/shows\/hameenlinnarn2025\/wp-json\/wp\/v2\/pages\/8","targetHints":{"allow":["GET"]}}],"collection":[{"href":"https:\/\/www.showlink.fi\/shows\/hameenlinnarn2025\/wp-json\/wp\/v2\/pages"}],"about":[{"href":"https:\/\/www.showlink.fi\/shows\/hameenlinnarn2025\/wp-json\/wp\/v2\/types\/page"}],"author":[{"embeddable":true,"href":"https:\/\/www.showlink.fi\/shows\/hameenlinnarn2025\/wp-json\/wp\/v2\/users\/1"}],"replies":[{"embeddable":true,"href":"https:\/\/www.showlink.fi\/shows\/hameenlinnarn2025\/wp-json\/wp\/v2\/comments?post=8"}],"version-history":[{"count":20,"href":"https:\/\/www.showlink.fi\/shows\/hameenlinnarn2025\/wp-json\/wp\/v2\/pages\/8\/revisions"}],"predecessor-version":[{"id":487,"href":"https:\/\/www.showlink.fi\/shows\/hameenlinnarn2025\/wp-json\/wp\/v2\/pages\/8\/revisions\/487"}],"wp:attachment":[{"href":"https:\/\/www.showlink.fi\/shows\/hameenlinnarn2025\/wp-json\/wp\/v2\/media?parent=8"}],"curies":[{"name":"wp","href":"https:\/\/api.w.org\/{rel}","templated":true}]}}