{"id":10,"date":"2018-11-13T13:18:18","date_gmt":"2018-11-13T11:18:18","guid":{"rendered":"http:\/\/www.showlink.fi\/shows\/kangasniemikr2019m1\/?page_id=10"},"modified":"2026-02-18T14:39:58","modified_gmt":"2026-02-18T12:39:58","slug":"tuomarit","status":"publish","type":"page","link":"https:\/\/www.showlink.fi\/shows\/heinola2026kr\/tuomarit\/","title":{"rendered":"Tuomarit"},"content":{"rendered":"\n<hr class=\"wp-block-separator has-text-color has-alpha-channel-opacity has-background\" style=\"background-color:#f8f8f8;color:#f8f8f8\"\/>\n\n\n\n<p><strong>Ryhm\u00e4 1<\/strong><br>pitk\u00e4karvainen collie, sile\u00e4karvainen collie\u00a0<strong>Helina Simberg<\/strong>, Viro<br>welsh corgi cardigan, welsh corgi pembroke\u00a0<strong>Helle Bekker<\/strong>, Tanska<br>australian t\u00f6p\u00f6h\u00e4nt\u00e4inen karjakoira, australiankarjakoira, australiankelpie, australianpaimenkoira, bordercollie, partacollie, pulit, pumi, schapendoes, schipperke, serra de airesinpaimenkoira, slovakiancuvac, tsekinpaimenkoira, valkoinenpaimenkoira, vanhaenglanninlammaskoira\u00a0<strong>Kristel Ratnik-Soosaar<\/strong>, Viro<br>shetlanninlammaskoira\u00a0<strong>P\u00e4ivi Eerola<\/strong><br>abruzzese maremmano, ardennienkarjakoira, beaucenpaimenkoira \/ beauceron, belgianpaimenkoirat, bergamonpaimenkoira, bouvier, brienpaimenkoira \/ briardi, ceskoslovensky vlciak, etel\u00e4ven\u00e4j\u00e4nkoira, hollanninpaimenkoirat, it\u00e4euroopanpaimenkoira, karpaattienkoira, katalonianpaimenkoira, komondor, kroatianpaimenkoira, kuvasz, lancashirenkarjakoira, lyhytkarvainen pyreneittenpaimenkoira, mallorcanpaimenkoira, medimurjenkoira, mudi, owczarek podhalanski, picardienpaimenkoira, pieniamerikanpaimenkoira, pitk\u00e4karvainen pyreneittenpaimenkoira, polski owczarek nizinny, romanianpaimenkoira, saarlooswolfhond, saksanpaimenkoirat\u00a0<strong>Trond Are Karlsen<\/strong>, Norja<\/p>\n\n\n\n<p><strong>Ryhm\u00e4 2<\/strong><br>aidi, alentejonkoira, apinapinseri, bokseri, bordeauxindoggi, broholminkoira, bukovinankoira, bullmastiffi, cane corso, castro laboreironkoira, continental bulldog, dogo argentino, englanninbulldoggi, espanjanmastiffi, estrelanvuoristokoirat, fila brasileiro, hollanninrottakoira, it\u00e4vallanpinseri, kanariandoggi, kangalinkoira, karstinpaimenkoira, kaukasiankoira, keskiaasiankoira, k\u00e4\u00e4pi\u00f6snautserit, mallorcandoggi, mastiffi, musta romanianvuoristokoira, napolinmastiffi, pyreneittenkoira, pyreneittenmastiffi, rottweiler, sao miguelinfila, sarplaninac, shar pei, tanskalais-ruotsalainen pihakoira, tiibetinmastiffi, tornjak, tosa, transmontano mastiff, uruguayncimarron, ven\u00e4j\u00e4nmustaterrieri\u00a0<strong>Astrid Lundava<\/strong>, Viro<br>k\u00e4\u00e4pi\u00f6pinseri, suursnautserit, tanskandoggit\u00a0<strong>Erika H\u00e4kkinen<\/strong><br>appenzellinpaimenkoira, berninpaimenkoira, entlebuchinpaimenkoira, hovawart, isosveitsinpaimenkoira, landseer, leonberginkoira, newfoundlandinkoira\u00a0<strong>Matti Tuominen<\/strong><br>bernhardinkoirat, dobermanni, pinseri, snautserit\u00a0<strong>Teija Salmi-Aalto<\/strong><\/p>\n\n\n\n<p><strong>Ryhm\u00e4 3<\/strong><br>australianterrieri, borderterrieri, cairnterrieri, irlanninterrieri, saksanmets\u00e4stysterrieri, skotlanninterrieri, skyenterrieri, walesinterrieri&nbsp;<strong>Aleksandra Palumbo<\/strong>, Ruotsi<br>airedalenterrieri, amerikankarvatonterrieri, amerikank\u00e4\u00e4pi\u00f6kettuterrieri, amerikanrottaterrieri, andalusianrottakoira, bedlingtoninterrieri, biewerterrieri, jackrussellinterrieri, japaninterrieri, karkeakarvainen kettuterrieri, sile\u00e4karvainen kettuterrieri, vehn\u00e4terrieri&nbsp;<strong>Helina Simberg<\/strong>, Viro<br>amerikanstaffordshirenterrieri, norfolkinterrieri, norwichinterrieri, staffordshirenbullterrieri, valkoinen l\u00e4nsiyl\u00e4maanterrieri, yorkshirenterrieri&nbsp;<strong>P\u00e4ivi Eerola<\/strong><br>brasilianterrieri, bullterrieri, ceskyterrieri, dandiedinmontinterrieri, englannink\u00e4\u00e4pi\u00f6terrieri, glen of imaalinterrieri, kerrynterrieri, k\u00e4\u00e4pi\u00f6bullterrieri, lakelandinterrieri, manchesterinterrieri, parsonrussellinterrieri, sealyhaminterrieri, silkkiterrieri, tenterfieldinterrieri, valencianrottaterrieri&nbsp;<strong>Yvonne Jaussi<\/strong>, Sveitsi<\/p>\n\n\n\n<p><strong>Ryhm\u00e4 4<\/strong><br>kaikki rodut&nbsp;<strong>Sanna Vakkilainen<\/strong><\/p>\n\n\n\n<p><strong>Ryhm\u00e4 5<\/strong><br>hokkaidonkoira, h\u00e4lleforsinkoira, islanninlammaskoira, it\u00e4siperianlaika, jakutianlaika, japaninpystykorva, kaanaankoira, kainkoira, kanadaneskimokoira, kanarianpodenco, kintamani-balinkoira, kishunkoira, koreanjindonkoira, lunnikoira, l\u00e4nsisiperianlaika, musta norjanhirvikoira, musta tanskanpystykorva, ruotsinlapinkoira, taiwaninkoira, tanskanpystykorva, thai ridgeback, thaimaanpystykorva, valkoinen ruotsinhirvikoira, ven\u00e4l\u00e4is-eurooppalainen laika\u00a0<strong>Aleksandra Palumbo<\/strong>, Ruotsi<br>ibizanpodencot, pohjanpystykorva, portugalinpodengot, suomenpystykorva\u00a0<strong>Erika H\u00e4kkinen<\/strong><br>basenji, eurasier, faaraokoira, karjalankarhukoira, lapinporokoira, siperianhusky, suomenlapinkoira\u00a0<strong>Kirsi Honkanen<\/strong><br>akita, alaskanmalamuutti, american eskimo dog, buhund, etnankoira, gr\u00f6nlanninkoira, harmaa norjanhirvikoira, j\u00e4mtlanninpystykorva, l\u00e4nsig\u00f6\u00f6tanmaanpystykorva, shiba, volpino italiano\u00a0<strong>Rune Tyvold<\/strong>, Norja<br>amerikanakita, chow chow, meksikonkarvatonkoirat, perunkarvatonkoirat, samojedinkoira, shikokunkoira\u00a0<strong>Sanna Vakkilainen<\/strong><br>grosspitzit, keeshond, kleinspitzit, mittelspitzit, pomeranian\u00a0<strong>Tanya Ahlman-Stockmari<\/strong><\/p>\n\n\n\n<p><strong>Ryhm\u00e4 6<\/strong><br>dalmatiankoira\u00a0<strong>Erika H\u00e4kkinen<\/strong><br>pienisveitsinajokoira, pieniberninajokoira, pienisveitsinajokoira, pienijuranajokoira, pienisveitsinajokoira, pieniluzerninajokoira, pienisveitsinajokoira, pienischwyzinajokoira, sveitsinajokoira, berninajokoira, sveitsinajokoira, juranajokoira, sveitsinajokoira, luzerninajokoira, sveitsinajokoira, schwyzinajokoira\u00a0<strong>Yvonne Jaussi<\/strong>, Sveitsi<br>muut\u00a0<strong>Kirsi Honkanen<\/strong><\/p>\n\n\n\n<p><strong>Ryhm\u00e4 7<\/strong><br>kaikki rodut&nbsp;<strong>Domenico Di Matteo<\/strong>,<\/p>\n\n\n\n<p><strong>Ryhm\u00e4 8<\/strong><br>englanninspringerspanieli, lagotto romagnolo, walesinspringerspanieli&nbsp;<strong>Domenico Di Matteo<\/strong>,<br>amerikancockerspanieli, amerikanvesispanieli, barbet, chesapeakelahdennoutaja, clumberinspanieli, cockerspanieli, espanjanvesikoira, fieldspanieli, friisinvesikoira, irlanninvesispanieli, kiharakarvainen noutaja, kooikerhondje, kultainennoutaja, portugalinvesikoira, puolanmets\u00e4stysspanieli, sussexinspanieli, ven\u00e4j\u00e4nspanieli, viiri\u00e4iskoira&nbsp;<strong>Marjatta Pylv\u00e4n\u00e4inen-Suorsa<\/strong><br>labradorinnoutaja, novascotiannoutaja, sile\u00e4karvainen noutaja&nbsp;<strong>Yvonne Jaussi<\/strong>, Sveitsi<\/p>\n\n\n\n<p><strong>Ryhm\u00e4 9<\/strong><br>chihuahuat\u00a0<strong>Aleksandra Palumbo<\/strong>, Ruotsi<br>villakoirat\u00a0<strong>Helle Bekker<\/strong>, Tanska<br>havannankoira, mopsi, ranskanbulldoggi\u00a0<strong>Kristin Kerem<\/strong>, Viro<br>bostoninterrieri, tiibetinspanieli\u00a0<strong>Matti Tuominen<\/strong><br>bichon fris\u00e9, cavalier kingcharlesinspanieli, griffon belge, griffon bruxellois, kiinanharjakoira, petit brabancon\u00a0<strong>Rune Tyvold<\/strong>, Norja<br>bolognese, coton de tul\u00e9ar, japanese chin, kiinanpalatsikoira, pekingeesi, kingcharlesinspanieli, kromfohrl\u00e4nder, lhasa apso, l\u00f6wchen, maltankoira, markiesje, papillon, phal\u00e8ne, prahanrottakoira, shih tzu, tiibetinterrieri, ven\u00e4j\u00e4nbolonka, ven\u00e4j\u00e4ntoyt\u00a0<strong>Tanya Ahlman-Stockmari<\/strong><\/p>\n\n\n\n<p><strong>Ryhm\u00e4 10<\/strong><br>afgaaninvinttikoira, whippet\u00a0<strong>Kristin Kerem<\/strong>, Viro<br>azawakh, englanninvinttikoira, espanjanvinttikoira, irlanninsusikoira, italianvinttikoira, puolanvinttikoira, saluki, skotlanninhirvikoira, sloughi, tazi, unkarinvinttikoira, ven\u00e4j\u00e4nvinttikoira\u00a0<strong>Teija Salmi-Aalto<\/strong><\/p>\n\n\n\n<p>Junior Handler\u00a0<strong>Nita Hermansson<\/strong><\/p>\n\n\n\n<h3 class=\"wp-block-heading\">Ryhm\u00e4kilpailut<\/h3>\n\n\n\n<p>1<strong>\u00a0Trond Are Karlsen<\/strong>, Norja<br>2<strong>\u00a0Astrid Lundava<\/strong>, Viro<br>3<strong>\u00a0Helina Simberg<\/strong>, Viro<br>4<strong>\u00a0Sanna Vakkilainen<\/strong><br>5<strong>\u00a0Aleksandra Palumbo<\/strong>, Ruotsi<br>6<strong>\u00a0Kirsi Honkanen<\/strong><br>7<strong>\u00a0Domenico Di Matteo<\/strong><br>8<strong>\u00a0Yvonne Jaussi<\/strong>, Sveitsi<br>9<strong>\u00a0Tanya Ahlman-Stockmari<\/strong><br>10<strong>\u00a0Kristin Kerem<\/strong>, Viro<\/p>\n\n\n\n<p>Paras juniori\u00a0<strong>Erika H\u00e4kkinen<\/strong><br>Paras veteraani\u00a0<strong>P\u00e4ivi Eerola<\/strong><br>Paras kasvattajaryhm\u00e4\u00a0<strong>Matti Tuominen<\/strong><\/p>\n\n\n\n<p>Best in Show<strong>\u00a0Marjatta Pylv\u00e4n\u00e4inen-Suorsa<\/strong><\/p>\n","protected":false},"excerpt":{"rendered":"<p>Ryhm\u00e4 1pitk\u00e4karvainen collie, sile\u00e4karvainen collie\u00a0Helina Simberg, Virowelsh corgi cardigan, welsh corgi pembroke\u00a0Helle Bekker, Tanskaaustralian t\u00f6p\u00f6h\u00e4nt\u00e4inen karjakoira, australiankarjakoira, australiankelpie, australianpaimenkoira, bordercollie, partacollie, pulit, pumi, schapendoes, schipperke, serra de airesinpaimenkoira, slovakiancuvac, tsekinpaimenkoira, valkoinenpaimenkoira, vanhaenglanninlammaskoira\u00a0Kristel Ratnik-Soosaar, Viroshetlanninlammaskoira\u00a0P\u00e4ivi Eerolaabruzzese maremmano, ardennienkarjakoira, beaucenpaimenkoira \/ beauceron, belgianpaimenkoirat, bergamonpaimenkoira, bouvier, brienpaimenkoira \/ briardi, ceskoslovensky vlciak, etel\u00e4ven\u00e4j\u00e4nkoira, hollanninpaimenkoirat, it\u00e4euroopanpaimenkoira, karpaattienkoira, katalonianpaimenkoira, komondor, kroatianpaimenkoira,&hellip; <a href=\"https:\/\/www.showlink.fi\/shows\/heinola2026kr\/tuomarit\/\" class=\"more-link\">Jatka lukemista <span class=\"screen-reader-text\">Tuomarit<\/span><\/a><\/p>\n","protected":false},"author":1,"featured_media":0,"parent":0,"menu_order":2,"comment_status":"closed","ping_status":"closed","template":"","meta":{"footnotes":""},"class_list":["post-10","page","type-page","status-publish","hentry","without-featured-image"],"_links":{"self":[{"href":"https:\/\/www.showlink.fi\/shows\/heinola2026kr\/wp-json\/wp\/v2\/pages\/10","targetHints":{"allow":["GET"]}}],"collection":[{"href":"https:\/\/www.showlink.fi\/shows\/heinola2026kr\/wp-json\/wp\/v2\/pages"}],"about":[{"href":"https:\/\/www.showlink.fi\/shows\/heinola2026kr\/wp-json\/wp\/v2\/types\/page"}],"author":[{"embeddable":true,"href":"https:\/\/www.showlink.fi\/shows\/heinola2026kr\/wp-json\/wp\/v2\/users\/1"}],"replies":[{"embeddable":true,"href":"https:\/\/www.showlink.fi\/shows\/heinola2026kr\/wp-json\/wp\/v2\/comments?post=10"}],"version-history":[{"count":23,"href":"https:\/\/www.showlink.fi\/shows\/heinola2026kr\/wp-json\/wp\/v2\/pages\/10\/revisions"}],"predecessor-version":[{"id":434,"href":"https:\/\/www.showlink.fi\/shows\/heinola2026kr\/wp-json\/wp\/v2\/pages\/10\/revisions\/434"}],"wp:attachment":[{"href":"https:\/\/www.showlink.fi\/shows\/heinola2026kr\/wp-json\/wp\/v2\/media?parent=10"}],"curies":[{"name":"wp","href":"https:\/\/api.w.org\/{rel}","templated":true}]}}