{"id":78,"date":"2019-05-21T14:44:47","date_gmt":"2019-05-21T11:44:47","guid":{"rendered":"http:\/\/www.showlink.fi\/shows\/kangasniemikr2019\/?page_id=78"},"modified":"2026-02-11T14:57:34","modified_gmt":"2026-02-11T12:57:34","slug":"tulokset","status":"publish","type":"page","link":"https:\/\/www.showlink.fi\/shows\/heinola2026kr\/tulokset\/","title":{"rendered":"Tulokset"},"content":{"rendered":"\n<hr class=\"wp-block-separator has-text-color has-alpha-channel-opacity has-background\" style=\"background-color:#f8f8f8;color:#f8f8f8\"\/>\n\n\n\n<p>N\u00e4yttelyss\u00e4mme on k\u00e4yt\u00f6ss\u00e4 reaaliaikainen tulospalvelu. Tulokset julkaistaan n\u00e4yttelyn kuluessa.<\/p>\n\n\n\n<p><strong>\u00bb<\/strong> <strong>Siirry n\u00e4yttelyn tuloksiin<\/strong><\/p>\n\n\n\n<p>Jalostustietoj\u00e4rjestelm\u00e4\u00e4n tulokset p\u00e4ivittyv\u00e4t n\u00e4yttelyn p\u00e4\u00e4tytty\u00e4.<\/p>\n","protected":false},"excerpt":{"rendered":"<p>N\u00e4yttelyss\u00e4mme on k\u00e4yt\u00f6ss\u00e4 reaaliaikainen tulospalvelu. Tulokset julkaistaan n\u00e4yttelyn kuluessa. \u00bb Siirry n\u00e4yttelyn tuloksiin Jalostustietoj\u00e4rjestelm\u00e4\u00e4n tulokset p\u00e4ivittyv\u00e4t n\u00e4yttelyn p\u00e4\u00e4tytty\u00e4.<\/p>\n","protected":false},"author":1,"featured_media":0,"parent":0,"menu_order":6,"comment_status":"closed","ping_status":"closed","template":"","meta":{"footnotes":""},"class_list":["post-78","page","type-page","status-publish","hentry","without-featured-image"],"_links":{"self":[{"href":"https:\/\/www.showlink.fi\/shows\/heinola2026kr\/wp-json\/wp\/v2\/pages\/78","targetHints":{"allow":["GET"]}}],"collection":[{"href":"https:\/\/www.showlink.fi\/shows\/heinola2026kr\/wp-json\/wp\/v2\/pages"}],"about":[{"href":"https:\/\/www.showlink.fi\/shows\/heinola2026kr\/wp-json\/wp\/v2\/types\/page"}],"author":[{"embeddable":true,"href":"https:\/\/www.showlink.fi\/shows\/heinola2026kr\/wp-json\/wp\/v2\/users\/1"}],"replies":[{"embeddable":true,"href":"https:\/\/www.showlink.fi\/shows\/heinola2026kr\/wp-json\/wp\/v2\/comments?post=78"}],"version-history":[{"count":11,"href":"https:\/\/www.showlink.fi\/shows\/heinola2026kr\/wp-json\/wp\/v2\/pages\/78\/revisions"}],"predecessor-version":[{"id":423,"href":"https:\/\/www.showlink.fi\/shows\/heinola2026kr\/wp-json\/wp\/v2\/pages\/78\/revisions\/423"}],"wp:attachment":[{"href":"https:\/\/www.showlink.fi\/shows\/heinola2026kr\/wp-json\/wp\/v2\/media?parent=78"}],"curies":[{"name":"wp","href":"https:\/\/api.w.org\/{rel}","templated":true}]}}