{"id":12,"date":"2024-03-18T12:11:52","date_gmt":"2024-03-18T10:11:52","guid":{"rendered":"https:\/\/www.showlink.fi\/shows\/vetcaresyysnayttely2024mallikappale\/?page_id=12"},"modified":"2026-03-25T17:08:10","modified_gmt":"2026-03-25T15:08:10","slug":"tuomarit","status":"publish","type":"page","link":"https:\/\/www.showlink.fi\/shows\/helsinkisyysnayttely2026\/tuomarit\/","title":{"rendered":"Tuomarit"},"content":{"rendered":"\n<p><\/p>\n\n\n\n<p><strong>Lauantai 5.9. arvostellaan FCI:n ryhm\u00e4t 1, 3, 7, 8, 10<\/strong><br><strong>Sunnuntai 6.9. arvostellaan FCI:n ryhm\u00e4t 2, 4, 5, 6, 9<\/strong><br><br><strong>Ryhm\u00e4 1<\/strong><br>it\u00e4euroopanpaimenkoira, medimurjenkoira, partacollie, pitk\u00e4karvainen collie, sile\u00e4karvainen collie <strong>Anne Liv\u00f6 Buvik<\/strong>, Norja<br>abruzzese maremmano, bergamonpaimenkoira, ceskoslovensky vlciak, karpaattienkoira, katalonianpaimenkoira, kroatianpaimenkoira, lyhytkarvainen pyreneittenpaimenkoira, mallorcanpaimenkoira, owczarek podhalanski, pieniamerikanpaimenkoira, pitk\u00e4karvainen pyreneittenpaimenkoira, polski owczarek nizinny, romanianpaimenkoira, saarlooswolfhond, serra de airesinpaimenkoira, slovakiancuvac, valkoinenpaimenkoira <strong>Erika H\u00e4kkinen<\/strong><br>ardennienkarjakoira, australian t\u00f6p\u00f6h\u00e4nt\u00e4inen karjakoira, australiankelpie, australianpaimenkoira, bordercollie, etel\u00e4ven\u00e4j\u00e4nkoira, komondor, kuvasz, lancashirenkarjakoira, picardienpaimenkoira, schipperke, tsekinpaimenkoira <strong>Kirsi Honkanen<\/strong><br>shetlanninlammaskoira <strong>Maarit Hassinen<\/strong><br>muut <strong>Tarja L\u00f6fman<\/strong><br><br><strong>Ryhm\u00e4 3<\/strong><br>airedalenterrieri, vehn\u00e4terrieri <strong>Anne Liv\u00f6 Buvik<\/strong>, Norja<br>amerikanstaffordshirenterrieri, australianterrieri, norfolkinterrieri, norwichinterrieri <strong>Jessie Borregaard Madsen<\/strong>, Tanska<br>amerikankarvatonterrieri, brasilianterrieri, bullterrieri, dandiedinmontinterrieri, englannink\u00e4\u00e4pi\u00f6terrieri, glen of imaalinterrieri, jackrussellinterrieri, kerrynterrieri, k\u00e4\u00e4pi\u00f6bullterrieri, manchesterinterrieri, saksanmets\u00e4stysterrieri, silkkiterrieri, skyenterrieri, valencianrottaterrieri <strong>Pirjo Aaltonen<\/strong><br>bedlingtoninterrieri, biewerterrieri, borderterrieri, cairnterrieri, skotlanninterrieri, staffordshirenbullterrieri, valkoinen l\u00e4nsiyl\u00e4maanterrieri, yorkshirenterrieri <strong>Tuula Savolainen<\/strong><br>muut <strong>P\u00e4ivi Takkinen<\/strong><br><br><strong>Ryhm\u00e4 7<\/strong><br>kaikki rodut <strong>Reino Korpela<\/strong><br><br><strong>Ryhm\u00e4 8<\/strong><br>portugalinvesikoira <strong>Anne Liv\u00f6 Buvik<\/strong>, Norja<br>amerikancockerspanieli, englanninspringerspanieli, walesinspringerspanieli <strong>Jessie Borregaard Madsen<\/strong>, Tanska<br>barbet, chesapeakelahdennoutaja, sile\u00e4karvainen noutaja <strong>Kirsi Honkanen<\/strong><br>lagotto romagnolo <strong>Pirjo Aaltonen<\/strong><br>cockerspanieli, espanjanvesikoira, fieldspanieli, kultainennoutaja, labradorinnoutaja <strong>Reia Leikola-Walden<\/strong><br>muut <strong>Reino Korpela<\/strong><br><br><strong>Ryhm\u00e4 10<\/strong><br>irlanninsusikoira <strong>Kirsi Honkanen<\/strong><br>ven\u00e4j\u00e4nvinttikoira, whippet <strong>Maarit Hassinen<\/strong><br>englanninvinttikoira, tazi <strong>Pirjo Aaltonen<\/strong><br>afgaaninvinttikoira, azawakh, skotlanninhirvikoira, sloughi <strong>P\u00e4ivi Takkinen<\/strong><br>muut <strong>Erika H\u00e4kkinen<\/strong><\/p>\n\n\n\n<p>Junior Handler <strong>Hilla-Tuuli Kailari<\/strong><\/p>\n\n\n\n<p>Ryhm\u00e4kilpailut<br>1<strong> <strong>Anne Liv\u00f6 Buvik<\/strong>, Norja<\/strong><br>3<strong> <strong>Pirjo Aaltonen<\/strong><\/strong><br>7<strong> <strong>Reino Korpela<\/strong><\/strong><br>8<strong> <strong>Reia Leikola-Walden<\/strong><\/strong><br>10<strong> <strong>Erika H\u00e4kkinen<\/strong><\/strong><br>Paras veteraani <strong><strong>Jessie Borregaard Madsen<\/strong>, Tanska<\/strong><br>Paras kasvattajaryhm\u00e4 <strong>Tuula Savolainen<\/strong><br><br><strong>Ryhm\u00e4 2<\/strong><br>suursnautserit <strong>Anne Liv\u00f6 Buvik<\/strong>, Norja<br>apinapinseri, appenzellinpaimenkoira, bernhardinkoirat, dobermanni, englanninbulldoggi, entlebuchinpaimenkoira, isosveitsinpaimenkoira, landseer, snautserit <strong>Maarit Hassinen<\/strong><br>kaukasiankoira, keskiaasiankoira, pyreneittenmastiffi <strong>Pirjo Aaltonen<\/strong><br>bokseri, bordeauxindoggi, broholminkoira, k\u00e4\u00e4pi\u00f6pinseri, leonberginkoira, pinseri, rottweiler, shar pei, tiibetinmastiffi <strong>P\u00e4ivi Takkinen<\/strong><br>berninpaimenkoira, bullmastiffi, cane corso, espanjanmastiffi, mastiffi, napolinmastiffi, newfoundlandinkoira, sarplaninac, tanskandoggit, ven\u00e4j\u00e4nmustaterrieri <strong>Reia Leikola-Walden<\/strong><br>hovawart <strong>Tuula Savolainen<\/strong><br>muut <strong>Erika H\u00e4kkinen<\/strong><br><br><strong>Ryhm\u00e4 4<\/strong><br>kaikki rodut <strong>Jessie Borregaard Madsen<\/strong>, Tanska<br><br><strong>Ryhm\u00e4 5<\/strong><br>basenji <strong>Anne Liv\u00f6 Buvik<\/strong>, Norja<br>akita, amerikanakita, hokkaidonkoira, kintamani-balinkoira, kishunkoira, koreanjindonkoira, grosspitzit, keeshond, kleinspitzit, mittelspitzit, pomeranian, shiba, shikokunkoira <strong>Kirsi Honkanen<\/strong><br>alaskanmalamuutti, jakutianlaika, j\u00e4mtlanninpystykorva, siperianhusky <strong>Maarit Hassinen<\/strong><br>etnankoira, faaraokoira <strong>Pirjo Aaltonen<\/strong><br>chow chow, eurasier, gr\u00f6nlanninkoira, harmaa norjanhirvikoira, h\u00e4lleforsinkoira, it\u00e4siperianlaika, karjalankarhukoira, l\u00e4nsig\u00f6\u00f6tanmaanpystykorva, l\u00e4nsisiperianlaika, pohjanpystykorva, suomenlapinkoira, suomenpystykorva, tanskanpystykorva, valkoinen ruotsinhirvikoira <strong>Reino Korpela<\/strong><br>japaninpystykorva <strong>Tarja L\u00f6fman<\/strong><br>muut <strong>Erika H\u00e4kkinen<\/strong><br><br><strong>Ryhm\u00e4 6<\/strong><br>dalmatiankoira, grand basset griffon vend\u00e9en, grand griffon vend\u00e9en, griffon fauve de bretagne, rhodesiankoira <strong>Reia Leikola-Walden<\/strong><br>muut <strong>Reino Korpela<\/strong><br><br><strong>Ryhm\u00e4 9<\/strong><br>villakoirat <strong>Anne Liv\u00f6 Buvik<\/strong>, Norja<br>cavalier kingcharlesinspanieli <strong>Jessie Borregaard Madsen<\/strong>, Tanska<br>japanese chin, kiinanpalatsikoira\/pekingeesi, mopsi, shih tzu, ven\u00e4j\u00e4ntoyt <strong>Maarit Hassinen<\/strong><br>bichon fris\u00e9, griffon belge, griffon bruxellois, kiinanharjakoira, kingcharlesinspanieli, maltankoira, petit brabancon, ranskanbulldoggi <strong>Pirjo Aaltonen<\/strong><br>coton de tul\u00e9ar, havannankoira, lhasa apso, l\u00f6wchen, papillon, phal\u00e8ne, prahanrottakoira <strong>Tarja L\u00f6fman<\/strong><br>muut <strong>Tuula Savolainen<\/strong><br><br>Ryhm\u00e4kilpailut<br>2<strong> Maarit Hassinen<\/strong><br>4<strong> <strong>Jessie Borregaard Madsen<\/strong>, Tanska<\/strong><br>5<strong> Kirsi Honkanen<\/strong><br>6<strong> Reino Korpela<\/strong><br>9<strong> Tuula Savolainen<\/strong><br>Paras veteraani <strong>Reino Korpela<\/strong><br>Paras kasvattajaryhm\u00e4 <strong><strong>Anne Liv\u00f6 Buvik<\/strong>, Norja<\/strong><br>Best in Show<strong> Pirjo Aaltonen<br><br><\/strong><\/p>\n","protected":false},"excerpt":{"rendered":"<p>Lauantai 5.9. arvostellaan FCI:n ryhm\u00e4t 1, 3, 7, 8, 10Sunnuntai 6.9. arvostellaan FCI:n ryhm\u00e4t 2, 4, 5, 6, 9 Ryhm\u00e4 1it\u00e4euroopanpaimenkoira, medimurjenkoira, partacollie, pitk\u00e4karvainen collie, sile\u00e4karvainen collie Anne Liv\u00f6 Buvik, Norjaabruzzese maremmano, bergamonpaimenkoira, ceskoslovensky vlciak, karpaattienkoira, katalonianpaimenkoira, kroatianpaimenkoira, lyhytkarvainen pyreneittenpaimenkoira, mallorcanpaimenkoira, owczarek podhalanski, pieniamerikanpaimenkoira, pitk\u00e4karvainen pyreneittenpaimenkoira, polski owczarek nizinny, romanianpaimenkoira, saarlooswolfhond, serra de airesinpaimenkoira, slovakiancuvac, <a href=\"https:\/\/www.showlink.fi\/shows\/helsinkisyysnayttely2026\/tuomarit\/\" class=\"more-link\">...jatka lukemista<span class=\"screen-reader-text\"> \"Tuomarit\"<\/span><\/a><\/p>\n","protected":false},"author":3,"featured_media":0,"parent":0,"menu_order":3,"comment_status":"closed","ping_status":"closed","template":"","meta":{"footnotes":""},"class_list":["post-12","page","type-page","status-publish","h-entry","hentry","h-as-page"],"_links":{"self":[{"href":"https:\/\/www.showlink.fi\/shows\/helsinkisyysnayttely2026\/wp-json\/wp\/v2\/pages\/12","targetHints":{"allow":["GET"]}}],"collection":[{"href":"https:\/\/www.showlink.fi\/shows\/helsinkisyysnayttely2026\/wp-json\/wp\/v2\/pages"}],"about":[{"href":"https:\/\/www.showlink.fi\/shows\/helsinkisyysnayttely2026\/wp-json\/wp\/v2\/types\/page"}],"author":[{"embeddable":true,"href":"https:\/\/www.showlink.fi\/shows\/helsinkisyysnayttely2026\/wp-json\/wp\/v2\/users\/3"}],"replies":[{"embeddable":true,"href":"https:\/\/www.showlink.fi\/shows\/helsinkisyysnayttely2026\/wp-json\/wp\/v2\/comments?post=12"}],"version-history":[{"count":9,"href":"https:\/\/www.showlink.fi\/shows\/helsinkisyysnayttely2026\/wp-json\/wp\/v2\/pages\/12\/revisions"}],"predecessor-version":[{"id":130,"href":"https:\/\/www.showlink.fi\/shows\/helsinkisyysnayttely2026\/wp-json\/wp\/v2\/pages\/12\/revisions\/130"}],"wp:attachment":[{"href":"https:\/\/www.showlink.fi\/shows\/helsinkisyysnayttely2026\/wp-json\/wp\/v2\/media?parent=12"}],"curies":[{"name":"wp","href":"https:\/\/api.w.org\/{rel}","templated":true}]}}