{"id":19,"date":"2026-02-13T09:49:32","date_gmt":"2026-02-13T07:49:32","guid":{"rendered":"https:\/\/www.showlink.fi\/shows\/hyvinkaakr230526esikatselu\/?page_id=19"},"modified":"2026-02-13T09:55:45","modified_gmt":"2026-02-13T07:55:45","slug":"aikataulut","status":"publish","type":"page","link":"https:\/\/www.showlink.fi\/shows\/hyvinkaaKR_230526\/aikataulut\/","title":{"rendered":"Aikataulut"},"content":{"rendered":"\n<p><em>Aikataulut julkaistaan noin viikkoa ennen n\u00e4yttely\u00e4.<\/em><\/p>\n\n\n\n<p>Numerolappu ja aikataulukirje toimitetaan n\u00e4ytteilleasettajille ainoastaan s\u00e4hk\u00f6isesti.<\/p>\n","protected":false},"excerpt":{"rendered":"<p>Aikataulut julkaistaan noin viikkoa ennen n\u00e4yttely\u00e4. Numerolappu ja aikataulukirje toimitetaan n\u00e4ytteilleasettajille ainoastaan s\u00e4hk\u00f6isesti.<\/p>\n","protected":false},"author":1,"featured_media":0,"parent":0,"menu_order":3,"comment_status":"closed","ping_status":"closed","template":"","meta":{"footnotes":""},"class_list":["post-19","page","type-page","status-publish","h-entry","hentry","h-as-page"],"_links":{"self":[{"href":"https:\/\/www.showlink.fi\/shows\/hyvinkaaKR_230526\/wp-json\/wp\/v2\/pages\/19","targetHints":{"allow":["GET"]}}],"collection":[{"href":"https:\/\/www.showlink.fi\/shows\/hyvinkaaKR_230526\/wp-json\/wp\/v2\/pages"}],"about":[{"href":"https:\/\/www.showlink.fi\/shows\/hyvinkaaKR_230526\/wp-json\/wp\/v2\/types\/page"}],"author":[{"embeddable":true,"href":"https:\/\/www.showlink.fi\/shows\/hyvinkaaKR_230526\/wp-json\/wp\/v2\/users\/1"}],"replies":[{"embeddable":true,"href":"https:\/\/www.showlink.fi\/shows\/hyvinkaaKR_230526\/wp-json\/wp\/v2\/comments?post=19"}],"version-history":[{"count":1,"href":"https:\/\/www.showlink.fi\/shows\/hyvinkaaKR_230526\/wp-json\/wp\/v2\/pages\/19\/revisions"}],"predecessor-version":[{"id":20,"href":"https:\/\/www.showlink.fi\/shows\/hyvinkaaKR_230526\/wp-json\/wp\/v2\/pages\/19\/revisions\/20"}],"wp:attachment":[{"href":"https:\/\/www.showlink.fi\/shows\/hyvinkaaKR_230526\/wp-json\/wp\/v2\/media?parent=19"}],"curies":[{"name":"wp","href":"https:\/\/api.w.org\/{rel}","templated":true}]}}