{"id":27,"date":"2026-02-13T09:52:05","date_gmt":"2026-02-13T07:52:05","guid":{"rendered":"https:\/\/www.showlink.fi\/shows\/hyvinkaakr230526esikatselu\/?page_id=27"},"modified":"2026-02-13T09:52:05","modified_gmt":"2026-02-13T07:52:05","slug":"judges","status":"publish","type":"page","link":"https:\/\/www.showlink.fi\/shows\/hyvinkaaKR_230526\/in-english\/judges\/","title":{"rendered":"Judges"},"content":{"rendered":"\n<p class=\"has-background\" style=\"background-color:#cadad2\"><strong>Update 11.2.2026 \u2013 Change of judge<\/strong><br><strong>Dina Korna is unfortunately unable to attend to our show.<\/strong><br>Breeds and finals previously marked to Korna <strong>will be judged by Tuire Okkola.<\/strong><br>Changes are marked with red in the list of judges below.<\/p>\n\n\n\n<p><strong>FCI 1<\/strong><br><em>Reserve judge for all FCI 1 breeds&nbsp;<strong>Rony Doedijns<\/strong>, The Netherlands<\/em><br><mark style=\"background-color:rgba(0, 0, 0, 0)\" class=\"has-inline-color has-vivid-red-color\">Australian Cattle Dog, Australian Kelpie, Australian Shepherd, Australian Stumpy Tail Cattle Dog, Bearded Collie, Belgian Shepherd Dogs, Berger de Beauce, Bohemian Shepherd Dog, Bouvier des Flandres, Briard, Collie Rough, Collie Smooth, Dutch Schapendoes, Dutch Shepherd Dogs, East European Shepherd, German Shepherd Dogs, Lancashire Heeler, Maremma and the Abruzzes Sheepdog, Mudi, Old English Sheepdog, Pulis, Pumi, Romanian Carpathian Shepherd Dog, Schipperke, Slovakian Chuvach, Small Medimurje Dog - Medi, South Russian Shepherd Dog, White Swiss Shepherd Dog&nbsp;<strong>Tuire Okkola<\/strong><\/mark><br>Bergamasco Shepherd Dog, Border Collie, Bouvier des Ardennes, Catalan Sheepdog, Croatian Shepherd Dog, Czechoslovakian Wolfdog, Komondor, Kuvasz, Majorca Shepherd Dog, Miniature American Shepherd, Picardy Sheepdog, Polish Lowland Sheepdog, Portuguese Sheepdog, Pyrenean Sheepdogs, Romanian Mioritic Shepherd Dog, Saarloos Wolfhond, Tatra Shepherd Dog, Welsh Corgi Cardigan, Welsh Corgi Pembroke&nbsp;<strong>Johanna Flinck<\/strong><br>Shetland Sheepdog&nbsp;<strong>Rony Doedijns<\/strong>, The Netherlands<\/p>\n\n\n\n<p><strong>FCI 2<\/strong><br><mark style=\"background-color:rgba(0, 0, 0, 0)\" class=\"has-inline-color has-vivid-red-color\"><em>Reserve judge for all FCI 2 breeds<\/em>&nbsp;<strong>Tuire Okkola<\/strong><\/mark><br>Affenpinscher, Appenzell Cattle Dog, Austrian Pinscher, Bernese Mountain Dog, Broholmer, Bulldog, Bullmastiff, Cimarr\u00f3n Uruguayo, Ciob\u0103nesc Rom\u00e2nesc Corb, Continental Bulldog, Danish-Swedish Farmdog, Dutch Smoushond, Entlebuch Cattle Dog, Estrela Mountain Dogs, German Pinscher, Giant Schnauzers, Great Danes, Great Swiss Mountain Dog, Hovawart, Karst Shepherd Dog, Landseer (European Continental Type), Leonberger, Miniature Pinscher, Miniature Schnauzers, Newfoundland, Pyrenean Mastiff, Pyrenean Mountain Dog, Romanian Bucovina Shepherd, Schnauzers, Shar Pei, St. Bernards, Tibetan Mastiff, Tornjak (Bosnian And Herzegovinian - Croatian Shepherd Dog), Yugoslavian Shepherd Dog - Sharplanina&nbsp;<strong>Drin Zhaveli<\/strong>, Kosovo<br>Atlas Mountain Dog (Aidi), Boxer, Castro Laboreiro Dog, Caucasian Shepherd Dog, Central Asia Shepherd Dog, Dobermann, Dogo Argentino, Dogue de Bordeaux, Fila Brasileiro, Italian Cane Corso, Kangal Shepherd Dog, Majorca Mastiff, Mastiff, Neapolitan Mastiff, Presa Canario, Rafeiro of Alentejo, Rottweiler, Russian Black Terrier, Saint Miguel Cattle Dog, Spanish Mastiff, Tosa, Transmontano Mastiff&nbsp;<strong>Rony Doedijns<\/strong>, The Netherlands<\/p>\n\n\n\n<p><strong>FCI 3<\/strong><br><em><mark style=\"background-color:rgba(0, 0, 0, 0)\" class=\"has-inline-color has-vivid-red-color\">Reserve judge for all FCI 3 breeds&nbsp;<strong>Tuire Okkola<\/strong><\/mark><\/em><br>American Hairless Terrier, American Toy Fox Terrier, Australian Terrier, Bedlington Terrier, Biewer Terrier, Border Terrier, Brazilian Terrier, Bull Terrier, Cairn Terrier, Cesky Terrier, Dandie Dinmont Terrier, English Toy Terrier, Irish Glen Of Imaal Terrier, Irish Soft Coated Wheaten Terrier, Irish Terrier, Jack Russell Terrier, Miniature Bull Terrier, Parson Russell Terrier, Rat Terrier, Ratonero Bodeguero Andaluz, Welsh Terrier, West Highland White Terrier, Yorkshire Terrier&nbsp;<strong>Peter Lauber<\/strong>, Switzerland<br>Airedale Terrier, American Staffordshire Terrier, Australian Silky Terrier, Fox Terriers, German Hunting Terrier, Japanese Terrier, Kerry Blue Terrier, Lakeland Terrier, Manchester Terrier, Norfolk Terrier, Norwich Terrier, Scottish Terrier, Sealyham Terrier, Skye Terrier, Staffordshire Bull Terrier, Tenterfield Terrier, Valencian Terrier&nbsp;<strong>Rony Doedijns<\/strong>, The Netherlands<\/p>\n\n\n\n<p><strong>FCI 4<\/strong><br>all breeds&nbsp;<strong>Juha-Matti Lehtinen<\/strong><\/p>\n\n\n\n<p><strong>FCI 5<\/strong><br><em>Reserve judge for all FCI 5 breeds&nbsp;<strong>Jelena Tokareva<\/strong>, Latvia<\/em><br>Canadian Eskimo Dog, Mittelspitzes&nbsp;<strong>Jelena Tokareva<\/strong>, Latvia<br>Eurasian, Peruvian Hairless Dogs, Thai Ridgeback Dog, Xoloitzcuintles&nbsp;<strong>Nina Lindqvist<\/strong><br>Akita, American Akita, American Eskimo Dog, Basenji, Canaan Dog, Chow Chow, Cirneco dell'Etna, Danish Spitz, East Siberian Laika, Greenland Dog, Ibizan Podencos, Pharaoh Hound, Portuguese Podengos, Shiba, Swedish Elkhound, West Siberian Laika, Yakutian Laika&nbsp;<strong>Sari Holopainen<\/strong><br>Canarian Warren Hound, Grosspitzes, Hokkaido, Icelandic Sheepdog, Italian Volpino, Japanese Spitz, Kai, Keeshond (Wolfspitz), Kintamani-Bali Dog, Kishu, Korea Jindo Dog, Kleinspitzes, Norwegian Lundehund, Pomeranian, Russian-European Laika, Shikoku, Taiwan Dog, Thai Bangkaew Dog&nbsp;<strong>Siru Rajala<\/strong><br>Alaskan Malamute, Black Spitz, Finnish Lapponian Dog, Finnish Spitz, H\u00e4lleforshund, Karelian Bear Dog, Lapponian Herder, Norrbottenspitz, Norwegian Buhund, Norwegian Elkhound Black, Norwegian Elkhound Grey, Samoyed, Siberian Husky, Swedish Lapphund, Swedish Vallhund, Swedish White Elkhound&nbsp;<strong>Tarja Tastula<\/strong><\/p>\n\n\n\n<p><strong>FCI 6<\/strong><br><em>Reserve judge for all FCI 6 breeds&nbsp;<strong>Juha-Matti Lehtinen<\/strong><\/em><br>Anglo Russian Hound, Ariegeois, Austrian Black &amp; Tan Hound, Beagle Harrier, Bosnian Broken-Haired Hound-Called Barak, Brazilian Tracker, Coarse-haired Italian Hound, Coarse-Haired Styrian Hound, English Foxhound, Gascon Saintongeois, Harrier, Hellenic Hound, Istrian Short-Haired Hound, Istrian Wire-Haired Hound, Italian Short-Haired Segugio, Montenegrin Mountain Hound, Poitevin, Segugio Maremmano, Serbian Tricolour Hound&nbsp;<strong>Juha-Matti Lehtinen<\/strong><br>German Hound, Hungarian Hound - Transylvanian Scent Hound, Polish Hound, Polish Hunting Dog, Posavatz Hound, Serbian Hound, Slovakian Hound, Spanish Hound, Swiss Hound, Bernese Hound, Swiss Hound, Jura Hound, Swiss Hound, Lucerne Hound, Swiss Hound, Schwyz Hound&nbsp;<strong>Sari Holopainen<\/strong><br>other breeds&nbsp;<strong>Nina Lindqvist<\/strong><\/p>\n\n\n\n<p><strong>FCI 7<\/strong><br>all breeds&nbsp;<strong>Reia Leikola-Walden<\/strong><\/p>\n\n\n\n<p><strong>FCI 8<\/strong><br><em>Reserve judge for all FCI 8 breeds&nbsp;<strong>Reia Leikola-Walden<\/strong><\/em><br>Curly Coated Retriever, French Water Dog, German Spaniel, Nederlandse Kooikerhondje, Nova Scotia Duck Tolling Retriever, Polish Hunting Spaniel, Russian Spaniel, Spanish Water Dog&nbsp;<strong>Reia Leikola-Walden<\/strong><br>American Cocker Spaniel, Clumber Spaniel, Cocker Spaniel, English Springer Spaniel, Field Spaniel, Flat Coated Retriever, Golden Retriever, Lagotto Romagnolo, Portuguese Water Dog, Sussex Spaniel, Welsh Springer Spaniel&nbsp;<strong>Sara Nordin<\/strong>, Sweden<br>American Water Spaniel, Chesapeake Bay Retriever, Irish Water Spaniel, Labrador Retriever, Wetterhoun&nbsp;<strong>Sari Holopainen<\/strong><\/p>\n\n\n\n<p><strong>FCI 9<\/strong><br><em>Reserve judge for all FCI 9 breeds&nbsp;<strong>Drin Zhaveli<\/strong>, Kosovo<\/em><br>Bichon Frise, Cavalier King Charles Spaniel, Coton de Tulear, Havanese, Japanese Chin, Maltese, Markiesje, Russkaja Tsvetnaja Bolonka&nbsp;<strong>Heidi K\u00e4rkk\u00e4inen<\/strong><br>King Charles Spaniel, Papillon, Phal\u00e8ne, Shih Tzu&nbsp;<strong>Jelena Tokareva<\/strong>, Latvia<br>Chihuahua Long-haired, Chihuahua Smooth-haired, French Bulldog, Kromfohrl\u00e4nder, Lhasa Apso, Pug, Tibetan Spaniel, Tibetan Terrier&nbsp;<strong>Kari Kuosmanen<\/strong><br>Griffon Belge, Griffon Bruxellois, Little Lion Dog, Poodles, Petit Braban\u00e7on, Pra\u017esk\u00fd Krysar\u00edk, Russian Toys&nbsp;<strong>Paula Tuominen<\/strong><br>Bolognese, Boston Terrier, Chinese Crested Dog, Pekingese&nbsp;<strong>Sara Nordin<\/strong>, Sweden<\/p>\n\n\n\n<p><strong>FCI 10<\/strong><br><em>Reserve judge for all FCI 10 breeds&nbsp;<strong>Rony Doedijns<\/strong>, The Netherlands<\/em><br>Afghan Hound, Azawakh, Borzoi, Greyhound, Irish Wolfhound, Italian Greyhound, Saluki, Spanish Greyhound, Whippet&nbsp;<strong>Jelena Tokareva<\/strong>, Latvia<br>Deerhound, Hungarian Greyhound, Kazakh Tazy, Polish Greyhound, Sloughi&nbsp;<strong>Paula Tuominen<\/strong><br><br>Junior Handler&nbsp;<strong>Tiia Virtanen<\/strong><br><br><strong>Finals<\/strong><br>1<strong>&nbsp;<mark style=\"background-color:rgba(0, 0, 0, 0)\" class=\"has-inline-color has-vivid-red-color\">Tuire Okkola<\/mark><\/strong><br>2<strong>&nbsp;Drin Zhaveli<\/strong>, Kosovo<br>3<strong>&nbsp;Peter Lauber<\/strong>, Switzerland<br>4<strong>&nbsp;Juha-Matti Lehtinen<\/strong><br>5<strong>&nbsp;Tarja Tastula<\/strong><br>6<strong>&nbsp;Nina Lindqvist<\/strong><br>7<strong>&nbsp;Reia Leikola-Walden<\/strong><br>8<strong>&nbsp;Sara Nordin<\/strong>, Sweden<br>9<strong>&nbsp;Rony Doedijns<\/strong>, The Netherlands<br>10<strong>&nbsp;Jelena Tokareva<\/strong>, Latvia<br><br>Best Junior&nbsp;<strong>Drin Zhaveli<\/strong>, Kosovo<br>Best Veteran&nbsp;<strong><mark style=\"background-color:rgba(0, 0, 0, 0)\" class=\"has-inline-color has-vivid-red-color\">Tuire Okkola<\/mark><\/strong><br>Best Breeder Group&nbsp;<strong>Rony Doedijns<\/strong>, The Netherlands<br>Best in Show<strong>&nbsp;Rony Doedijns<\/strong>, The Netherlands<\/p>\n","protected":false},"excerpt":{"rendered":"<p>Update 11.2.2026 \u2013 Change of judgeDina Korna is unfortunately unable to attend to our show.Breeds and finals previously marked to Korna will be judged by Tuire Okkola.Changes are marked with red in the list of judges below. FCI 1Reserve judge for all FCI 1 breeds&nbsp;Rony Doedijns, The NetherlandsAustralian Cattle Dog, Australian Kelpie, Australian Shepherd, Australian <a href=\"https:\/\/www.showlink.fi\/shows\/hyvinkaaKR_230526\/in-english\/judges\/\" class=\"more-link\">...jatka lukemista<span class=\"screen-reader-text\"> \"Judges\"<\/span><\/a><\/p>\n","protected":false},"author":1,"featured_media":0,"parent":23,"menu_order":0,"comment_status":"closed","ping_status":"closed","template":"","meta":{"footnotes":""},"class_list":["post-27","page","type-page","status-publish","h-entry","hentry","h-as-page"],"_links":{"self":[{"href":"https:\/\/www.showlink.fi\/shows\/hyvinkaaKR_230526\/wp-json\/wp\/v2\/pages\/27","targetHints":{"allow":["GET"]}}],"collection":[{"href":"https:\/\/www.showlink.fi\/shows\/hyvinkaaKR_230526\/wp-json\/wp\/v2\/pages"}],"about":[{"href":"https:\/\/www.showlink.fi\/shows\/hyvinkaaKR_230526\/wp-json\/wp\/v2\/types\/page"}],"author":[{"embeddable":true,"href":"https:\/\/www.showlink.fi\/shows\/hyvinkaaKR_230526\/wp-json\/wp\/v2\/users\/1"}],"replies":[{"embeddable":true,"href":"https:\/\/www.showlink.fi\/shows\/hyvinkaaKR_230526\/wp-json\/wp\/v2\/comments?post=27"}],"version-history":[{"count":1,"href":"https:\/\/www.showlink.fi\/shows\/hyvinkaaKR_230526\/wp-json\/wp\/v2\/pages\/27\/revisions"}],"predecessor-version":[{"id":28,"href":"https:\/\/www.showlink.fi\/shows\/hyvinkaaKR_230526\/wp-json\/wp\/v2\/pages\/27\/revisions\/28"}],"up":[{"embeddable":true,"href":"https:\/\/www.showlink.fi\/shows\/hyvinkaaKR_230526\/wp-json\/wp\/v2\/pages\/23"}],"wp:attachment":[{"href":"https:\/\/www.showlink.fi\/shows\/hyvinkaaKR_230526\/wp-json\/wp\/v2\/media?parent=27"}],"curies":[{"name":"wp","href":"https:\/\/api.w.org\/{rel}","templated":true}]}}