{"id":14,"date":"2018-10-08T11:55:08","date_gmt":"2018-10-08T08:55:08","guid":{"rendered":"http:\/\/www.showlink.fi\/shows\/kotkanruusu2019v1\/?page_id=14"},"modified":"2025-11-20T15:46:22","modified_gmt":"2025-11-20T13:46:22","slug":"ilmoittautuminen","status":"publish","type":"page","link":"https:\/\/www.showlink.fi\/shows\/kotka26\/ilmoittautuminen\/","title":{"rendered":"Ilmoittautuminen"},"content":{"rendered":"\n<p>Ilmoittaessaan koiransa n\u00e4yttelyyn n\u00e4ytteilleasettaja sitoutuu noudattamaan Suomen Kennelliiton voimassa olevia n\u00e4yttelys\u00e4\u00e4nt\u00f6j\u00e4 ja niit\u00e4 t\u00e4ydent\u00e4vi\u00e4 ohjeita sek\u00e4 rokotusm\u00e4\u00e4r\u00e4yksi\u00e4.&nbsp; S\u00e4\u00e4nn\u00f6t l\u00f6ytyv\u00e4t&nbsp;<a href=\"https:\/\/www.kennelliitto.fi\/koiraharrastukset\/koiranayttelyt\/ohjeita-ja-lomakkeita-nayttelyyn-osallistujille-ja-nayttelyn-jarjestajille\"><strong>Kennelliiton kotisivuilta<\/strong><\/a>.<\/p>\n\n\n\n<p>Ilmoittautumiset viimeist\u00e4\u00e4n<strong>&nbsp;7.4. \/ 11.5. \/ 22.5. \/ 1.6. <\/strong>menness\u00e4.<\/p>\n\n\n\n<p><strong>Ilmoittautuminen n\u00e4yttelyyn tulee tehd\u00e4 internetiss\u00e4.<\/strong><br>T\u00e4h\u00e4n n\u00e4yttelyyn ei ole mahdollista tehd\u00e4 ilmoittautumista postitse.<\/p>\n\n\n\n<p><strong>Kaikki n\u00e4yttelykutsut tullaan l\u00e4hett\u00e4m\u00e4\u00e4n s\u00e4hk\u00f6isesti.<\/strong><br>Kutsuja ei l\u00e4hetet\u00e4 postitse.<\/p>\n\n\n\n<p><strong>Online-ilmoittautuminen<\/strong>\u00a0osoitteessa\u00a0<a href=\"https:\/\/www.showlink.fi\/show\/\">www.showlink.fi<\/a>\u00a0\u2192<strong>\u00a0<a href=\"https:\/\/ilmoittautuminen.kennelliitto.fi\/frmEtusivu.aspx\">ILMOITTAUDU N\u00c4YTTELYYN<\/a><\/strong><\/p>\n\n\n\n<p>Online-ilmoittautumisesta tulee aina vahvistus s\u00e4hk\u00f6postiisi. Jollet saa vahvistusta, ota v\u00e4litt\u00f6m\u00e4sti yhteytt\u00e4 asiakaspalveluumme. Tarkasta ilmoittautumisesta koirasi tiedot ja kilpailuluokka. S\u00e4ilyt\u00e4 vahvistus n\u00e4yttelyp\u00e4iv\u00e4\u00e4n asti. Netti-ilmoittautuminen maksetaan verkkopankilla tai luottokortilla ilmoittautumisen yhteydess\u00e4. <\/p>\n\n\n\n<p><strong>Ilmoittautumismaksut 7.4.2026&nbsp;menness\u00e4:<\/strong><br>\u00bb ensimm\u00e4inen koira&nbsp;<strong>42&nbsp;\u20ac<br><\/strong>\u00bb saman omistajan 2. koira jne.&nbsp;<strong>38 \u20ac<\/strong><br>\u00bb pennut ja veteraanit<strong>&nbsp;34 \u20ac<\/strong><\/p>\n\n\n\n<p><strong>Ilmoittautumismaksut 8.4.-11.5.2026&nbsp;v\u00e4lisen\u00e4 aikana:<\/strong><br>\u00bb ensimm\u00e4inen koira<strong>&nbsp;47 \u20ac<br><\/strong>\u00bb saman omistajan 2. koira jne.<strong>&nbsp;42 \u20ac<\/strong><br>\u00bb pennut ja veteraanit<strong>&nbsp;38 \u20ac<\/strong><\/p>\n\n\n\n<p><strong>Ilmoittautumismaksut&nbsp;12.-22.5.2026 v\u00e4lisen\u00e4 aikana:<\/strong><br>\u00bb ensimm\u00e4inen koira<strong>&nbsp;52 \u20ac<br><\/strong>\u00bb saman omistajan 2. koira jne.<strong>&nbsp;47 \u20ac<\/strong><br>\u00bb pennut ja veteraanit<strong>&nbsp;43 \u20ac<\/strong><\/p>\n\n\n\n<p><strong>Ilmoittautumismaksut&nbsp;23.5.-1.6.2026 v\u00e4lisen\u00e4 aikana:<\/strong><br>\u00bb <strong>64 \u20ac<\/strong>&nbsp;\/ koira, kaikki luokat<\/p>\n\n\n\n<hr class=\"wp-block-separator has-text-color has-alpha-channel-opacity has-background\" style=\"background-color:#b0b0b021;color:#b0b0b021\"\/>\n\n\n\n<h2 class=\"wp-block-heading\">Lis\u00e4tietoa<\/h2>\n\n\n\n<p>Ilmoittautumisajan p\u00e4\u00e4ttymisen j\u00e4lkeen koiraa ei voida siirt\u00e4\u00e4 toiseen luokkaan (ellei kysymyksess\u00e4 ole j\u00e4rjest\u00e4j\u00e4st\u00e4 johtuva virhe). Uros, jolla ei ole normaalit kivekset saa hyl\u00e4tyn.<\/p>\n\n\n\n<p>Ulkomaisessa rekisteriss\u00e4 olevilta koirilta tarvitaan valioluokkaan osallistumista varten valiotodistus ja k\u00e4ytt\u00f6luokkaan osallistumista varten k\u00e4ytt\u00f6koetodistus (WCC, Working Class Certificate). Jos valiotodistus tai WCC puuttuu, koira siirret\u00e4\u00e4n avoimeen luokkaan.<\/p>\n\n\n\n<p><strong>Huom!&nbsp;<\/strong>Alennuksen (saman omistajan toinen jne. koira) saaminen edellytt\u00e4\u00e4 sit\u00e4 ett\u00e4 ilmoittautuminen tehd\u00e4\u00e4n samalla netti-ilmoittautumiskerralla. Samaksi omistajaksi tulkitaan ilmoittautumistapahtuman ensimm\u00e4iselle koiralle ensimm\u00e4iseksi omistajaksi merkitty henkil\u00f6.<\/p>\n\n\n\n<p><strong>Ilmoittautumisia ja kasvattajaryhmi\u00e4 koskevat tiedustelut<\/strong><br>Showlink Oy arkisin klo 11-17 puh. 09 887 30320 tai e-mail: info@showlink.fi<\/p>\n\n\n\n<p><em>Mainitsethan tiedustelussasi \/ s\u00e4hk\u00f6postissasi n\u00e4yttelyn nimen sek\u00e4 koiran rekisterinumeron, jota tiedustelu koskee. Jollet saa ilmoittautumisestasi vahvistusta s\u00e4hk\u00f6postiisi, ota v\u00e4litt\u00f6m\u00e4sti yhteytt\u00e4 asiakaspalveluumme. Tarkasta ilmoittautumisesta koirasi tiedot ja kilpailuluokka.<\/em><\/p>\n\n\n\n<p>Ilmoittautuminen on teht\u00e4v\u00e4 kirjallisesti \u2013 pelkk\u00e4 n\u00e4yttelymaksun suoritus ei ole ilmoittautuminen!<br>Kirjallisen ilmoittautumisen voit tehd\u00e4 vain vahvistettuna netti-ilmoittautumisena. My\u00f6h\u00e4styneit\u00e4 ilmoittautumisia ei hyv\u00e4ksyt\u00e4 mukaan n\u00e4yttelyyn.<\/p>\n\n\n\n<p><strong>Rokotusm\u00e4\u00e4r\u00e4ykset&nbsp;<\/strong>Suomen Kennelliitto-Finska Kennelklubben ry:n m\u00e4\u00e4r\u00e4ysten mukaan.<br>Suomen lain vastaisesti typistetyt koirat eiv\u00e4t saa osallistua n\u00e4yttelyyn.<br>N\u00e4yttelyyn osallistuvan koiran tulee olla tunnistusmerkitty.<br>Tunnistusmerkint\u00e4 on pakollinen Kennelliiton virallisissa n\u00e4yttelyiss\u00e4, kokeissa ja kilpailuissa.<\/p>\n\n\n\n<p><strong>Antidoping \u2013valvonta<\/strong><br>Dopingvalvonta koskee kaikkia Suomen Kennelliiton my\u00f6nt\u00e4mi\u00e4 n\u00e4yttelyit\u00e4, kilpailuja ja kokeita. Ajankohtaisinta tietoa osoitteessa&nbsp;<a href=\"https:\/\/www.kennelliitto.fi\/koiraharrastukset\/antidoping\">KENNELLIITTO \/ ANTIDOPING<\/a><\/p>\n","protected":false},"excerpt":{"rendered":"<p>Ilmoittaessaan koiransa n\u00e4yttelyyn n\u00e4ytteilleasettaja sitoutuu noudattamaan Suomen Kennelliiton voimassa olevia n\u00e4yttelys\u00e4\u00e4nt\u00f6j\u00e4 ja niit\u00e4 t\u00e4ydent\u00e4vi\u00e4 ohjeita sek\u00e4 rokotusm\u00e4\u00e4r\u00e4yksi\u00e4.&nbsp; S\u00e4\u00e4nn\u00f6t l\u00f6ytyv\u00e4t&nbsp;Kennelliiton kotisivuilta. Ilmoittautumiset viimeist\u00e4\u00e4n&nbsp;7.4. \/ 11.5. \/ 22.5. \/ 1.6. menness\u00e4. Ilmoittautuminen n\u00e4yttelyyn tulee tehd\u00e4 internetiss\u00e4.T\u00e4h\u00e4n n\u00e4yttelyyn ei ole mahdollista tehd\u00e4 ilmoittautumista postitse. Kaikki n\u00e4yttelykutsut tullaan l\u00e4hett\u00e4m\u00e4\u00e4n s\u00e4hk\u00f6isesti.Kutsuja ei l\u00e4hetet\u00e4 postitse. Online-ilmoittautuminen\u00a0osoitteessa\u00a0www.showlink.fi\u00a0\u2192\u00a0ILMOITTAUDU N\u00c4YTTELYYN Online-ilmoittautumisesta tulee aina vahvistus <a href=\"https:\/\/www.showlink.fi\/shows\/kotka26\/ilmoittautuminen\/\" class=\"more-link\">...jatka lukemista<span class=\"screen-reader-text\"> \"Ilmoittautuminen\"<\/span><\/a><\/p>\n","protected":false},"author":1,"featured_media":0,"parent":0,"menu_order":3,"comment_status":"closed","ping_status":"closed","template":"","meta":{"footnotes":""},"class_list":["post-14","page","type-page","status-publish","h-entry","hentry","h-as-page"],"_links":{"self":[{"href":"https:\/\/www.showlink.fi\/shows\/kotka26\/wp-json\/wp\/v2\/pages\/14","targetHints":{"allow":["GET"]}}],"collection":[{"href":"https:\/\/www.showlink.fi\/shows\/kotka26\/wp-json\/wp\/v2\/pages"}],"about":[{"href":"https:\/\/www.showlink.fi\/shows\/kotka26\/wp-json\/wp\/v2\/types\/page"}],"author":[{"embeddable":true,"href":"https:\/\/www.showlink.fi\/shows\/kotka26\/wp-json\/wp\/v2\/users\/1"}],"replies":[{"embeddable":true,"href":"https:\/\/www.showlink.fi\/shows\/kotka26\/wp-json\/wp\/v2\/comments?post=14"}],"version-history":[{"count":36,"href":"https:\/\/www.showlink.fi\/shows\/kotka26\/wp-json\/wp\/v2\/pages\/14\/revisions"}],"predecessor-version":[{"id":860,"href":"https:\/\/www.showlink.fi\/shows\/kotka26\/wp-json\/wp\/v2\/pages\/14\/revisions\/860"}],"wp:attachment":[{"href":"https:\/\/www.showlink.fi\/shows\/kotka26\/wp-json\/wp\/v2\/media?parent=14"}],"curies":[{"name":"wp","href":"https:\/\/api.w.org\/{rel}","templated":true}]}}