{"id":13,"date":"2023-01-13T15:57:43","date_gmt":"2023-01-13T13:57:43","guid":{"rendered":"https:\/\/www.showlink.fi\/shows\/kuopiot2023\/?page_id=13"},"modified":"2026-01-08T08:43:36","modified_gmt":"2026-01-08T06:43:36","slug":"tiedustelut","status":"publish","type":"page","link":"https:\/\/www.showlink.fi\/shows\/kuopioKV2026\/?page_id=13","title":{"rendered":"Tiedustelut"},"content":{"rendered":"\n<p><strong>Ilmoittautumisia koskevat tiedustelut<br><\/strong>arkisin klo 11-17 puh. (09) 8873 0320 tai info@showlink.fi<br><em>Mainitsethan tiedustelussasi \/ s\u00e4hk\u00f6postissasi n\u00e4yttelyn nimen ja p\u00e4iv\u00e4m\u00e4\u00e4r\u00e4n sek\u00e4 koiran rekisterinumeron, jota tiedustelu koskee.<\/em><\/p>\n\n\n\n<p><strong>Markkinointi, myynti-, ja s\u00e4hk\u00f6paikat<\/strong><br>Kari Lepp\u00e4nen <br>kari.leppanen@icloud.com <br>tai puh. 040&nbsp;164 4600<\/p>\n\n\n\n<p><strong>Muut tiedustelut ja harjoitusarvostelijat<\/strong><br>Tuula Laitinen <br>tlaitinen65@gmail.com <br>tai klo 18-20 v\u00e4lill\u00e4 puh. 050 512 5031<\/p>\n\n\n\n<p><strong>Keh\u00e4toimitsijat<\/strong><br>leija.koponen@uef.fi<br><br><\/p>\n\n\n\n<p><\/p>\n","protected":false},"excerpt":{"rendered":"<p>Ilmoittautumisia koskevat tiedustelutarkisin klo 11-17 puh. (09) 8873 0320 tai info@showlink.fiMainitsethan tiedustelussasi \/ s\u00e4hk\u00f6postissasi n\u00e4yttelyn nimen ja p\u00e4iv\u00e4m\u00e4\u00e4r\u00e4n sek\u00e4 koiran rekisterinumeron, jota tiedustelu koskee. Markkinointi, &hellip;<\/p>\n","protected":false},"author":1,"featured_media":0,"parent":0,"menu_order":6,"comment_status":"closed","ping_status":"closed","template":"","meta":{"footnotes":""},"class_list":["post-13","page","type-page","status-publish","hentry"],"_links":{"self":[{"href":"https:\/\/www.showlink.fi\/shows\/kuopioKV2026\/index.php?rest_route=\/wp\/v2\/pages\/13","targetHints":{"allow":["GET"]}}],"collection":[{"href":"https:\/\/www.showlink.fi\/shows\/kuopioKV2026\/index.php?rest_route=\/wp\/v2\/pages"}],"about":[{"href":"https:\/\/www.showlink.fi\/shows\/kuopioKV2026\/index.php?rest_route=\/wp\/v2\/types\/page"}],"author":[{"embeddable":true,"href":"https:\/\/www.showlink.fi\/shows\/kuopioKV2026\/index.php?rest_route=\/wp\/v2\/users\/1"}],"replies":[{"embeddable":true,"href":"https:\/\/www.showlink.fi\/shows\/kuopioKV2026\/index.php?rest_route=%2Fwp%2Fv2%2Fcomments&post=13"}],"version-history":[{"count":9,"href":"https:\/\/www.showlink.fi\/shows\/kuopioKV2026\/index.php?rest_route=\/wp\/v2\/pages\/13\/revisions"}],"predecessor-version":[{"id":437,"href":"https:\/\/www.showlink.fi\/shows\/kuopioKV2026\/index.php?rest_route=\/wp\/v2\/pages\/13\/revisions\/437"}],"wp:attachment":[{"href":"https:\/\/www.showlink.fi\/shows\/kuopioKV2026\/index.php?rest_route=%2Fwp%2Fv2%2Fmedia&parent=13"}],"curies":[{"name":"wp","href":"https:\/\/api.w.org\/{rel}","templated":true}]}}