{"id":17,"date":"2023-01-13T16:02:15","date_gmt":"2023-01-13T14:02:15","guid":{"rendered":"https:\/\/www.showlink.fi\/shows\/kuopiot2023\/?page_id=17"},"modified":"2026-01-19T09:26:44","modified_gmt":"2026-01-19T07:26:44","slug":"tuomarit-kr-5-8","status":"publish","type":"page","link":"https:\/\/www.showlink.fi\/shows\/kuopioKV2026\/?page_id=17","title":{"rendered":"Tuomarit"},"content":{"rendered":"\n<p><strong>Lauantaina 1.8. arvostellaan FCI:n ryhm\u00e4t 2, 3, 4, 6, 9<\/strong><br><strong>Sunnuntaina 2.8. arvostellaan FCI:n ryhm\u00e4t 1, 5, 7, 8, 10<\/strong><\/p>\n\n\n\n<h2 class=\"wp-block-heading\">Lauantai<\/h2>\n\n\n\n<p><strong>Ryhm\u00e4 2<\/strong><br>aidi, alentejonkoira, apinapinseri, berninpaimenkoira, bokseri, bordeauxindoggi, englanninbulldoggi, estrelanvuoristokoirat, it\u00e4vallanpinseri, kanariandoggi, karstinpaimenkoira, kaukasiankoira, keskiaasiankoira, landseer, pinseri&nbsp;<strong>George Schogol<\/strong>, Georgia<br>cane corso, castro laboreironkoira, dobermanni, dogo argentino, hovawart, leonberginkoira, musta romanianvuoristokoira, rottweiler, sarplaninac, shar pei&nbsp;<strong>Juha Putkonen<\/strong><br>appenzellinpaimenkoira, broholminkoira, bukovinankoira, continental bulldog, entlebuchinpaimenkoira, espanjanmastiffi, fila brasileiro, hollanninrottakoira, isosveitsinpaimenkoira, kangalinkoira, mallorcandoggi, mastiffi, napolinmastiffi, newfoundlandinkoira, pyreneittenkoira, sao miguelinfila, tornjak, tosa, transmontano mastiff&nbsp;<strong>Markku M\u00e4h\u00f6nen<\/strong><br>bernhardinkoirat, bullmastiffi, k\u00e4\u00e4pi\u00f6pinseri, k\u00e4\u00e4pi\u00f6snautserit, pyreneittenmastiffi, snautserit, suursnautserit, tanskalais-ruotsalainen pihakoira, tanskandoggit, tiibetinmastiffi, uruguayncimarron, ven\u00e4j\u00e4nmustaterrieri&nbsp;<strong>Tanya Ahlman-Stockmari<\/strong><\/p>\n\n\n\n<p><strong>Ryhm\u00e4 3<\/strong><br>karkeakarvainen kettuterrieri, norfolkinterrieri, norwichinterrieri, parsonrussellinterrieri, sile\u00e4karvainen kettuterrieri, silkkiterrieri, skotlanninterrieri, skyenterrieri&nbsp;<strong>Anca Giura<\/strong>, Romania<br>airedalenterrieri, amerikanstaffordshirenterrieri, biewerterrieri, brasilianterrieri, bullterrieri, ceskyterrieri, dandiedinmontinterrieri, englannink\u00e4\u00e4pi\u00f6terrieri, glen of imaalinterrieri, irlanninterrieri, k\u00e4\u00e4pi\u00f6bullterrieri, staffordshirenbullterrieri&nbsp;<strong>Espen Engh<\/strong>, Norja<br>amerikankarvatonterrieri, amerikank\u00e4\u00e4pi\u00f6kettuterrieri, amerikanrottaterrieri, andalusianrottakoira, bedlingtoninterrieri, borderterrieri, cairnterrieri, kerrynterrieri, manchesterinterrieri, tenterfieldinterrieri, valencianrottaterrieri, vehn\u00e4terrieri, yorkshirenterrieri&nbsp;<strong>Eva Nielsen<\/strong>, Ruotsi<br>australianterrieri, jackrussellinterrieri, japaninterrieri, lakelandinterrieri, saksanmets\u00e4stysterrieri, sealyhaminterrieri, walesinterrieri, valkoinen l\u00e4nsiyl\u00e4maanterrieri&nbsp;<strong>Jaana Kummala<\/strong><\/p>\n\n\n\n<p><strong>Ryhm\u00e4 4<\/strong><br>kaikki rodut&nbsp;<strong>Inga Siil<\/strong>, Viro<\/p>\n\n\n\n<p><strong>Ryhm\u00e4 6<\/strong><br>basset hound, bretagnenbassetti, dalmatiankoira, griffon bleu de gascogne, iso gascognenajokoira, petit basset griffon vend\u00e9en, pieni gascognenajokoira, pienisveitsinajokoira, pieniberninajokoira, pienisveitsinajokoira, pienijuranajokoira, pienisveitsinajokoira, pieniluzerninajokoira, pienisveitsinajokoira, pienischwyzinajokoira, ven\u00e4j\u00e4najokoira&nbsp;<strong>George Schogol<\/strong>, Georgia<br>muut rodut&nbsp;<strong>Riitta Niemel\u00e4<\/strong><\/p>\n\n\n\n<p><strong>Ryhm\u00e4 9<\/strong><br>villakoirat&nbsp;<strong>Francesco Cochetti<\/strong>, Italia<br>cavalier kingcharlesinspanieli, chihuahuat, kiinanharjakoira, lhasa apso, l\u00f6wchen&nbsp;<strong>Helin Tenson<\/strong><br>bostoninterrieri, havannankoira, japanese chin, kiinanpalatsikoira, kingcharlesinspanieli, maltankoira, mopsi, prahanrottakoira, ranskanbulldoggi, shih tzu&nbsp;<strong>Jussi Liimatainen<\/strong><br>bichon fris\u00e9, bolognese, coton de tul\u00e9ar, griffon belge, griffon bruxellois, kromfohrl\u00e4nder, markiesje, petit brabancon, tiibetinspanieli&nbsp;<strong>Laurent Heinesche<\/strong><br>papillon, phal\u00e8ne, tiibetinterrieri, ven\u00e4j\u00e4nbolonka, ven\u00e4j\u00e4ntoyt&nbsp;<strong>Rob Douma<\/strong>, Alankomaat<\/p>\n\n\n\n<p>Junior Handler <strong>Elmiina Kuusonen<\/strong><\/p>\n\n\n\n<p><strong>Ryhm\u00e4kilpailut<\/strong><br>2<strong>&nbsp;George Schogol<\/strong>, Georgia<br>3<strong>&nbsp;Anca Giura<\/strong>, Romania<br>4<strong>&nbsp;Inga Siil<\/strong>, Viro<br>6<strong>&nbsp;Jaana Kummala<\/strong><br>9<strong>&nbsp;Jussi Liimatainen<\/strong><br>Paras juniori&nbsp;<strong>Helin Tenson<\/strong><br>Paras veteraani&nbsp;<strong>Juha Putkonen<\/strong><br>Paras kasvattajaryhm\u00e4&nbsp;<strong>Jussi Liimatainen<\/strong><\/p>\n\n\n\n<h2 class=\"wp-block-heading\">Sunnuntai<\/h2>\n\n\n\n<p><strong>Ryhm\u00e4 1<\/strong><br>pitk\u00e4karvainen collie, romanianpaimenkoira, sile\u00e4karvainen collie, tsekinpaimenkoira&nbsp;<strong>Anca Giura<\/strong>, Romania<br>beaucenpaimenkoira \/ beauceron, belgianpaimenkoirat, bergamonpaimenkoira, bouvier, brienpaimenkoira \/ briardi, ceskoslovensky vlciak, etel\u00e4ven\u00e4j\u00e4nkoira, hollanninpaimenkoirat, it\u00e4euroopanpaimenkoira, karpaattienkoira, katalonianpaimenkoira, komondor, kroatianpaimenkoira, kuvasz, picardienpaimenkoira, pieniamerikanpaimenkoira, saarlooswolfhond, saksanpaimenkoirat, schapendoes, serra de airesinpaimenkoira&nbsp;<strong>George Schogol<\/strong>, Georgia<br>lancashirenkarjakoira, schipperke, shetlanninlammaskoira&nbsp;<strong>Helin Tenson<\/strong><br>ardennienkarjakoira, australian t\u00f6p\u00f6h\u00e4nt\u00e4inen karjakoira, australiankarjakoira, australiankelpie, australianpaimenkoira, bordercollie, mallorcanpaimenkoira, maremmano-abruzzese, medimurjenkoira, mudi, owczarek podhalanski, partacollie, polski owczarek nizinny, pulit, pumi, slovakiancuvac, valkoinenpaimenkoira&nbsp;<strong>Juha Putkonen<\/strong><br>pyreneittenpaimenkoirat, vanhaenglanninlammaskoira, welsh corgi cardigan, welsh corgi pembroke&nbsp;<strong>Jussi Liimatainen<\/strong><\/p>\n\n\n\n<p><strong>Ryhm\u00e4 5<\/strong><br>pohjanpystykorva, siperianhusky&nbsp;<strong>Jussi Liimatainen<\/strong><br>harmaa norjanhirvikoira, it\u00e4siperianlaika, j\u00e4mtlanninpystykorva, karjalankarhukoira, lapinporokoira, l\u00e4nsisiperianlaika, musta norjanhirvikoira, suomenpystykorva, valkoinen ruotsinhirvikoira, ven\u00e4l\u00e4is-eurooppalainen laika&nbsp;<strong>Riitta Niemel\u00e4<\/strong><br>alaskanmalamuutti, h\u00e4lleforsinkoira, portugalinpodengot, grosspitzit, keeshond, kleinspitzit, mittelspitzit, pomeranian&nbsp;<strong>Rob Douma<\/strong>, Alankomaat<br>akita, american eskimo dog, amerikanakita, basenji, buhund, chow chow, etnankoira, eurasier, faaraokoira, gr\u00f6nlanninkoira, hokkaidonkoira, ibizanpodencot, islanninlammaskoira, jakutianlaika, japaninpystykorva, kaanaankoira, kainkoira, kanadaneskimokoira, kanarianpodenco, kintamani-balinkoira, kishunkoira, koreanjindonkoira, lunnikoira, l\u00e4nsig\u00f6\u00f6tanmaanpystykorva, meksikonkarvatonkoirat, musta tanskanpystykorva, perunkarvatonkoirat, ruotsinlapinkoira, samojedinkoira, shiba, shikokunkoira, suomenlapinkoira, taiwaninkoira, tanskanpystykorva, thai ridgeback, thaimaanpystykorva, volpino italiano&nbsp;<strong>Tanya Ahlman-Stockmari<\/strong><\/p>\n\n\n\n<p><strong>Ryhm\u00e4 7<\/strong><br>kaikki rodut&nbsp;<strong>Espen Engh<\/strong>, Norja<\/p>\n\n\n\n<p><strong>Ryhm\u00e4 8<\/strong><br>barbet, chesapeakelahdennoutaja, englanninspringerspanieli, irlanninvesispanieli, kiharakarvainen noutaja, sussexinspanieli, walesinspringerspanieli&nbsp;<strong>Francesco Cochetti<\/strong>, Italia<br>amerikancockerspanieli, clumberinspanieli, cockerspanieli, fieldspanieli, friisinvesikoira, kooikerhondje, lagotto romagnolo, puolanmets\u00e4stysspanieli, ven\u00e4j\u00e4nspanieli, viiri\u00e4iskoira&nbsp;<strong>Inga Siil<\/strong>, Viro<br>kultainennoutaja, labradorinnoutaja&nbsp;<strong>Jaana Kummala<\/strong><br>amerikanvesispanieli, espanjanvesikoira, novascotiannoutaja, portugalinvesikoira, sile\u00e4karvainen noutaja&nbsp;<strong>Markku M\u00e4h\u00f6nen<\/strong><\/p>\n\n\n\n<p><strong>Ryhm\u00e4 10<\/strong><br>kaikki rodut&nbsp;<strong>Laurent Heinesche<\/strong><\/p>\n\n\n\n<p>Junior Handler&nbsp;<strong>Marko Salmela<\/strong><\/p>\n\n\n\n<p><strong>Ryhm\u00e4kilpailut<\/strong><br>1<strong>&nbsp;Juha Putkonen<\/strong><br>5<strong>&nbsp;Eva Nielsen<\/strong>, Ruotsi<br>7<strong>&nbsp;Espen Engh<\/strong>, Norja<br>8<strong>&nbsp;Markku M\u00e4h\u00f6nen<\/strong><br>10<strong>&nbsp;Laurent Heinesche<\/strong><br>Paras juniori&nbsp;<strong>Tanya Ahlman-Stockmari<\/strong><br>Paras veteraani&nbsp;<strong>Rob Douma<\/strong>, Alankomaat<br>Paras kasvattajaryhm\u00e4&nbsp;<strong>Jaana Kummala<\/strong><\/p>\n\n\n\n<p>Best in Show<strong>&nbsp;Francesco Cochetti<\/strong>, Italia<\/p>\n","protected":false},"excerpt":{"rendered":"<p>Lauantaina 1.8. arvostellaan FCI:n ryhm\u00e4t 2, 3, 4, 6, 9Sunnuntaina 2.8. arvostellaan FCI:n ryhm\u00e4t 1, 5, 7, 8, 10 Lauantai Ryhm\u00e4 2aidi, alentejonkoira, apinapinseri, berninpaimenkoira, &hellip;<\/p>\n","protected":false},"author":1,"featured_media":0,"parent":0,"menu_order":2,"comment_status":"closed","ping_status":"closed","template":"","meta":{"footnotes":""},"class_list":["post-17","page","type-page","status-publish","hentry"],"_links":{"self":[{"href":"https:\/\/www.showlink.fi\/shows\/kuopioKV2026\/index.php?rest_route=\/wp\/v2\/pages\/17","targetHints":{"allow":["GET"]}}],"collection":[{"href":"https:\/\/www.showlink.fi\/shows\/kuopioKV2026\/index.php?rest_route=\/wp\/v2\/pages"}],"about":[{"href":"https:\/\/www.showlink.fi\/shows\/kuopioKV2026\/index.php?rest_route=\/wp\/v2\/types\/page"}],"author":[{"embeddable":true,"href":"https:\/\/www.showlink.fi\/shows\/kuopioKV2026\/index.php?rest_route=\/wp\/v2\/users\/1"}],"replies":[{"embeddable":true,"href":"https:\/\/www.showlink.fi\/shows\/kuopioKV2026\/index.php?rest_route=%2Fwp%2Fv2%2Fcomments&post=17"}],"version-history":[{"count":35,"href":"https:\/\/www.showlink.fi\/shows\/kuopioKV2026\/index.php?rest_route=\/wp\/v2\/pages\/17\/revisions"}],"predecessor-version":[{"id":442,"href":"https:\/\/www.showlink.fi\/shows\/kuopioKV2026\/index.php?rest_route=\/wp\/v2\/pages\/17\/revisions\/442"}],"wp:attachment":[{"href":"https:\/\/www.showlink.fi\/shows\/kuopioKV2026\/index.php?rest_route=%2Fwp%2Fv2%2Fmedia&parent=17"}],"curies":[{"name":"wp","href":"https:\/\/api.w.org\/{rel}","templated":true}]}}