{"id":339,"date":"2025-03-13T08:04:39","date_gmt":"2025-03-13T06:04:39","guid":{"rendered":"https:\/\/www.showlink.fi\/shows\/kuopioKV2025\/?page_id=339"},"modified":"2026-02-05T09:56:05","modified_gmt":"2026-02-05T07:56:05","slug":"yleisolle","status":"publish","type":"page","link":"https:\/\/www.showlink.fi\/shows\/kuopioKV2026\/?page_id=339","title":{"rendered":"Yleis\u00f6lle"},"content":{"rendered":"\n<p><strong>Yleis\u00f6ohje<\/strong><br>Toivotamme yleis\u00f6n l\u00e4mpim\u00e4sti tervetulleeksi Kuopion Sorsasalon raviradalle Kuopio KV 2026 koiran\u00e4yttelyyn.<\/p>\n\n\n\n<p>Aikataulukirjeet l\u00e4hetet\u00e4\u00e4n osallistujille s\u00e4hk\u00f6postitse noin viikkoa ennen n\u00e4yttely\u00e4.<\/p>\n\n\n\n<p><strong>\u00bb <a href=\"https:\/\/www.showlink.fi\/kuopiokv2026\/opaskartta_2026.pdf\">OPASKARTTA<\/a><\/strong><\/p>\n\n\n\n<p><strong>\u00bb <a href=\"https:\/\/www.showlink.fi\/kuopiokv2026\/myyntipaikkakartta_2026.pdf\">MYYNTIPAIKKAKARTTA<\/a><\/strong><br><br><strong>P\u00e4\u00e4syliput ja pys\u00e4k\u00f6inti<\/strong><br>P\u00e4\u00e4sylippu 10 \u20ac (yhden p\u00e4iv\u00e4n lippu)<br>Alle 12-vuotiaat lapset ilmaiseksi<br>Pys\u00e4k\u00f6inti 5 \u20ac (yhden p\u00e4iv\u00e4n pys\u00e4k\u00f6inti)<br><br><strong>Asuntoautot- ja vaunut<\/strong><br>S\u00e4hk\u00f6paikka 60 \u20ac (koko ajalta)<br>Paikka ilman s\u00e4hk\u00f6\u00e4 30 \u20ac (koko ajalta)<\/p>\n\n\n\n<p>S\u00e4hk\u00f6paikat varataan markkinoinnista!<br>kari.leppanen@icloud.com<br><br>Suuren tapahtuman johdosta pyyd\u00e4mme ottamaan huomioon seuraavaa:<br><br><strong>Ajo-ohje<\/strong><br>Sorsasalon raviradan osoite navigaattoriin on: Puikkarintie 20 Kuopio<br>Ravirata sijaitsee valtatie VT 5 (E63) varressa Kuopion pohjoispuolella. VT 5:ll\u00e4 on raviradan kohdalla moottoritie ja sis\u00e4\u00e4ntulorampin numero on etel\u00e4st\u00e4 ja pohjoisesta 72.<br><br><strong>Malttia<\/strong><br>Alueelle saapuessanne k\u00e4ytt\u00e4k\u00e4\u00e4 malttia, varatkaa aikaa ja noudattakaa liikenteenohjaajien opastusta.<br><br><strong>Y\u00f6pyv\u00e4t Asuntovaunut ja -autot<\/strong><br>Asuntovaunuille \u2013 ja autoille on varattu oma P-alue, kysy opastus liikenteenohjaajilta. S\u00e4hk\u00f6t\u00f6n paikkamaksu perit\u00e4\u00e4n portilla, ei etuk\u00e4teisvarausta.<br>Asuntovaunuille ja \u2013 autoille pystymme tarjoamaan s\u00e4hk\u00f6paikkoja rajoitetusti. S\u00e4hk\u00f6paikka t\u00e4ytyy varata ja lunastaa etuk\u00e4teen markkinoinnistamme. Varatessasi paikkaa ilmoita laskutusosoite ja y\u00f6pyv\u00e4n asuntoauton rekisteritunnus, jolla paikka kohdistuu teille. Tullessasi n\u00e4yttelyalueelle esit\u00e4 kuitti maksusta toimitsijoille. Ole liikkeell\u00e4 ajoissa sill\u00e4 paikkoja on rajoitetusti.<br>Paikkamaksut koko n\u00e4yttelyn ajalta, ei vuorokausihinnoittelua!<br><br>N\u00e4yttelyalueella teit\u00e4 palvelee grillikahvio la-su 8-17, sielt\u00e4 l\u00f6ytyy suolaista sek\u00e4 makeaa sy\u00f6t\u00e4v\u00e4\u00e4 ja monenlaista juotavaa.<br>Katsomorakennuksen ravintolasta maistuvaa lounasta seisovasta p\u00f6yd\u00e4st\u00e4 pe-su klo 11-17.<br>P\u00e4\u00e4rakennuksen vieress\u00e4 olevalta terassilta saa virvokkeita koko tapahtuman ajan klo 10-17.<br><em>HUOMIOI, ETT\u00c4 ALUEELLA EI VOI Y\u00d6PY\u00c4 ILMAN LUPAA!<\/em><\/p>\n\n\n\n<p><strong>Purkualue<\/strong><br>P-alueilta on kehiin matkaa maksimissaan 500 m, koirat ja tarvikkeet voi k\u00e4yd\u00e4 purkamassa autosta siihen varatuilla alueilla, jotka ovat l\u00e4hell\u00e4 sis\u00e4\u00e4nk\u00e4yntej\u00e4. Niille ei saa pys\u00e4k\u00f6id\u00e4.<br><br><strong>Rokotustentarkastus<\/strong><br>Rokotuksia tarkastetaan n\u00e4yttelyp\u00e4iv\u00e4n\u00e4 aikana pistokokein. Koiran rekisteritodistus ja\/tai rokotustodistus tulee esitt\u00e4\u00e4 rokotustentarkastuksessa pyydett\u00e4ess\u00e4.<br>Rokotustodistuksesta tulee ilmet\u00e4 koiran yksiselitteiset tunnistustiedot sek\u00e4 koiralle annetun rokotteen valmisteyhteenvedon mukainen rokotuksen viimeinen voimassaolop\u00e4iv\u00e4. Koira(t) tulee pyydett\u00e4ess\u00e4 esitt\u00e4\u00e4 tarkastuksessa!<br><br><strong>Muuta huomioitavaa<\/strong><br>N\u00e4yttelyn aikana vallitsevat kes\u00e4isen l\u00e4mpim\u00e4t olosuhteet. Huolehdithan lemmikkisi hyvinvoinnista!<br><em>KOIRAPARKKI EI OLE AUTOSI!<\/em><br><\/p>\n","protected":false},"excerpt":{"rendered":"<p>Yleis\u00f6ohjeToivotamme yleis\u00f6n l\u00e4mpim\u00e4sti tervetulleeksi Kuopion Sorsasalon raviradalle Kuopio KV 2026 koiran\u00e4yttelyyn. Aikataulukirjeet l\u00e4hetet\u00e4\u00e4n osallistujille s\u00e4hk\u00f6postitse noin viikkoa ennen n\u00e4yttely\u00e4. \u00bb OPASKARTTA \u00bb MYYNTIPAIKKAKARTTA P\u00e4\u00e4syliput ja &hellip;<\/p>\n","protected":false},"author":1,"featured_media":0,"parent":0,"menu_order":3,"comment_status":"closed","ping_status":"closed","template":"","meta":{"footnotes":""},"class_list":["post-339","page","type-page","status-publish","hentry"],"_links":{"self":[{"href":"https:\/\/www.showlink.fi\/shows\/kuopioKV2026\/index.php?rest_route=\/wp\/v2\/pages\/339","targetHints":{"allow":["GET"]}}],"collection":[{"href":"https:\/\/www.showlink.fi\/shows\/kuopioKV2026\/index.php?rest_route=\/wp\/v2\/pages"}],"about":[{"href":"https:\/\/www.showlink.fi\/shows\/kuopioKV2026\/index.php?rest_route=\/wp\/v2\/types\/page"}],"author":[{"embeddable":true,"href":"https:\/\/www.showlink.fi\/shows\/kuopioKV2026\/index.php?rest_route=\/wp\/v2\/users\/1"}],"replies":[{"embeddable":true,"href":"https:\/\/www.showlink.fi\/shows\/kuopioKV2026\/index.php?rest_route=%2Fwp%2Fv2%2Fcomments&post=339"}],"version-history":[{"count":9,"href":"https:\/\/www.showlink.fi\/shows\/kuopioKV2026\/index.php?rest_route=\/wp\/v2\/pages\/339\/revisions"}],"predecessor-version":[{"id":447,"href":"https:\/\/www.showlink.fi\/shows\/kuopioKV2026\/index.php?rest_route=\/wp\/v2\/pages\/339\/revisions\/447"}],"wp:attachment":[{"href":"https:\/\/www.showlink.fi\/shows\/kuopioKV2026\/index.php?rest_route=%2Fwp%2Fv2%2Fmedia&parent=339"}],"curies":[{"name":"wp","href":"https:\/\/api.w.org\/{rel}","templated":true}]}}