{"id":16,"date":"2018-11-16T09:40:48","date_gmt":"2018-11-16T07:40:48","guid":{"rendered":"http:\/\/www.showlink.fi\/shows\/hamina2019_ehdotus\/?page_id=16"},"modified":"2026-03-06T15:59:27","modified_gmt":"2026-03-06T13:59:27","slug":"tulokset","status":"publish","type":"page","link":"https:\/\/www.showlink.fi\/shows\/leppavirtaRN2026\/?page_id=16","title":{"rendered":"Tulokset"},"content":{"rendered":"\n<hr class=\"wp-block-separator has-text-color has-alpha-channel-opacity has-background\" style=\"background-color:#b59b8b3b;color:#b59b8b3b\"\/>\n\n\n\n<p>N\u00e4yttelyss\u00e4mme on reaaliaikainen tulospalvelu. Tulokset tallennetaan n\u00e4yttelyn kuluessa.<\/p>\n\n\n\n<p><strong>\u00bb<\/strong> <strong><a href=\"https:\/\/tulospalvelu.kennelliitto.fi\/nayttelyt\/Tulokset?Id=13861\"><mark style=\"background-color:rgba(0, 0, 0, 0);color:#b69d8d\" class=\"has-inline-color\">Siirry n\u00e4yttelyn tuloksiin<\/mark><\/a><\/strong><\/p>\n\n\n\n<p>Jalostustietoj\u00e4rjestelm\u00e4\u00e4n tulokset tulevat n\u00e4kyviin n\u00e4yttelyn p\u00e4\u00e4tytty\u00e4.<\/p>\n\n\n\n<p><\/p>\n","protected":false},"excerpt":{"rendered":"<p>N\u00e4yttelyss\u00e4mme on reaaliaikainen tulospalvelu. Tulokset tallennetaan n\u00e4yttelyn kuluessa. \u00bb Siirry n\u00e4yttelyn tuloksiin Jalostustietoj\u00e4rjestelm\u00e4\u00e4n tulokset tulevat n\u00e4kyviin n\u00e4yttelyn p\u00e4\u00e4tytty\u00e4.<\/p>\n","protected":false},"author":1,"featured_media":0,"parent":0,"menu_order":6,"comment_status":"closed","ping_status":"closed","template":"","meta":{"footnotes":""},"class_list":["post-16","page","type-page","status-publish","hentry","without-featured-image"],"_links":{"self":[{"href":"https:\/\/www.showlink.fi\/shows\/leppavirtaRN2026\/index.php?rest_route=\/wp\/v2\/pages\/16","targetHints":{"allow":["GET"]}}],"collection":[{"href":"https:\/\/www.showlink.fi\/shows\/leppavirtaRN2026\/index.php?rest_route=\/wp\/v2\/pages"}],"about":[{"href":"https:\/\/www.showlink.fi\/shows\/leppavirtaRN2026\/index.php?rest_route=\/wp\/v2\/types\/page"}],"author":[{"embeddable":true,"href":"https:\/\/www.showlink.fi\/shows\/leppavirtaRN2026\/index.php?rest_route=\/wp\/v2\/users\/1"}],"replies":[{"embeddable":true,"href":"https:\/\/www.showlink.fi\/shows\/leppavirtaRN2026\/index.php?rest_route=%2Fwp%2Fv2%2Fcomments&post=16"}],"version-history":[{"count":24,"href":"https:\/\/www.showlink.fi\/shows\/leppavirtaRN2026\/index.php?rest_route=\/wp\/v2\/pages\/16\/revisions"}],"predecessor-version":[{"id":824,"href":"https:\/\/www.showlink.fi\/shows\/leppavirtaRN2026\/index.php?rest_route=\/wp\/v2\/pages\/16\/revisions\/824"}],"wp:attachment":[{"href":"https:\/\/www.showlink.fi\/shows\/leppavirtaRN2026\/index.php?rest_route=%2Fwp%2Fv2%2Fmedia&parent=16"}],"curies":[{"name":"wp","href":"https:\/\/api.w.org\/{rel}","templated":true}]}}