{"id":14,"date":"2017-12-01T11:51:39","date_gmt":"2017-12-01T09:51:39","guid":{"rendered":"http:\/\/www.showlink.fi\/shows\/vetcaresyysnayttely2018\/?page_id=14"},"modified":"2025-05-05T12:48:38","modified_gmt":"2025-05-05T09:48:38","slug":"aikataulut","status":"publish","type":"page","link":"https:\/\/www.showlink.fi\/shows\/mantsalaRN100525\/aikataulut\/","title":{"rendered":"Aikataulut"},"content":{"rendered":"\n<p>Aikataulut on julkaistu 2.5.2025.<br>* = tuomarimuutos<br>Aikataulukirje <a href=\"https:\/\/www.showlink.fi\/aikataulut2025\/MantsalaRN_100525_aikataulukirje.pdf\">PDF<\/a><\/p>\n\n\n\n<p class=\"has-blush-light-purple-gradient-background has-background\"><strong>Kaikki n\u00e4yttelykutsut tullaan l\u00e4hett\u00e4m\u00e4\u00e4n s\u00e4hk\u00f6isesti maanantaina 5.5.<br><\/strong>Kutsuja ei l\u00e4hetet\u00e4 postitse.<\/p>\n\n\n<table width=\"394\">\n<tbody>\n<tr>\n<td width=\"266\"><strong>KEH\u00c4 1<\/strong><\/td>\n<td width=\"64\">\u00a0<\/td>\n<td width=\"64\">\u00a0<\/td>\n<\/tr>\n<tr>\n<td><strong>Anett Finnig<\/strong><\/td>\n<td><strong>89<\/strong><\/td>\n<td>\u00a0<\/td>\n<\/tr>\n<tr>\n<td>englanninspringerspanieli<\/td>\n<td>10<\/td>\n<td>09.00<\/td>\n<\/tr>\n<tr>\n<td>walesinspringerspanieli<\/td>\n<td>7<\/td>\n<td>\u00a0<\/td>\n<\/tr>\n<tr>\n<td>cockerspanieli<\/td>\n<td>33<\/td>\n<td>\u00a0<\/td>\n<\/tr>\n<tr>\n<td>- pennut<\/td>\n<td>1<\/td>\n<td>\u00a0<\/td>\n<\/tr>\n<tr>\n<td>- urokset<\/td>\n<td>13<\/td>\n<td>\u00a0<\/td>\n<\/tr>\n<tr>\n<td>- nartut\u00a0<\/td>\n<td>19<\/td>\n<td>\u00a0<\/td>\n<\/tr>\n<tr>\n<td>amerikancockerspanieli<\/td>\n<td>3<\/td>\n<td>12.00<\/td>\n<\/tr>\n<tr>\n<td>fieldspanieli<\/td>\n<td>1<\/td>\n<td>\u00a0<\/td>\n<\/tr>\n<tr>\n<td>puolanmets\u00e4stysspanieli<\/td>\n<td>1<\/td>\n<td>\u00a0<\/td>\n<\/tr>\n<tr>\n<td>kultainennoutaja<\/td>\n<td>14<\/td>\n<td>\u00a0<\/td>\n<\/tr>\n<tr>\n<td>sile\u00e4karvainen noutaja<\/td>\n<td>8<\/td>\n<td>\u00a0<\/td>\n<\/tr>\n<tr>\n<td>kiharakarvainen noutaja<\/td>\n<td>2<\/td>\n<td>\u00a0<\/td>\n<\/tr>\n<tr>\n<td>barbet<\/td>\n<td>6<\/td>\n<td>\u00a0<\/td>\n<\/tr>\n<tr>\n<td>portugalinvesikoira<\/td>\n<td>3<\/td>\n<td>\u00a0<\/td>\n<\/tr>\n<tr>\n<td>kooikerhondje<\/td>\n<td>1<\/td>\n<td>\u00a0<\/td>\n<\/tr>\n<tr>\n<td>\u00a0<\/td>\n<td>\u00a0<\/td>\n<td>\u00a0<\/td>\n<\/tr>\n<tr>\n<td><strong>KEH\u00c4 2<\/strong><\/td>\n<td>\u00a0<\/td>\n<td>\u00a0<\/td>\n<\/tr>\n<tr>\n<td><strong>Nina Lindqvist<\/strong><\/td>\n<td><strong>39<\/strong><\/td>\n<td>\u00a0<\/td>\n<\/tr>\n<tr>\n<td>dalmatiankoira<\/td>\n<td>10<\/td>\n<td>09.00<\/td>\n<\/tr>\n<tr>\n<td>rhodesiankoira<\/td>\n<td>1<\/td>\n<td>\u00a0<\/td>\n<\/tr>\n<tr>\n<td>suomenajokoira<\/td>\n<td>3<\/td>\n<td>\u00a0<\/td>\n<\/tr>\n<tr>\n<td>baijerinvuoristovihikoira<\/td>\n<td>1<\/td>\n<td>\u00a0<\/td>\n<\/tr>\n<tr>\n<td>beagle<\/td>\n<td>8<\/td>\n<td>\u00a0<\/td>\n<\/tr>\n<tr>\n<td>dreeveri<\/td>\n<td>3<\/td>\n<td>\u00a0<\/td>\n<\/tr>\n<tr>\n<td>basset art\u00e9sien normand<\/td>\n<td>4<\/td>\n<td>\u00a0<\/td>\n<\/tr>\n<tr>\n<td>bretagnenbassetti<\/td>\n<td>3<\/td>\n<td>\u00a0<\/td>\n<\/tr>\n<tr>\n<td>grand basset griffon vend\u00e9en<\/td>\n<td>1<\/td>\n<td>\u00a0<\/td>\n<\/tr>\n<tr>\n<td>petit basset griffon vend\u00e9en<\/td>\n<td>2<\/td>\n<td>\u00a0<\/td>\n<\/tr>\n<tr>\n<td>* basset hound<\/td>\n<td>3<\/td>\n<td>\u00a0<\/td>\n<\/tr>\n<tr>\n<td><strong>Viveca Lahokoski<\/strong><\/td>\n<td><strong>57<\/strong><\/td>\n<td>\u00a0<\/td>\n<\/tr>\n<tr>\n<td>* novascotiannoutaja<\/td>\n<td>8<\/td>\n<td>11.15<\/td>\n<\/tr>\n<tr>\n<td>* espanjanvesikoira<\/td>\n<td>9<\/td>\n<td>\u00a0<\/td>\n<\/tr>\n<tr>\n<td>* lagotto romagnolo<\/td>\n<td>10<\/td>\n<td>\u00a0<\/td>\n<\/tr>\n<tr>\n<td>* labradorinnoutaja<\/td>\n<td>30<\/td>\n<td>\u00a0<\/td>\n<\/tr>\n<tr>\n<td>- urokset<\/td>\n<td>13<\/td>\n<td>\u00a0<\/td>\n<\/tr>\n<tr>\n<td>- nartut\u00a0<\/td>\n<td>17<\/td>\n<td>\u00a0<\/td>\n<\/tr>\n<tr>\n<td>\u00a0<\/td>\n<td>\u00a0<\/td>\n<td>\u00a0<\/td>\n<\/tr>\n<tr>\n<td><strong>KEH\u00c4 3<\/strong><\/td>\n<td>\u00a0<\/td>\n<td>\u00a0<\/td>\n<\/tr>\n<tr>\n<td><strong>Hilkka Salohalla<\/strong><\/td>\n<td><strong>74<\/strong><\/td>\n<td>\u00a0<\/td>\n<\/tr>\n<tr>\n<td>samojedinkoira<\/td>\n<td>18<\/td>\n<td>09.00<\/td>\n<\/tr>\n<tr>\n<td><em>M\u00e4yr\u00e4koirien mittaus<\/em><\/td>\n<td>\u00a0<\/td>\n<td><em>10.00<\/em><\/td>\n<\/tr>\n<tr>\n<td>m\u00e4yr\u00e4koira, karkeakarvainen<\/td>\n<td>15<\/td>\n<td>\u00a0<\/td>\n<\/tr>\n<tr>\n<td>m\u00e4yr\u00e4koira, k\u00e4\u00e4pi\u00f6m\u00e4yr\u00e4koira karkeakarvainen<\/td>\n<td>3<\/td>\n<td>\u00a0<\/td>\n<\/tr>\n<tr>\n<td>m\u00e4yr\u00e4koira, kaniinim\u00e4yr\u00e4koira karkeakarvainen<\/td>\n<td>3<\/td>\n<td>\u00a0<\/td>\n<\/tr>\n<tr>\n<td>m\u00e4yr\u00e4koira, lyhytkarvainen<\/td>\n<td>10<\/td>\n<td>\u00a0<\/td>\n<\/tr>\n<tr>\n<td>m\u00e4yr\u00e4koira, k\u00e4\u00e4pi\u00f6m\u00e4yr\u00e4koira lyhytkarvainen<\/td>\n<td>9<\/td>\n<td>\u00a0<\/td>\n<\/tr>\n<tr>\n<td>m\u00e4yr\u00e4koira, kaniinim\u00e4yr\u00e4koira lyhytkarvainen<\/td>\n<td>1<\/td>\n<td>\u00a0<\/td>\n<\/tr>\n<tr>\n<td>m\u00e4yr\u00e4koira, pitk\u00e4karvainen<\/td>\n<td>8<\/td>\n<td>\u00a0<\/td>\n<\/tr>\n<tr>\n<td>m\u00e4yr\u00e4koira, k\u00e4\u00e4pi\u00f6m\u00e4yr\u00e4koira pitk\u00e4karvainen<\/td>\n<td>5<\/td>\n<td>\u00a0<\/td>\n<\/tr>\n<tr>\n<td>m\u00e4yr\u00e4koira, kaniinim\u00e4yr\u00e4koira pitk\u00e4karvainen<\/td>\n<td>2<\/td>\n<td>\u00a0<\/td>\n<\/tr>\n<tr>\n<td>\u00a0<\/td>\n<td>\u00a0<\/td>\n<td>\u00a0<\/td>\n<\/tr>\n<tr>\n<td><strong>KEH\u00c4 4<\/strong><\/td>\n<td>\u00a0<\/td>\n<td>\u00a0<\/td>\n<\/tr>\n<tr>\n<td><strong>Harry Tast<\/strong><\/td>\n<td><strong>60<\/strong><\/td>\n<td>\u00a0<\/td>\n<\/tr>\n<tr>\n<td>* shiba<\/td>\n<td>9<\/td>\n<td>09.00<\/td>\n<\/tr>\n<tr>\n<td><em>Spitzien mittaus<\/em><\/td>\n<td>\u00a0<\/td>\n<td><em>09.30<\/em><\/td>\n<\/tr>\n<tr>\n<td>* saksanpystykorva, kleinspitz, musta ja ruskea<\/td>\n<td>3<\/td>\n<td>\u00a0<\/td>\n<\/tr>\n<tr>\n<td>* saksanpystykorva, kleinspitz, muut v\u00e4rit<\/td>\n<td>4<\/td>\n<td>\u00a0<\/td>\n<\/tr>\n<tr>\n<td>* saksanpystykorva, mittelspitz, musta ja ruskea<\/td>\n<td>2<\/td>\n<td>\u00a0<\/td>\n<\/tr>\n<tr>\n<td>* saksanpystykorva, mittelspitz, muut v\u00e4rit<\/td>\n<td>3<\/td>\n<td>\u00a0<\/td>\n<\/tr>\n<tr>\n<td>* saksanpystykorva, mittelspitz, valkoinen<\/td>\n<td>1<\/td>\n<td>\u00a0<\/td>\n<\/tr>\n<tr>\n<td>* saksanpystykorva, keeshond<\/td>\n<td>3<\/td>\n<td>\u00a0<\/td>\n<\/tr>\n<tr>\n<td>* jakutianlaika<\/td>\n<td>6<\/td>\n<td>\u00a0<\/td>\n<\/tr>\n<tr>\n<td>* shikokunkoira<\/td>\n<td>1<\/td>\n<td>\u00a0<\/td>\n<\/tr>\n<tr>\n<td>* kishunkoira<\/td>\n<td>1<\/td>\n<td>\u00a0<\/td>\n<\/tr>\n<tr>\n<td>* alaskanmalamuutti<\/td>\n<td>8<\/td>\n<td>\u00a0<\/td>\n<\/tr>\n<tr>\n<td>* eurasier<\/td>\n<td>2<\/td>\n<td>\u00a0<\/td>\n<\/tr>\n<tr>\n<td>* chow chow<\/td>\n<td>1<\/td>\n<td>\u00a0<\/td>\n<\/tr>\n<tr>\n<td>* islanninlammaskoira<\/td>\n<td>1<\/td>\n<td>\u00a0<\/td>\n<\/tr>\n<tr>\n<td>* it\u00e4siperianlaika<\/td>\n<td>1<\/td>\n<td>\u00a0<\/td>\n<\/tr>\n<tr>\n<td>* siperianhusky<\/td>\n<td>2<\/td>\n<td>\u00a0<\/td>\n<\/tr>\n<tr>\n<td>* valkoinen ruotsinhirvikoira<\/td>\n<td>1<\/td>\n<td>\u00a0<\/td>\n<\/tr>\n<tr>\n<td>* volpino italiano<\/td>\n<td>2<\/td>\n<td>\u00a0<\/td>\n<\/tr>\n<tr>\n<td>* etnankoira<\/td>\n<td>3<\/td>\n<td>\u00a0<\/td>\n<\/tr>\n<tr>\n<td>* japaninpystykorva<\/td>\n<td>3<\/td>\n<td>\u00a0<\/td>\n<\/tr>\n<tr>\n<td>* meksikonkarvatonkoira, keskikokoinen<\/td>\n<td>1<\/td>\n<td>\u00a0<\/td>\n<\/tr>\n<tr>\n<td>* portugalinpodengo, karkeakarvainen, keskikokoinen<\/td>\n<td>1<\/td>\n<td>\u00a0<\/td>\n<\/tr>\n<tr>\n<td>* clumberinspanieli<\/td>\n<td>1<\/td>\n<td>\u00a0<\/td>\n<\/tr>\n<tr>\n<td>\u00a0<\/td>\n<td>\u00a0<\/td>\n<td>\u00a0<\/td>\n<\/tr>\n<tr>\n<td><strong>KEH\u00c4 5<\/strong><\/td>\n<td>\u00a0<\/td>\n<td>\u00a0<\/td>\n<\/tr>\n<tr>\n<td><strong>Jetta Tschokkinen<\/strong><\/td>\n<td><strong>81<\/strong><\/td>\n<td>\u00a0<\/td>\n<\/tr>\n<tr>\n<td>basenji<\/td>\n<td>14<\/td>\n<td>09.00<\/td>\n<\/tr>\n<tr>\n<td>amerikanakita<\/td>\n<td>2<\/td>\n<td>\u00a0<\/td>\n<\/tr>\n<tr>\n<td>akita<\/td>\n<td>2<\/td>\n<td>\u00a0<\/td>\n<\/tr>\n<tr>\n<td>l\u00e4nsig\u00f6\u00f6tanmaanpystykorva<\/td>\n<td>8<\/td>\n<td>\u00a0<\/td>\n<\/tr>\n<tr>\n<td>harmaa norjanhirvikoira<\/td>\n<td>3<\/td>\n<td>\u00a0<\/td>\n<\/tr>\n<tr>\n<td>j\u00e4mtlanninpystykorva<\/td>\n<td>4<\/td>\n<td>\u00a0<\/td>\n<\/tr>\n<tr>\n<td>karjalankarhukoira<\/td>\n<td>3<\/td>\n<td>11.00<\/td>\n<\/tr>\n<tr>\n<td>suomenpystykorva<\/td>\n<td>7<\/td>\n<td>\u00a0<\/td>\n<\/tr>\n<tr>\n<td>pohjanpystykorva<\/td>\n<td>2<\/td>\n<td>\u00a0<\/td>\n<\/tr>\n<tr>\n<td>lapinporokoira<\/td>\n<td>6<\/td>\n<td>\u00a0<\/td>\n<\/tr>\n<tr>\n<td>ruotsinlapinkoira<\/td>\n<td>1<\/td>\n<td>\u00a0<\/td>\n<\/tr>\n<tr>\n<td>suomenlapinkoira<\/td>\n<td>29<\/td>\n<td>\u00a0<\/td>\n<\/tr>\n<\/tbody>\n<\/table>","protected":false},"excerpt":{"rendered":"<p>Aikataulut on julkaistu 2.5.2025.* = tuomarimuutosAikataulukirje PDF Kaikki n\u00e4yttelykutsut tullaan l\u00e4hett\u00e4m\u00e4\u00e4n s\u00e4hk\u00f6isesti maanantaina 5.5.Kutsuja ei l\u00e4hetet\u00e4 postitse. KEH\u00c4 1 \u00a0 \u00a0 Anett Finnig 89 \u00a0 englanninspringerspanieli 10 09.00 walesinspringerspanieli 7 \u00a0 cockerspanieli 33 \u00a0 - pennut 1 \u00a0 - urokset 13 \u00a0 - nartut\u00a0 19 \u00a0 amerikancockerspanieli 3 12.00 fieldspanieli 1 \u00a0 puolanmets\u00e4stysspanieli 1 \u00a0 <a href=\"https:\/\/www.showlink.fi\/shows\/mantsalaRN100525\/aikataulut\/\" class=\"more-link\">...jatka lukemista<span class=\"screen-reader-text\"> \"Aikataulut\"<\/span><\/a><\/p>\n","protected":false},"author":1,"featured_media":0,"parent":0,"menu_order":5,"comment_status":"closed","ping_status":"closed","template":"","meta":{"footnotes":""},"class_list":["post-14","page","type-page","status-publish","h-entry","hentry","h-as-page"],"_links":{"self":[{"href":"https:\/\/www.showlink.fi\/shows\/mantsalaRN100525\/wp-json\/wp\/v2\/pages\/14","targetHints":{"allow":["GET"]}}],"collection":[{"href":"https:\/\/www.showlink.fi\/shows\/mantsalaRN100525\/wp-json\/wp\/v2\/pages"}],"about":[{"href":"https:\/\/www.showlink.fi\/shows\/mantsalaRN100525\/wp-json\/wp\/v2\/types\/page"}],"author":[{"embeddable":true,"href":"https:\/\/www.showlink.fi\/shows\/mantsalaRN100525\/wp-json\/wp\/v2\/users\/1"}],"replies":[{"embeddable":true,"href":"https:\/\/www.showlink.fi\/shows\/mantsalaRN100525\/wp-json\/wp\/v2\/comments?post=14"}],"version-history":[{"count":27,"href":"https:\/\/www.showlink.fi\/shows\/mantsalaRN100525\/wp-json\/wp\/v2\/pages\/14\/revisions"}],"predecessor-version":[{"id":229,"href":"https:\/\/www.showlink.fi\/shows\/mantsalaRN100525\/wp-json\/wp\/v2\/pages\/14\/revisions\/229"}],"wp:attachment":[{"href":"https:\/\/www.showlink.fi\/shows\/mantsalaRN100525\/wp-json\/wp\/v2\/media?parent=14"}],"curies":[{"name":"wp","href":"https:\/\/api.w.org\/{rel}","templated":true}]}}