{"id":16,"date":"2017-12-01T11:52:17","date_gmt":"2017-12-01T09:52:17","guid":{"rendered":"http:\/\/www.showlink.fi\/shows\/vetcaresyysnayttely2018\/?page_id=16"},"modified":"2025-02-12T11:03:44","modified_gmt":"2025-02-12T09:03:44","slug":"tulokset","status":"publish","type":"page","link":"https:\/\/www.showlink.fi\/shows\/mantsalaRN100525\/tulokset\/","title":{"rendered":"Tulokset"},"content":{"rendered":"\n<p>N\u00e4yttelyss\u00e4mme on k\u00e4yt\u00f6ss\u00e4 reaaliaikainen tulospalvelu.<\/p>\n\n\n\n<p><strong>\u00bb<\/strong>\u00a0<strong>Siirry n\u00e4yttelyn tuloksiin<\/strong><\/p>\n","protected":false},"excerpt":{"rendered":"<p>N\u00e4yttelyss\u00e4mme on k\u00e4yt\u00f6ss\u00e4 reaaliaikainen tulospalvelu. \u00bb\u00a0Siirry n\u00e4yttelyn tuloksiin<\/p>\n","protected":false},"author":1,"featured_media":0,"parent":0,"menu_order":6,"comment_status":"closed","ping_status":"closed","template":"","meta":{"footnotes":""},"class_list":["post-16","page","type-page","status-publish","h-entry","hentry","h-as-page"],"_links":{"self":[{"href":"https:\/\/www.showlink.fi\/shows\/mantsalaRN100525\/wp-json\/wp\/v2\/pages\/16","targetHints":{"allow":["GET"]}}],"collection":[{"href":"https:\/\/www.showlink.fi\/shows\/mantsalaRN100525\/wp-json\/wp\/v2\/pages"}],"about":[{"href":"https:\/\/www.showlink.fi\/shows\/mantsalaRN100525\/wp-json\/wp\/v2\/types\/page"}],"author":[{"embeddable":true,"href":"https:\/\/www.showlink.fi\/shows\/mantsalaRN100525\/wp-json\/wp\/v2\/users\/1"}],"replies":[{"embeddable":true,"href":"https:\/\/www.showlink.fi\/shows\/mantsalaRN100525\/wp-json\/wp\/v2\/comments?post=16"}],"version-history":[{"count":9,"href":"https:\/\/www.showlink.fi\/shows\/mantsalaRN100525\/wp-json\/wp\/v2\/pages\/16\/revisions"}],"predecessor-version":[{"id":216,"href":"https:\/\/www.showlink.fi\/shows\/mantsalaRN100525\/wp-json\/wp\/v2\/pages\/16\/revisions\/216"}],"wp:attachment":[{"href":"https:\/\/www.showlink.fi\/shows\/mantsalaRN100525\/wp-json\/wp\/v2\/media?parent=16"}],"curies":[{"name":"wp","href":"https:\/\/api.w.org\/{rel}","templated":true}]}}