{"id":14,"date":"2018-09-06T13:02:02","date_gmt":"2018-09-06T10:02:02","guid":{"rendered":"http:\/\/www.showlink.fi\/shows\/ilomantsi2019\/?page_id=14"},"modified":"2025-07-22T16:36:53","modified_gmt":"2025-07-22T13:36:53","slug":"aikataulut","status":"publish","type":"page","link":"https:\/\/www.showlink.fi\/shows\/nurmijarvi2025\/aikataulut\/","title":{"rendered":"Aikataulut"},"content":{"rendered":"\n<p><em>Aikataulut julkaistu 22.7.2025<\/em><\/p>\n\n\n\n<p><strong>\u00bb <a href=\"https:\/\/www.showlink.fi\/aikataulut2025\/NurmijarviRN_030825_aikataulukirje.pdf\">Aikataulukirje<\/a><\/strong><\/p>\n\n\n\n<p><strong>Kaikki n\u00e4yttelykutsut tullaan l\u00e4hett\u00e4m\u00e4\u00e4n s\u00e4hk\u00f6isesti.<br><\/strong>Kutsuja ei l\u00e4hetet\u00e4 postitse.<\/p>\n\n\n\n<hr class=\"wp-block-separator has-text-color has-alpha-channel-opacity has-background\" style=\"background-color:#f3f3f3;color:#f3f3f3\"\/>\n\n\n<table width=\"433\">\n<tbody>\n<tr>\n<td width=\"303\"><strong>KEH\u00c4 1<\/strong><\/td>\n<td width=\"65\">\u00a0<\/td>\n<td width=\"65\">\u00a0<\/td>\n<\/tr>\n<tr>\n<td><strong>Anett Finnig<\/strong><\/td>\n<td><strong>57<\/strong><\/td>\n<td>\u00a0<\/td>\n<\/tr>\n<tr>\n<td>lagotto romagnolo<\/td>\n<td>13<\/td>\n<td>10.00<\/td>\n<\/tr>\n<tr>\n<td>espanjanvesikoira<\/td>\n<td>8<\/td>\n<td>\u00a0<\/td>\n<\/tr>\n<tr>\n<td>sile\u00e4karvainen noutaja<\/td>\n<td>8<\/td>\n<td>11.15<\/td>\n<\/tr>\n<tr>\n<td>kiharakarvainen noutaja<\/td>\n<td>2<\/td>\n<td>\u00a0<\/td>\n<\/tr>\n<tr>\n<td>novascotiannoutaja<\/td>\n<td>5<\/td>\n<td>\u00a0<\/td>\n<\/tr>\n<tr>\n<td>barbet<\/td>\n<td>1<\/td>\n<td>\u00a0<\/td>\n<\/tr>\n<tr>\n<td>irlanninvesispanieli<\/td>\n<td>1<\/td>\n<td>\u00a0<\/td>\n<\/tr>\n<tr>\n<td>kooikerhondje<\/td>\n<td>2<\/td>\n<td>\u00a0<\/td>\n<\/tr>\n<tr>\n<td>cockerspanieli<\/td>\n<td>8<\/td>\n<td>\u00a0<\/td>\n<\/tr>\n<tr>\n<td>englanninspringerspanieli<\/td>\n<td>8<\/td>\n<td>\u00a0<\/td>\n<\/tr>\n<tr>\n<td>walesinspringerspanieli<\/td>\n<td>1<\/td>\n<td>\u00a0<\/td>\n<\/tr>\n<tr>\n<td>\u00a0<\/td>\n<td>\u00a0<\/td>\n<td>\u00a0<\/td>\n<\/tr>\n<tr>\n<td><strong>KEH\u00c4 2<\/strong><\/td>\n<td>\u00a0<\/td>\n<td>\u00a0<\/td>\n<\/tr>\n<tr>\n<td><strong>Maija M\u00e4kinen<\/strong><\/td>\n<td><strong>69<\/strong><\/td>\n<td>\u00a0<\/td>\n<\/tr>\n<tr>\n<td>kultainennoutaja<\/td>\n<td>15<\/td>\n<td>10.00<\/td>\n<\/tr>\n<tr>\n<td>labradorinnoutaja<\/td>\n<td>12<\/td>\n<td>\u00a0<\/td>\n<\/tr>\n<tr>\n<td>rhodesiankoira<\/td>\n<td>7<\/td>\n<td>11.30<\/td>\n<\/tr>\n<tr>\n<td>suomenajokoira<\/td>\n<td>3<\/td>\n<td>\u00a0<\/td>\n<\/tr>\n<tr>\n<td>dreeveri<\/td>\n<td>4<\/td>\n<td>\u00a0<\/td>\n<\/tr>\n<tr>\n<td>basset art\u00e9sien normand<\/td>\n<td>1<\/td>\n<td>\u00a0<\/td>\n<\/tr>\n<tr>\n<td>eestinajokoira<\/td>\n<td>1<\/td>\n<td>\u00a0<\/td>\n<\/tr>\n<tr>\n<td>gascognenbassetti<\/td>\n<td>1<\/td>\n<td>\u00a0<\/td>\n<\/tr>\n<tr>\n<td>pesukarhukoira<\/td>\n<td>1<\/td>\n<td>\u00a0<\/td>\n<\/tr>\n<tr>\n<td>beagle<\/td>\n<td>5<\/td>\n<td>\u00a0<\/td>\n<\/tr>\n<tr>\n<td>* islanninlammaskoira<\/td>\n<td>3<\/td>\n<td>\u00a0<\/td>\n<\/tr>\n<tr>\n<td>* chow chow<\/td>\n<td>6<\/td>\n<td>\u00a0<\/td>\n<\/tr>\n<tr>\n<td>* eurasier<\/td>\n<td>1<\/td>\n<td>\u00a0<\/td>\n<\/tr>\n<tr>\n<td>* basenji<\/td>\n<td>9<\/td>\n<td>\u00a0<\/td>\n<\/tr>\n<tr>\n<td>\u00a0<\/td>\n<td>\u00a0<\/td>\n<td>\u00a0<\/td>\n<\/tr>\n<tr>\n<td><strong>KEH\u00c4 3<\/strong><\/td>\n<td>\u00a0<\/td>\n<td>\u00a0<\/td>\n<\/tr>\n<tr>\n<td><strong>Mervi Raisaari<\/strong><\/td>\n<td><strong>41<\/strong><\/td>\n<td>\u00a0<\/td>\n<\/tr>\n<tr>\n<td><em>M\u00e4yr\u00e4koirien mittaus<\/em><\/td>\n<td>\u00a0<\/td>\n<td><em>09.50<\/em><\/td>\n<\/tr>\n<tr>\n<td>m\u00e4yr\u00e4koira, karkeakarvainen<\/td>\n<td>14<\/td>\n<td>10.00<\/td>\n<\/tr>\n<tr>\n<td>m\u00e4yr\u00e4koira, k\u00e4\u00e4pi\u00f6m\u00e4yr\u00e4koira karkeakarvainen<\/td>\n<td>5<\/td>\n<td>\u00a0<\/td>\n<\/tr>\n<tr>\n<td>m\u00e4yr\u00e4koira, kaniinim\u00e4yr\u00e4koira karkeakarvainen<\/td>\n<td>1<\/td>\n<td>11.00<\/td>\n<\/tr>\n<tr>\n<td>m\u00e4yr\u00e4koira, pitk\u00e4karvainen<\/td>\n<td>5<\/td>\n<td>\u00a0<\/td>\n<\/tr>\n<tr>\n<td>m\u00e4yr\u00e4koira, k\u00e4\u00e4pi\u00f6m\u00e4yr\u00e4koira pitk\u00e4karvainen<\/td>\n<td>5<\/td>\n<td>\u00a0<\/td>\n<\/tr>\n<tr>\n<td>m\u00e4yr\u00e4koira, kaniinim\u00e4yr\u00e4koira pitk\u00e4karvainen<\/td>\n<td>1<\/td>\n<td>\u00a0<\/td>\n<\/tr>\n<tr>\n<td>m\u00e4yr\u00e4koira, lyhytkarvainen<\/td>\n<td>6<\/td>\n<td>\u00a0<\/td>\n<\/tr>\n<tr>\n<td>m\u00e4yr\u00e4koira, k\u00e4\u00e4pi\u00f6m\u00e4yr\u00e4koira lyhytkarvainen<\/td>\n<td>3<\/td>\n<td>\u00a0<\/td>\n<\/tr>\n<tr>\n<td>m\u00e4yr\u00e4koira, kaniinim\u00e4yr\u00e4koira lyhytkarvainen<\/td>\n<td>1<\/td>\n<td>\u00a0<\/td>\n<\/tr>\n<tr>\n<td>\u00a0<\/td>\n<td>\u00a0<\/td>\n<td>\u00a0<\/td>\n<\/tr>\n<tr>\n<td><strong>KEH\u00c4 4<\/strong><\/td>\n<td>\u00a0<\/td>\n<td>\u00a0<\/td>\n<\/tr>\n<tr>\n<td><strong>Tarja L\u00f6fman<\/strong><\/td>\n<td><strong>71<\/strong><\/td>\n<td>\u00a0<\/td>\n<\/tr>\n<tr>\n<td>* harmaa norjanhirvikoira<\/td>\n<td>11<\/td>\n<td>09.00<\/td>\n<\/tr>\n<tr>\n<td>* j\u00e4mtlanninpystykorva<\/td>\n<td>8<\/td>\n<td>\u00a0<\/td>\n<\/tr>\n<tr>\n<td>* karjalankarhukoira<\/td>\n<td>1<\/td>\n<td>\u00a0<\/td>\n<\/tr>\n<tr>\n<td>* suomenlapinkoira<\/td>\n<td>11<\/td>\n<td>\u00a0<\/td>\n<\/tr>\n<tr>\n<td>* suomenpystykorva<\/td>\n<td>5<\/td>\n<td>\u00a0<\/td>\n<\/tr>\n<tr>\n<td>* pohjanpystykorva<\/td>\n<td>3<\/td>\n<td>\u00a0<\/td>\n<\/tr>\n<tr>\n<td>* lapinporokoira<\/td>\n<td>1<\/td>\n<td>\u00a0<\/td>\n<\/tr>\n<tr>\n<td>* it\u00e4siperianlaika<\/td>\n<td>3<\/td>\n<td>\u00a0<\/td>\n<\/tr>\n<tr>\n<td><em>Spitzien mittaus<\/em><\/td>\n<td>\u00a0<\/td>\n<td><em>11.30<\/em><\/td>\n<\/tr>\n<tr>\n<td>* saksanpystykorva, pomeranian<\/td>\n<td>2<\/td>\n<td>\u00a0<\/td>\n<\/tr>\n<tr>\n<td>* saksanpystykorva, kleinspitz, muut v\u00e4rit<\/td>\n<td>1<\/td>\n<td>\u00a0<\/td>\n<\/tr>\n<tr>\n<td>* saksanpystykorva, kleinspitz, musta ja ruskea<\/td>\n<td>6<\/td>\n<td>\u00a0<\/td>\n<\/tr>\n<tr>\n<td>* saksanpystykorva, kleinspitz, valkoinen<\/td>\n<td>1<\/td>\n<td>\u00a0<\/td>\n<\/tr>\n<tr>\n<td>* saksanpystykorva, mittelspitz, muut v\u00e4rit<\/td>\n<td>7<\/td>\n<td>\u00a0<\/td>\n<\/tr>\n<tr>\n<td>* saksanpystykorva, mittelspitz, musta ja ruskea<\/td>\n<td>5<\/td>\n<td>\u00a0<\/td>\n<\/tr>\n<tr>\n<td>* saksanpystykorva, mittelspitz, valkoinen<\/td>\n<td>1<\/td>\n<td>\u00a0<\/td>\n<\/tr>\n<tr>\n<td>* saksanpystykorva, keeshond<\/td>\n<td>5<\/td>\n<td>\u00a0<\/td>\n<\/tr>\n<tr>\n<td>\u00a0<\/td>\n<td>\u00a0<\/td>\n<td>\u00a0<\/td>\n<\/tr>\n<tr>\n<td><strong>KEH\u00c4 5<\/strong><\/td>\n<td>\u00a0<\/td>\n<td>\u00a0<\/td>\n<\/tr>\n<tr>\n<td><strong>Unto Timonen<\/strong><\/td>\n<td><strong>78<\/strong><\/td>\n<td>\u00a0<\/td>\n<\/tr>\n<tr>\n<td>dalmatiankoira<\/td>\n<td>14<\/td>\n<td>09.00<\/td>\n<\/tr>\n<tr>\n<td>samojedinkoira<\/td>\n<td>14<\/td>\n<td>\u00a0<\/td>\n<\/tr>\n<tr>\n<td>siperianhusky<\/td>\n<td>13<\/td>\n<td>\u00a0<\/td>\n<\/tr>\n<tr>\n<td>alaskanmalamuutti<\/td>\n<td>4<\/td>\n<td>11.15<\/td>\n<\/tr>\n<tr>\n<td>hokkaidonkoira<\/td>\n<td>2<\/td>\n<td>\u00a0<\/td>\n<\/tr>\n<tr>\n<td>jakutianlaika<\/td>\n<td>1<\/td>\n<td>\u00a0<\/td>\n<\/tr>\n<tr>\n<td>akita<\/td>\n<td>1<\/td>\n<td>\u00a0<\/td>\n<\/tr>\n<tr>\n<td>shiba<\/td>\n<td>11<\/td>\n<td>\u00a0<\/td>\n<\/tr>\n<tr>\n<td>shikokunkoira<\/td>\n<td>1<\/td>\n<td>\u00a0<\/td>\n<\/tr>\n<tr>\n<td>buhund<\/td>\n<td>2<\/td>\n<td>\u00a0<\/td>\n<\/tr>\n<tr>\n<td>volpino italiano<\/td>\n<td>3<\/td>\n<td>\u00a0<\/td>\n<\/tr>\n<tr>\n<td>japaninpystykorva<\/td>\n<td>1<\/td>\n<td>\u00a0<\/td>\n<\/tr>\n<tr>\n<td>l\u00e4nsig\u00f6\u00f6tanmaanpystykorva<\/td>\n<td>5<\/td>\n<td>\u00a0<\/td>\n<\/tr>\n<tr>\n<td>faaraokoira<\/td>\n<td>1<\/td>\n<td>\u00a0<\/td>\n<\/tr>\n<tr>\n<td>meksikonkarvatonkoira, iso<\/td>\n<td>1<\/td>\n<td>\u00a0<\/td>\n<\/tr>\n<tr>\n<td>meksikonkarvatonkoira, keskikokoinen<\/td>\n<td>1<\/td>\n<td>\u00a0<\/td>\n<\/tr>\n<tr>\n<td>perunkarvatonkoira, keskikokoinen<\/td>\n<td>1<\/td>\n<td>\u00a0<\/td>\n<\/tr>\n<tr>\n<td>portugalinpodengo, karkeakarvainen, keskikokoinen<\/td>\n<td>1<\/td>\n<td>\u00a0<\/td>\n<\/tr>\n<tr>\n<td>portugalinpodengo, sile\u00e4karvainen, pieni<\/td>\n<td>1<\/td>\n<td>\u00a0<\/td>\n<\/tr>\n<\/tbody>\n<\/table>","protected":false},"excerpt":{"rendered":"<p>Aikataulut julkaistu 22.7.2025 \u00bb Aikataulukirje Kaikki n\u00e4yttelykutsut tullaan l\u00e4hett\u00e4m\u00e4\u00e4n s\u00e4hk\u00f6isesti.Kutsuja ei l\u00e4hetet\u00e4 postitse. KEH\u00c4 1 \u00a0 \u00a0 Anett Finnig 57 \u00a0 lagotto romagnolo 13 10.00 espanjanvesikoira 8 \u00a0 sile\u00e4karvainen noutaja 8 11.15 kiharakarvainen noutaja 2 \u00a0 novascotiannoutaja 5 \u00a0 barbet 1 \u00a0 irlanninvesispanieli 1 \u00a0 kooikerhondje 2 \u00a0 cockerspanieli 8 \u00a0 englanninspringerspanieli 8 \u00a0 walesinspringerspanieli <a href=\"https:\/\/www.showlink.fi\/shows\/nurmijarvi2025\/aikataulut\/\" class=\"more-link\">...jatka lukemista<span class=\"screen-reader-text\"> \"Aikataulut\"<\/span><\/a><\/p>\n","protected":false},"author":1,"featured_media":0,"parent":0,"menu_order":4,"comment_status":"closed","ping_status":"closed","template":"","meta":{"footnotes":""},"class_list":["post-14","page","type-page","status-publish","h-entry","hentry","h-as-page"],"_links":{"self":[{"href":"https:\/\/www.showlink.fi\/shows\/nurmijarvi2025\/wp-json\/wp\/v2\/pages\/14","targetHints":{"allow":["GET"]}}],"collection":[{"href":"https:\/\/www.showlink.fi\/shows\/nurmijarvi2025\/wp-json\/wp\/v2\/pages"}],"about":[{"href":"https:\/\/www.showlink.fi\/shows\/nurmijarvi2025\/wp-json\/wp\/v2\/types\/page"}],"author":[{"embeddable":true,"href":"https:\/\/www.showlink.fi\/shows\/nurmijarvi2025\/wp-json\/wp\/v2\/users\/1"}],"replies":[{"embeddable":true,"href":"https:\/\/www.showlink.fi\/shows\/nurmijarvi2025\/wp-json\/wp\/v2\/comments?post=14"}],"version-history":[{"count":16,"href":"https:\/\/www.showlink.fi\/shows\/nurmijarvi2025\/wp-json\/wp\/v2\/pages\/14\/revisions"}],"predecessor-version":[{"id":224,"href":"https:\/\/www.showlink.fi\/shows\/nurmijarvi2025\/wp-json\/wp\/v2\/pages\/14\/revisions\/224"}],"wp:attachment":[{"href":"https:\/\/www.showlink.fi\/shows\/nurmijarvi2025\/wp-json\/wp\/v2\/media?parent=14"}],"curies":[{"name":"wp","href":"https:\/\/api.w.org\/{rel}","templated":true}]}}