{"id":8,"date":"2017-10-12T13:15:35","date_gmt":"2017-10-12T10:15:35","guid":{"rendered":"http:\/\/www.showlink.fi\/shows\/korpilahti18\/?page_id=8"},"modified":"2025-12-03T12:18:48","modified_gmt":"2025-12-03T10:18:48","slug":"ilmoittautuminen","status":"publish","type":"page","link":"https:\/\/www.showlink.fi\/shows\/pedersore2026\/ilmoittautuminen\/","title":{"rendered":"Anm\u00e4lning"},"content":{"rendered":"\n<p class=\"has-background\" style=\"background-color:#d8eaf7\"><strong>Anm\u00e4lning till utst\u00e4llningen b\u00f6r g\u00f6ras online. <\/strong><br>Inga nummerlappar eller tidtabeller skickas per post, allt levereras elektroniskt.<\/p>\n\n\n<div class=\"entry-content\">\n<div class=\"entry-content\">\n<h3><strong>Anm\u00e4lan<\/strong> via internet\u00a0<span class=\"ul\"><strong><a href=\"http:\/\/www.showlink.fi\/\">www.showlink.fi<\/a><\/strong><\/span>\u00a0\u2192<strong><a href=\"https:\/\/ilmoittautuminen.kennelliitto.fi\/frmEtusivu.aspx?Lang=sv-SE\">ONLINE ENTRY<\/a><\/strong><\/h3>\n<p>D\u00e5 hunden anm\u00e4ls till utst\u00e4llningen f\u00f6rbinder sig utst\u00e4llaren att efterf\u00f6lja Finska Kennelklubbens<a href=\"https:\/\/www.kennelliitto.fi\/sv\/hundaktiviteter\/hundutstallningar\"> utst\u00e4llningsregler<\/a>\u00a0och\u00a0<a href=\"https:\/\/www.kennelliitto.fi\/sv\/blanketter\/kennelklubbens-vaccinationsbestammelser\">vaccinationsbest\u00e4mmelser<\/a>.<\/p>\n<p><strong>ANM\u00c4LNINGAR SENAST 26.3.2026 \/ 16.4.2026 \/ 20.4.2026<br \/><\/strong><\/p>\n<p><strong>Anm\u00e4lningsavgifter senast den 26.3.2026<br \/><\/strong><strong>37 \u20ac, <\/strong>samma \u00e4g. 2:a hund osv.\u00a0<strong>33 \u20ac<br \/><\/strong>valpar och veteraner <strong>29\u00a0\u20ac<br \/><\/strong>veteraner \u00f6ver 10 \u00e5r i veteranklass<strong> 20 \u20ac<br \/><\/strong>Junior Handler <strong>15 \u20ac<\/strong><\/p>\n<p><strong>Anm\u00e4lningsavgifter under tiden 27.3\u201316.4.2026<br \/><\/strong><strong>42 \u20ac<\/strong>, samma \u00e4g. 2:a hund osv.<strong> 38 \u20ac<br \/><\/strong>valpar och veteraner <strong>34\u00a0\u20ac<br \/><\/strong>veteraner \u00f6ver 10 \u00e5r i veteranklass<strong> 20 \u20ac<br \/><\/strong>Junior Handler <strong>15 \u20ac<br \/><\/strong><\/p>\n<p><strong>Anm\u00e4lningsavgift under tiden 17.\u201320.4.2026<br \/><\/strong><strong>70 \u20ac<\/strong>\u00a0\/ hund<br \/>Junior Handler <strong>15 \u20ac<\/strong><\/p>\n<p><strong>OBS!<\/strong> Online-anm\u00e4lning betalas via internetbank eller kreditkort vid anm\u00e4lningstillf\u00e4llet. Anm\u00e4lningssystemet s\u00e4nder ALLTID bekr\u00e4ftelse till avs\u00e4ndarens e-postadress efter att anm\u00e4lningen bokf\u00f6rts. Om ingen bekr\u00e4ftelse erh\u00e5lls, TA GENAST kontakt!<br \/>Endast online-anm\u00e4lningar som har f\u00e5tt ett bekr\u00e4ftelsemeddelande till den angivna e-postadressen kommer att accepteras till utst\u00e4llningen.<\/p>\n<\/div>\n<p><span style=\"font-size: revert; color: initial;\">F\u00f6r att anm\u00e4la hundar till rabatterat pris skall anm\u00e4lning g\u00f6ras i samma internetanm\u00e4lning. <\/span><strong style=\"font-size: revert; color: initial;\">Rabatten r\u00e4knas endast p\u00e5 den dyrare anm\u00e4lningsavgiften (ej t.ex. p\u00e5 avgiften f\u00f6r valpar\/veteraner.)<\/strong><span style=\"font-size: revert; color: initial;\">\u00a0Som samma \u00e4gare tolkas den person som angetts som \u00e4gare av anm\u00e4lningssessionens f\u00f6rsta hund.<\/span><\/p>\n<div class=\"entry-content\">\n<p>Hundens t\u00e4vlingsklass kan inte \u00e4ndras efter att anm\u00e4lningstiden g\u00e5tt ut (om det inte \u00e4r fr\u00e5ga om ett fel som arrang\u00f6ren har beg\u00e5tt).<br \/>En hanhund med onormala testiklar erh\u00e5ller kvalitetspriset diskvalificerad.<\/p>\n<p><strong>\u00d6vrig information<br \/><\/strong>Av en utl\u00e4ndsk hund kr\u00e4vs f\u00f6r deltagande i bruksklass ett bruksintyg (WCC). Om resultatet eller bruksintyget saknas, \u00f6verf\u00f6rs hunden automatiskt till \u00f6ppen klass.<\/p>\n<p>Av utl\u00e4ndsk hund kr\u00e4vs f\u00f6r deltagande i championklass ett championatintyg. Om championatintyget saknas, \u00f6verf\u00f6rs hunden automatiskt till \u00f6ppen klass. Utl\u00e4ndska championer t\u00e4vlar om certifikat (ifall hunden inte \u00e4nnu \u00e4r finsk champion).<\/p>\n<p>Vid hundutst\u00e4llningar, -prov och -t\u00e4vlingar samt vid \u00f6vriga organiserade massevenemang f\u00f6r hundar (h\u00e4refter evenemang) till\u00e4mpas vaccinationsbest\u00e4mmelserna som godk\u00e4nts av Finska Kennelklubbens styrelse. Evenemangets arrang\u00f6r svarar f\u00f6r kontroll av att vaccinationsbest\u00e4mmelserna f\u00f6ljs. Hunden b\u00f6r ha ett vaccinationsintyg (vaccinationsbok eller s\u00e4llskapsdjurpass), d\u00e4r det st\u00e5r vaccinationens sista giltighetsdag, hundens identifikationsuppgifter och senaste vaccinationer.<\/p>\n<p>Alla hundar som deltar i utst\u00e4llningen skall vara id-m\u00e4rkta med Indexel\/Lifechip eller Datamars mikrochip eller tatuerad.<\/p>\n<p><strong>Antidoping<\/strong><br \/>Antidopingregler g\u00e4ller alla utst\u00e4llningar, t\u00e4vlingar och prov godk\u00e4nda av Finska Kennelklubben. Se ocks\u00e5 <a href=\"http:\/\/www.kennelliitto.fi\/\">www.kennelliitto.fi<\/a>\u00a0f\u00f6r aktuell information.<\/p>\n<\/div>\n<\/div>","protected":false},"excerpt":{"rendered":"<p>Anm\u00e4lning till utst\u00e4llningen b\u00f6r g\u00f6ras online. Inga nummerlappar eller tidtabeller skickas per post, allt levereras elektroniskt. Anm\u00e4lan via internet\u00a0www.showlink.fi\u00a0\u2192ONLINE ENTRY D\u00e5 hunden anm\u00e4ls till utst\u00e4llningen f\u00f6rbinder sig utst\u00e4llaren att efterf\u00f6lja Finska Kennelklubbens utst\u00e4llningsregler\u00a0och\u00a0vaccinationsbest\u00e4mmelser. ANM\u00c4LNINGAR SENAST 26.3.2026 \/ 16.4.2026 \/ 20.4.2026 Anm\u00e4lningsavgifter senast den 26.3.202637 \u20ac, samma \u00e4g. 2:a hund osv.\u00a033 \u20acvalpar och veteraner 29\u00a0\u20acveteraner \u00f6ver <a href=\"https:\/\/www.showlink.fi\/shows\/pedersore2026\/ilmoittautuminen\/\" class=\"more-link\">...jatka lukemista<span class=\"screen-reader-text\"> \"Anm\u00e4lning\"<\/span><\/a><\/p>\n","protected":false},"author":1,"featured_media":0,"parent":0,"menu_order":2,"comment_status":"closed","ping_status":"closed","template":"","meta":{"footnotes":""},"class_list":["post-8","page","type-page","status-publish","h-entry","hentry","h-as-page"],"_links":{"self":[{"href":"https:\/\/www.showlink.fi\/shows\/pedersore2026\/wp-json\/wp\/v2\/pages\/8","targetHints":{"allow":["GET"]}}],"collection":[{"href":"https:\/\/www.showlink.fi\/shows\/pedersore2026\/wp-json\/wp\/v2\/pages"}],"about":[{"href":"https:\/\/www.showlink.fi\/shows\/pedersore2026\/wp-json\/wp\/v2\/types\/page"}],"author":[{"embeddable":true,"href":"https:\/\/www.showlink.fi\/shows\/pedersore2026\/wp-json\/wp\/v2\/users\/1"}],"replies":[{"embeddable":true,"href":"https:\/\/www.showlink.fi\/shows\/pedersore2026\/wp-json\/wp\/v2\/comments?post=8"}],"version-history":[{"count":63,"href":"https:\/\/www.showlink.fi\/shows\/pedersore2026\/wp-json\/wp\/v2\/pages\/8\/revisions"}],"predecessor-version":[{"id":459,"href":"https:\/\/www.showlink.fi\/shows\/pedersore2026\/wp-json\/wp\/v2\/pages\/8\/revisions\/459"}],"wp:attachment":[{"href":"https:\/\/www.showlink.fi\/shows\/pedersore2026\/wp-json\/wp\/v2\/media?parent=8"}],"curies":[{"name":"wp","href":"https:\/\/api.w.org\/{rel}","templated":true}]}}