{"id":8,"date":"2020-01-27T14:47:35","date_gmt":"2020-01-27T12:47:35","guid":{"rendered":"https:\/\/www.showlink.fi\/shows\/rovaniemirn230520\/?page_id=8"},"modified":"2026-02-20T11:41:04","modified_gmt":"2026-02-20T09:41:04","slug":"tuomarit","status":"publish","type":"page","link":"https:\/\/www.showlink.fi\/shows\/rovaniemirn2026\/tuomarit\/","title":{"rendered":"Tuomarit"},"content":{"rendered":"\n<p><strong>Ryhm\u00e4 5<\/strong><br><em>Varalla kaikille ryhm\u00e4 5 roduille <strong>Tarja Kallio<\/strong><\/em><br>harmaa norjanhirvikoira, h\u00e4lleforsinkoira, it\u00e4siperianlaika, j\u00e4mtlanninpystykorva, l\u00e4nsisiperianlaika, musta norjanhirvikoira, valkoinen ruotsinhirvikoira, ven\u00e4l\u00e4is-eurooppalainen laika <strong>Markku Kipin\u00e4<\/strong><br>akita, alaskanmalamuutti, american eskimo dog, amerikanakita, basenji, buhund, chow chow, etnankoira, eurasier, faaraokoira, gr\u00f6nlanninkoira, hokkaidonkoira, ibizanpodencot, islanninlammaskoira, jakutianlaika, japaninpystykorva, kaanaankoira, kainkoira, kanadaneskimokoira, kanarianpodenco, karjalankarhukoira, kintamani-balinkoira, kishunkoira, koreanjindonkoira, lunnikoira, l\u00e4nsig\u00f6\u00f6tanmaanpystykorva, pohjanpystykorva, portugalinpodengot, samojedinkoira, shiba, shikokunkoira, siperianhusky, suomenpystykorva, taiwaninkoira, tanskanpystykorva, thai ridgeback, thaimaanpystykorva, volpino italiano <strong>Nina Janger<\/strong><br>lapinporokoira, meksikonkarvatonkoirat, musta tanskanpystykorva, perunkarvatonkoirat, ruotsinlapinkoira, grosspitzit, keeshond, kleinspitzit, mittelspitzit, pomeranian, suomenlapinkoira <strong>Tarja Tastula<\/strong><br><br><strong>Ryhm\u00e4 7<\/strong><br><em>Varalla kaikille ryhm\u00e4 7 roduille <strong>Tarja Kallio<\/strong><\/em><br>kaikki rodut <strong>Tiina Eskelinen<\/strong><br><br><strong>Ryhm\u00e4 8<\/strong><br><em>Varalla roduille amerikanvesispanieli, barbet, chesapeakelahdennoutaja, clumberinspanieli, englanninspringerspanieli, fieldspanieli, friisinvesikoira, irlanninvesispanieli, kiharakarvainen noutaja, kultainennoutaja, labradorinnoutaja, novascotiannoutaja, puolanmets\u00e4stysspanieli, sile\u00e4karvainen noutaja, sussexinspanieli, walesinspringerspanieli, ven\u00e4j\u00e4nspanieli, viiri\u00e4iskoira <strong>Kallio Tarja<\/strong><\/em><br>amerikancockerspanieli, clumberinspanieli, cockerspanieli, englanninspringerspanieli, fieldspanieli, friisinvesikoira, irlanninvesispanieli, kultainennoutaja, labradorinnoutaja, lagotto romagnolo, portugalinvesikoira, puolanmets\u00e4stysspanieli, sussexinspanieli, walesinspringerspanieli, ven\u00e4j\u00e4nspanieli, viiri\u00e4iskoira <strong>Anett Finnig<\/strong><br>amerikanvesispanieli, barbet, espanjanvesikoira, kiharakarvainen noutaja, kooikerhondje, novascotiannoutaja <strong>Markku Kipin\u00e4<\/strong><br>chesapeakelahdennoutaja, sile\u00e4karvainen noutaja <strong>Nina Janger<\/strong><br><br>Ryhm\u00e4kilpailut<br>FCI 5 <strong>Nina Janger<\/strong><br>FCI 7 <strong>Tiina Eskelinen<\/strong><br>FCI 8 <strong>Anett Finnig<\/strong><br>Paras veteraani <strong>Markku Kipin\u00e4<\/strong><br>Paras kasvattajaryhm\u00e4 <strong>Nina Janger<\/strong><br>Best in Show <strong>Markku Kipin\u00e4<\/strong><\/p>\n\n\n\n<p><strong><br><\/strong><\/p>\n","protected":false},"excerpt":{"rendered":"<p>Ryhm\u00e4 5Varalla kaikille ryhm\u00e4 5 roduille Tarja Kallioharmaa norjanhirvikoira, h\u00e4lleforsinkoira, it\u00e4siperianlaika, j\u00e4mtlanninpystykorva, l\u00e4nsisiperianlaika, musta norjanhirvikoira, valkoinen ruotsinhirvikoira, ven\u00e4l\u00e4is-eurooppalainen laika Markku Kipin\u00e4akita, alaskanmalamuutti, american eskimo dog, amerikanakita, basenji, buhund, chow chow, etnankoira, eurasier, faaraokoira, gr\u00f6nlanninkoira, hokkaidonkoira, ibizanpodencot, islanninlammaskoira, jakutianlaika, japaninpystykorva, kaanaankoira, kainkoira, kanadaneskimokoira, kanarianpodenco, karjalankarhukoira, kintamani-balinkoira, kishunkoira, koreanjindonkoira, lunnikoira, l\u00e4nsig\u00f6\u00f6tanmaanpystykorva, pohjanpystykorva, portugalinpodengot, samojedinkoira, shiba, shikokunkoira, siperianhusky, <a href=\"https:\/\/www.showlink.fi\/shows\/rovaniemirn2026\/tuomarit\/\" class=\"more-link\">...jatka lukemista<span class=\"screen-reader-text\"> \"Tuomarit\"<\/span><\/a><\/p>\n","protected":false},"author":1,"featured_media":0,"parent":0,"menu_order":2,"comment_status":"closed","ping_status":"closed","template":"","meta":{"footnotes":""},"class_list":["post-8","page","type-page","status-publish","h-entry","hentry","h-as-page"],"_links":{"self":[{"href":"https:\/\/www.showlink.fi\/shows\/rovaniemirn2026\/wp-json\/wp\/v2\/pages\/8","targetHints":{"allow":["GET"]}}],"collection":[{"href":"https:\/\/www.showlink.fi\/shows\/rovaniemirn2026\/wp-json\/wp\/v2\/pages"}],"about":[{"href":"https:\/\/www.showlink.fi\/shows\/rovaniemirn2026\/wp-json\/wp\/v2\/types\/page"}],"author":[{"embeddable":true,"href":"https:\/\/www.showlink.fi\/shows\/rovaniemirn2026\/wp-json\/wp\/v2\/users\/1"}],"replies":[{"embeddable":true,"href":"https:\/\/www.showlink.fi\/shows\/rovaniemirn2026\/wp-json\/wp\/v2\/comments?post=8"}],"version-history":[{"count":10,"href":"https:\/\/www.showlink.fi\/shows\/rovaniemirn2026\/wp-json\/wp\/v2\/pages\/8\/revisions"}],"predecessor-version":[{"id":156,"href":"https:\/\/www.showlink.fi\/shows\/rovaniemirn2026\/wp-json\/wp\/v2\/pages\/8\/revisions\/156"}],"wp:attachment":[{"href":"https:\/\/www.showlink.fi\/shows\/rovaniemirn2026\/wp-json\/wp\/v2\/media?parent=8"}],"curies":[{"name":"wp","href":"https:\/\/api.w.org\/{rel}","templated":true}]}}