{"id":37,"date":"2019-11-27T14:01:42","date_gmt":"2019-11-27T12:01:42","guid":{"rendered":"https:\/\/www.showlink.fi\/shows\/hyvinkaanord2020malli1\/?page_id=37"},"modified":"2026-02-24T10:33:49","modified_gmt":"2026-02-24T08:33:49","slug":"tervetuloa-toukonayttelyyn","status":"publish","type":"page","link":"https:\/\/www.showlink.fi\/shows\/sastamala_310526\/","title":{"rendered":"Tervetuloa Sastamalan ryhm\u00e4n\u00e4yttelyyn 31.5.2026!"},"content":{"rendered":"\n<p><strong>N\u00e4yttelyss\u00e4 arvostellaan rodut FCI:n ryhmist\u00e4 5, 6, 7 &amp; 9.<\/strong><br><strong>FCI 5<\/strong> \u2013 Pystykorvat ja alkukantaiset koirat<br><strong>FCI 6<\/strong> \u2013 Ajavat ja j\u00e4ljest\u00e4v\u00e4t koirat<br><strong>FCI 7 <\/strong>\u2013<strong> <\/strong>Seisovat lintukoirat<br><strong>FCI 9 <\/strong>\u2013<strong> <\/strong>Seura- ja k\u00e4\u00e4pi\u00f6koirat<br>N\u00e4yttelyss\u00e4 arvostellaan my\u00f6s pennut (7kk \u2013 9kk).<br><strong><br>N\u00e4yttelypaikkana toimii Liikenneasema H\u00e4ij\u00e4\u00e4<\/strong><br>Osoite: Kauppakuja 1, 38420 Sastamala<\/p>\n\n\n\n<p><strong>J\u00e4rjest\u00e4j\u00e4t:<\/strong> Mouhij\u00e4rven mets\u00e4stysseura ry<\/p>\n\n\n\n<hr class=\"wp-block-separator aligncenter has-alpha-channel-opacity is-style-default\"\/>\n\n\n\n<h2 class=\"wp-block-heading\">Tiedustelut<\/h2>\n\n\n\n<p><strong>Ilmoittautumisia koskevat tiedustelut<\/strong><br>Showlink Oy<br>puh. (09) 8873 0320 (arkisin klo 11 \u2013 17)<br>tai email: info@showlink.fi<br><br><em>Mainitsethan tiedustelussasi \/ s\u00e4hk\u00f6postissasi n\u00e4yttelyn sek\u00e4 koiran rekisterinumeron, jota tiedustelu koskee.<\/em><\/p>\n\n\n\n<p><strong>Muut tiedustelut \/ harjoitusarvostelijat<\/strong><br>iltaisin klo 18:00 - 21:30 puh. +358 400 591 398<br>raine.kienokoski@saunalahti.fi<\/p>\n\n\n\n<p><strong>Keh\u00e4toimitsijat<\/strong><br>puh. +358 44 572 4257<br>riitta.peurala@gmail.com<\/p>\n","protected":false},"excerpt":{"rendered":"<p>N\u00e4yttelyss\u00e4 arvostellaan rodut FCI:n ryhmist\u00e4 5, 6, 7 &amp; 9.FCI 5 \u2013 Pystykorvat ja alkukantaiset koiratFCI 6 \u2013 Ajavat ja j\u00e4ljest\u00e4v\u00e4t koiratFCI 7 \u2013 Seisovat lintukoiratFCI 9 \u2013 Seura- ja k\u00e4\u00e4pi\u00f6koiratN\u00e4yttelyss\u00e4 arvostellaan my\u00f6s pennut (7kk \u2013 9kk).N\u00e4yttelypaikkana toimii Liikenneasema H\u00e4ij\u00e4\u00e4Osoite: Kauppakuja 1, 38420 Sastamala J\u00e4rjest\u00e4j\u00e4t: Mouhij\u00e4rven mets\u00e4stysseura ry Tiedustelut Ilmoittautumisia koskevat tiedustelutShowlink Oypuh. (09) 8873 <a href=\"https:\/\/www.showlink.fi\/shows\/sastamala_310526\/\" class=\"more-link\">...jatka lukemista<span class=\"screen-reader-text\"> \"Tervetuloa Sastamalan ryhm\u00e4n\u00e4yttelyyn 31.5.2026!\"<\/span><\/a><\/p>\n","protected":false},"author":1,"featured_media":0,"parent":0,"menu_order":0,"comment_status":"closed","ping_status":"closed","template":"","meta":{"footnotes":""},"class_list":["post-37","page","type-page","status-publish","h-entry","hentry","h-as-page"],"_links":{"self":[{"href":"https:\/\/www.showlink.fi\/shows\/sastamala_310526\/wp-json\/wp\/v2\/pages\/37","targetHints":{"allow":["GET"]}}],"collection":[{"href":"https:\/\/www.showlink.fi\/shows\/sastamala_310526\/wp-json\/wp\/v2\/pages"}],"about":[{"href":"https:\/\/www.showlink.fi\/shows\/sastamala_310526\/wp-json\/wp\/v2\/types\/page"}],"author":[{"embeddable":true,"href":"https:\/\/www.showlink.fi\/shows\/sastamala_310526\/wp-json\/wp\/v2\/users\/1"}],"replies":[{"embeddable":true,"href":"https:\/\/www.showlink.fi\/shows\/sastamala_310526\/wp-json\/wp\/v2\/comments?post=37"}],"version-history":[{"count":76,"href":"https:\/\/www.showlink.fi\/shows\/sastamala_310526\/wp-json\/wp\/v2\/pages\/37\/revisions"}],"predecessor-version":[{"id":360,"href":"https:\/\/www.showlink.fi\/shows\/sastamala_310526\/wp-json\/wp\/v2\/pages\/37\/revisions\/360"}],"wp:attachment":[{"href":"https:\/\/www.showlink.fi\/shows\/sastamala_310526\/wp-json\/wp\/v2\/media?parent=37"}],"curies":[{"name":"wp","href":"https:\/\/api.w.org\/{rel}","templated":true}]}}