{"id":54,"date":"2018-05-03T10:21:58","date_gmt":"2018-05-03T07:21:58","guid":{"rendered":"http:\/\/www.showlink.fi\/shows\/posiorn2018\/?page_id=54"},"modified":"2026-03-27T15:45:24","modified_gmt":"2026-03-27T13:45:24","slug":"tulokset","status":"publish","type":"page","link":"https:\/\/www.showlink.fi\/shows\/seinajokirn2026\/tulokset\/","title":{"rendered":"Tulokset"},"content":{"rendered":"\n<p> Tulokset julkaistaan n\u00e4yttelyn kuluessa. <\/p>\n\n\n\n<p><strong><a href=\"https:\/\/tulospalvelu.kennelliitto.fi\/nayttelyt\/Tulokset?Id=13912\">\u00bb Siirry n\u00e4yttelyn tuloksiin<\/a><\/strong><\/p>\n\n\n\n<p>Jalostustietoj\u00e4rjestelm\u00e4\u00e4n tulokset p\u00e4ivittyv\u00e4t n\u00e4yttelyn p\u00e4\u00e4tytty\u00e4.<\/p>\n","protected":false},"excerpt":{"rendered":"<p>Tulokset julkaistaan n\u00e4yttelyn kuluessa. \u00bb Siirry n\u00e4yttelyn tuloksiin Jalostustietoj\u00e4rjestelm\u00e4\u00e4n tulokset p\u00e4ivittyv\u00e4t n\u00e4yttelyn p\u00e4\u00e4tytty\u00e4.<\/p>\n","protected":false},"author":1,"featured_media":0,"parent":0,"menu_order":6,"comment_status":"closed","ping_status":"closed","template":"","meta":{"footnotes":""},"class_list":["post-54","page","type-page","status-publish","h-entry","hentry","h-as-page"],"_links":{"self":[{"href":"https:\/\/www.showlink.fi\/shows\/seinajokirn2026\/wp-json\/wp\/v2\/pages\/54","targetHints":{"allow":["GET"]}}],"collection":[{"href":"https:\/\/www.showlink.fi\/shows\/seinajokirn2026\/wp-json\/wp\/v2\/pages"}],"about":[{"href":"https:\/\/www.showlink.fi\/shows\/seinajokirn2026\/wp-json\/wp\/v2\/types\/page"}],"author":[{"embeddable":true,"href":"https:\/\/www.showlink.fi\/shows\/seinajokirn2026\/wp-json\/wp\/v2\/users\/1"}],"replies":[{"embeddable":true,"href":"https:\/\/www.showlink.fi\/shows\/seinajokirn2026\/wp-json\/wp\/v2\/comments?post=54"}],"version-history":[{"count":17,"href":"https:\/\/www.showlink.fi\/shows\/seinajokirn2026\/wp-json\/wp\/v2\/pages\/54\/revisions"}],"predecessor-version":[{"id":349,"href":"https:\/\/www.showlink.fi\/shows\/seinajokirn2026\/wp-json\/wp\/v2\/pages\/54\/revisions\/349"}],"wp:attachment":[{"href":"https:\/\/www.showlink.fi\/shows\/seinajokirn2026\/wp-json\/wp\/v2\/media?parent=54"}],"curies":[{"name":"wp","href":"https:\/\/api.w.org\/{rel}","templated":true}]}}