{"id":17,"date":"2019-04-25T16:27:35","date_gmt":"2019-04-25T13:27:35","guid":{"rendered":"http:\/\/www.showlink.fi\/shows\/suvikarelia2020-malli\/?page_id=17"},"modified":"2026-01-07T09:14:57","modified_gmt":"2026-01-07T07:14:57","slug":"ilmoittautuminen","status":"publish","type":"page","link":"https:\/\/www.showlink.fi\/shows\/suvikarelia2026\/ilmoittautuminen\/","title":{"rendered":"Ilmoittautuminen"},"content":{"rendered":"\n<hr class=\"wp-block-separator has-css-opacity\"\/>\n\n\n\n<p><strong>Lauantaina 30.5. <\/strong>kansainv\u00e4linen koiran\u00e4yttely.<br><strong>Sunnuntaina 31.5. <\/strong>kaikkien rotujen kansallinen koiran\u00e4yttely.<\/p>\n\n\n\n<p><strong>Numerolappu ja aikataulukirje toimitetaan n\u00e4ytteilleasettajille&nbsp;ainoastaan s\u00e4hk\u00f6isesti.<br><\/strong>N\u00e4yttelypostia&nbsp;ei l\u00e4hetet\u00e4 postitse.<\/p>\n\n\n\n<p><strong>Ilmoittautuminen n\u00e4yttelyyn tulee tehd\u00e4 internetiss\u00e4.<\/strong> Ilmoittaessaan koiransa n\u00e4yttelyn n\u00e4ytteilleasettaja sitoutuu noudattamaan Suomen Kennelliiton voimassa olevia n\u00e4yttelys\u00e4\u00e4nt\u00f6j\u00e4 ja niit\u00e4 t\u00e4ydent\u00e4vi\u00e4 ohjeita sek\u00e4 rokotusm\u00e4\u00e4r\u00e4yksi\u00e4. Tutustu s\u00e4\u00e4nt\u00f6ihin ja ohjeisiin <a href=\"https:\/\/www.kennelliitto.fi\/koiraharrastukset\/koiranayttelyt\/ohjeita-ja-lomakkeita-nayttelyyn-osallistujille-ja-nayttelyn-jarjestajille\"><mark style=\"background-color:rgba(0, 0, 0, 0);color:#899a6e\" class=\"has-inline-color\">Kennelliiton kotisivuilla.<\/mark><\/a><\/p>\n\n\n\n<p>Ilmoittautumiset viimeist\u00e4\u00e4n <strong>31.1. \/ 19.4. \/ 4.5. \/ 11.5.<\/strong> menness\u00e4<\/p>\n\n\n\n<figure class=\"wp-block-table tuomarit\"><table><tbody><tr><td><strong>HUOM! <\/strong><br>\u00bb N\u00e4yttelyt ovat erilliset, joten siirtoja n\u00e4yttelyiden v\u00e4lill\u00e4 ei ole mahdollista tehd\u00e4.<br>\u00bb Online-ilmoittautuminen tulee tehd\u00e4 erikseen kummallekin p\u00e4iv\u00e4lle. <strong>Valitse huolellisesti online-ilmoittautumisen yhteydess\u00e4 oikea p\u00e4iv\u00e4!<\/strong><br>\u00bb Mahdollisista palautuksista v\u00e4hennet\u00e4\u00e4n 5 \u20ac \/ maksusuoritus.<\/td><\/tr><\/tbody><\/table><\/figure>\n\n\n\n<p>Ilmoittautuminen osoitteessa <a title=\"Netti-ilmoittautuminen\" href=\"http:\/\/www.showlink.fi\"><strong><mark style=\"background-color:rgba(0, 0, 0, 0);color:#58693c\" class=\"has-inline-color\">www.showlink.fi<\/mark><\/strong><\/a> \u2192 <strong><a href=\"https:\/\/ilmoittautuminen.kennelliitto.fi\/frmEtusivu.aspx\" target=\"_blank\" rel=\"noopener noreferrer\"><mark style=\"background-color:rgba(0, 0, 0, 0);color:#58693c\" class=\"has-inline-color\">ILMOITTAUDU N\u00c4YTTELYYN<\/mark><\/a><\/strong><\/p>\n\n\n\n<p>Ilmoittautumisen voi tehd\u00e4 Showlinkin <strong>online-ilmoittautumispalvelussa. <\/strong>Ilmoittautuminen maksetaan verkkopankilla tai luottokortilla ilmoittautumisen yhteydess\u00e4 ohjelman antamien ohjeiden mukaan. Maksua ei makseta t\u00e4ll\u00f6in etuk\u00e4teen n\u00e4yttelyn tilille. <\/p>\n\n\n\n<p>Ilmoittautumisesta tulee vahvistus annettuun s\u00e4hk\u00f6postiosoitteeseen noin tunnin sis\u00e4ll\u00e4. <strong>Vain vahvistusviestin saaneet netti-ilmoittautumiset voidaan hyv\u00e4ksy\u00e4 n\u00e4yttelyyn.<\/strong> Jollet saa vahvistusta s\u00e4hk\u00f6postiisi,&nbsp;<strong>ota yhteytt\u00e4&nbsp;<\/strong>Showlinkiin. Tarkasta ilmoittautumisvahvistuksesta koirasi tiedot ja kilpailuluokka. S\u00e4\u00e4st\u00e4 saamasi vahvistusviesti n\u00e4yttelyp\u00e4iv\u00e4\u00e4n asti.<br><\/p>\n\n\n\n<hr class=\"wp-block-separator has-css-opacity\"\/>\n\n\n\n<h2 class=\"wp-block-heading\"><strong>Ilmoittautumismaksut<\/strong> <\/h2>\n\n\n\n<p><strong>Ilmoittautumismaksut <strong>31.1.<\/strong>2026 menness\u00e4<\/strong>:<br><strong>38 \u20ac<\/strong> \/ 1. koira<br><strong>35 \u20ac<\/strong> \/ saman omistajan <strong>toinen<\/strong> jne. koira<strong><br>30 \u20ac<\/strong> \/ pennut ja veteraanit<br><strong>15 \u20ac<\/strong> \/ yli 10-vuotiaat veteraanit veteraaniluokkaan ilmoitettuna<br><strong>10 \u20ac<\/strong> \/ junior handler<\/p>\n\n\n\n<p><strong>Ilmoittautumismaksut 1.2.-19.4.2026 v\u00e4lisen\u00e4 aikana:<\/strong><br><strong>43 \u20ac<\/strong> \/ 1. koira<br><strong>38 \u20ac<\/strong> \/ saman omistajan <strong>toinen<\/strong> jne. koira<strong><br>30 \u20ac<\/strong> \/ pennut ja veteraanit<br><strong>15 \u20ac<\/strong> \/ yli 10-vuotiaat veteraanit veteraaniluokkaan ilmoitettuna<br><strong>10 \u20ac<\/strong> \/ junior handler<\/p>\n\n\n\n<p><strong>Ilmoittautumismaksut 20.4.-4.5.2026 v\u00e4lisen\u00e4 aikana:<\/strong><br><strong>48 \u20ac<\/strong> \/ 1. koira<br><strong>43 \u20ac<\/strong> \/ saman omistajan <strong>toinen<\/strong> jne. koira<strong><br>30 \u20ac<\/strong> \/ pennut ja veteraanit<br><strong>15 \u20ac<\/strong> \/ yli 10-vuotiaat veteraanit veteraaniluokkaan ilmoitettuna<br><strong>10 \u20ac<\/strong> \/ junior handler<\/p>\n\n\n\n<p><strong>Ilmoittautumismaksut 5.-11.5.2026 v\u00e4lisen\u00e4 aikana:<\/strong><br><strong>57 \u20ac<\/strong> \/ koira, kaikki luokat<br><strong>10 \u20ac<\/strong> \/ junior handler<\/p>\n\n\n\n<p><strong>Alennuksen (saman omistajan 2. jne koira) saaminen edellytt\u00e4\u00e4, ett\u00e4 ilmoittautumiset tehd\u00e4\u00e4n samalla netti-ilmoittautumiskerralla ja ilmoittautuminen on samaa n\u00e4yttely\u00e4 koskeva.&nbsp;<\/strong>Alennus lasketaan vain t\u00e4ysihintaisista ilmoittautumismaksuista (ei pentujen tai veteraanien maksuista). Samaksi omistajaksi tulkitaan ilmoittautumistapahtuman ensimm\u00e4iselle koiralle ensimm\u00e4iseksi omistajaksi merkitty henkil\u00f6.&nbsp;<\/p>\n\n\n\n<hr class=\"wp-block-separator has-css-opacity\"\/>\n\n\n\n<h2 class=\"wp-block-heading\"><strong>Tiedustelut  |  Information<\/strong><\/h2>\n\n\n\n<p><strong>Ilmoittautumisia ja kasvattajaluokkia koskevat tiedustelut:<\/strong><br>SHOWLINK (arkisin klo 11 \u201317)<br>puh. 09 887 30 320, email: <strong>info@showlink.fi<\/strong><\/p>\n\n\n\n<hr class=\"wp-block-separator has-css-opacity\"\/>\n\n\n\n<h2 class=\"wp-block-heading\"><strong>Muuta<\/strong><\/h2>\n\n\n\n<p>&#8211; N\u00e4yttelyyn osallistuvien koirien on oltava rokotettuja <strong><a href=\"https:\/\/www.kennelliitto.fi\/koiran-omistaminen\/kennelliiton-rokotusmaaraykset\"><mark style=\"background-color:rgba(0, 0, 0, 0);color:#58693c\" class=\"has-inline-color\">Kennelliiton rokotusm\u00e4\u00e4r\u00e4ysten<\/mark><\/a><\/strong><mark style=\"background-color:rgba(0, 0, 0, 0);color:#899a6e\" class=\"has-inline-color\"> <\/mark>mukaan.<br>&#8211; Suomen lain vastaisesti typistetyt koirat eiv\u00e4t saa osallistua n\u00e4yttelyyn.<br>&#8211; N\u00e4yttelyyn osallistuvan koiran tulee olla tunnistusmerkitty.<br>&#8211; Ilmoittautumisajan p\u00e4\u00e4ttymisen j\u00e4lkeen koiraa ei voida siirt\u00e4\u00e4 toiseen luokkaan<br>&#8211; Uros, jolla ei ole normaalit kivekset saa hyl\u00e4tyn<\/p>\n\n\n\n<p><strong>Antidoping \u2013valvonta<\/strong><br>Suomen Kennelliiton valtuuston hyv\u00e4ksym\u00e4t antidoping \u2013s\u00e4\u00e4nn\u00f6t ja dopingvalvonta koskevat kaikkia Suomen Kennelliiton my\u00f6nt\u00e4mi\u00e4 n\u00e4yttelyit\u00e4, kilpailuja ja kokeita. <br>Lis\u00e4\u00e4 tietoa l\u00f6ytyy Kennelliiton kotisivuilta: <a href=\"http:\/\/www.kennelliitto.fi\"><mark style=\"background-color:rgba(0, 0, 0, 0);color:#899a6e\" class=\"has-inline-color\"><strong><span style=\"text-decoration: underline;\">www.kennelliitto.fi<\/span><\/strong><\/mark><\/a><\/p>\n","protected":false},"excerpt":{"rendered":"<p>Lauantaina 30.5. kansainv\u00e4linen koiran\u00e4yttely.Sunnuntaina 31.5. kaikkien rotujen kansallinen koiran\u00e4yttely. Numerolappu ja aikataulukirje toimitetaan n\u00e4ytteilleasettajille&nbsp;ainoastaan s\u00e4hk\u00f6isesti.N\u00e4yttelypostia&nbsp;ei l\u00e4hetet\u00e4 postitse. Ilmoittautuminen n\u00e4yttelyyn tulee tehd\u00e4 internetiss\u00e4. Ilmoittaessaan koiransa n\u00e4yttelyn n\u00e4ytteilleasettaja sitoutuu noudattamaan Suomen Kennelliiton voimassa olevia n\u00e4yttelys\u00e4\u00e4nt\u00f6j\u00e4 ja niit\u00e4 t\u00e4ydent\u00e4vi\u00e4 ohjeita sek\u00e4 rokotusm\u00e4\u00e4r\u00e4yksi\u00e4. Tutustu s\u00e4\u00e4nt\u00f6ihin ja ohjeisiin Kennelliiton kotisivuilla. Ilmoittautumiset viimeist\u00e4\u00e4n 31.1. \/ 19.4. \/ 4.5. \/ 11.5. menness\u00e4&hellip; <a href=\"https:\/\/www.showlink.fi\/shows\/suvikarelia2026\/ilmoittautuminen\/\" class=\"more-link\">Jatka lukemista <span class=\"screen-reader-text\">Ilmoittautuminen<\/span><\/a><\/p>\n","protected":false},"author":1,"featured_media":0,"parent":0,"menu_order":2,"comment_status":"closed","ping_status":"closed","template":"","meta":{"footnotes":""},"class_list":["post-17","page","type-page","status-publish","hentry","without-featured-image"],"_links":{"self":[{"href":"https:\/\/www.showlink.fi\/shows\/suvikarelia2026\/wp-json\/wp\/v2\/pages\/17","targetHints":{"allow":["GET"]}}],"collection":[{"href":"https:\/\/www.showlink.fi\/shows\/suvikarelia2026\/wp-json\/wp\/v2\/pages"}],"about":[{"href":"https:\/\/www.showlink.fi\/shows\/suvikarelia2026\/wp-json\/wp\/v2\/types\/page"}],"author":[{"embeddable":true,"href":"https:\/\/www.showlink.fi\/shows\/suvikarelia2026\/wp-json\/wp\/v2\/users\/1"}],"replies":[{"embeddable":true,"href":"https:\/\/www.showlink.fi\/shows\/suvikarelia2026\/wp-json\/wp\/v2\/comments?post=17"}],"version-history":[{"count":64,"href":"https:\/\/www.showlink.fi\/shows\/suvikarelia2026\/wp-json\/wp\/v2\/pages\/17\/revisions"}],"predecessor-version":[{"id":796,"href":"https:\/\/www.showlink.fi\/shows\/suvikarelia2026\/wp-json\/wp\/v2\/pages\/17\/revisions\/796"}],"wp:attachment":[{"href":"https:\/\/www.showlink.fi\/shows\/suvikarelia2026\/wp-json\/wp\/v2\/media?parent=17"}],"curies":[{"name":"wp","href":"https:\/\/api.w.org\/{rel}","templated":true}]}}