{"id":36,"date":"2019-06-07T09:15:10","date_gmt":"2019-06-07T06:15:10","guid":{"rendered":"http:\/\/www.showlink.fi\/shows\/suvikarelia2020-malli\/?page_id=36"},"modified":"2025-08-19T11:13:36","modified_gmt":"2025-08-19T08:13:36","slug":"aikataulut","status":"publish","type":"page","link":"https:\/\/www.showlink.fi\/shows\/suvikarelia2026\/aikataulut\/","title":{"rendered":"Aikataulut"},"content":{"rendered":"\n<hr class=\"wp-block-separator has-css-opacity\"\/>\n\n\n\n<p>Aikataulut julkaistaan noin viikkoa ennen n\u00e4yttely\u00e4.<\/p>\n\n\n\n<p><mark style=\"background-color:rgba(0, 0, 0, 0);color:#58693c\" class=\"has-inline-color\"><strong>Aikataulut<\/strong> \u2013 lauantai KV 30.5.2026<\/mark><\/p>\n\n\n\n<p><mark style=\"background-color:rgba(0, 0, 0, 0);color:#58693c\" class=\"has-inline-color\"><strong>Aikataulut<\/strong> \u2013 sunnuntai KR 31.5.2026<\/mark><\/p>\n\n\n\n<p class=\"has-background\" style=\"background-color:#9ca88885\"><strong>Numerolappu ja aikataulukirje toimitetaan n\u00e4ytteilleasettajille\u00a0ainoastaan s\u00e4hk\u00f6isesti.<br><\/strong>N\u00e4yttelypostia\u00a0ei l\u00e4hetet\u00e4 postitse.<\/p>\n\n\n\n<p><\/p>\n","protected":false},"excerpt":{"rendered":"<p>Aikataulut julkaistaan noin viikkoa ennen n\u00e4yttely\u00e4. Aikataulut \u2013 lauantai KV 30.5.2026 Aikataulut \u2013 sunnuntai KR 31.5.2026 Numerolappu ja aikataulukirje toimitetaan n\u00e4ytteilleasettajille\u00a0ainoastaan s\u00e4hk\u00f6isesti.N\u00e4yttelypostia\u00a0ei l\u00e4hetet\u00e4 postitse.<\/p>\n","protected":false},"author":1,"featured_media":0,"parent":0,"menu_order":6,"comment_status":"closed","ping_status":"closed","template":"","meta":{"footnotes":""},"class_list":["post-36","page","type-page","status-publish","hentry","without-featured-image"],"_links":{"self":[{"href":"https:\/\/www.showlink.fi\/shows\/suvikarelia2026\/wp-json\/wp\/v2\/pages\/36","targetHints":{"allow":["GET"]}}],"collection":[{"href":"https:\/\/www.showlink.fi\/shows\/suvikarelia2026\/wp-json\/wp\/v2\/pages"}],"about":[{"href":"https:\/\/www.showlink.fi\/shows\/suvikarelia2026\/wp-json\/wp\/v2\/types\/page"}],"author":[{"embeddable":true,"href":"https:\/\/www.showlink.fi\/shows\/suvikarelia2026\/wp-json\/wp\/v2\/users\/1"}],"replies":[{"embeddable":true,"href":"https:\/\/www.showlink.fi\/shows\/suvikarelia2026\/wp-json\/wp\/v2\/comments?post=36"}],"version-history":[{"count":9,"href":"https:\/\/www.showlink.fi\/shows\/suvikarelia2026\/wp-json\/wp\/v2\/pages\/36\/revisions"}],"predecessor-version":[{"id":693,"href":"https:\/\/www.showlink.fi\/shows\/suvikarelia2026\/wp-json\/wp\/v2\/pages\/36\/revisions\/693"}],"wp:attachment":[{"href":"https:\/\/www.showlink.fi\/shows\/suvikarelia2026\/wp-json\/wp\/v2\/media?parent=36"}],"curies":[{"name":"wp","href":"https:\/\/api.w.org\/{rel}","templated":true}]}}