{"id":69,"date":"2019-06-07T10:31:21","date_gmt":"2019-06-07T07:31:21","guid":{"rendered":"http:\/\/www.showlink.fi\/shows\/suvikarelia2020-malli\/?page_id=69"},"modified":"2026-04-16T09:46:19","modified_gmt":"2026-04-16T06:46:19","slug":"judges-23-5-saturday-int","status":"publish","type":"page","link":"https:\/\/www.showlink.fi\/shows\/suvikarelia2026\/info-in-english\/judges-23-5-saturday-int\/","title":{"rendered":"Judges \u2013 May 30th, Saturday (INT)"},"content":{"rendered":"\n<p class=\"has-background\" style=\"background-color:#9ca88885\"><strong>Update April 16, 2026 \u2013 Change oj judge<\/strong><br>Unfortunately, <strong>Irina Poleateva<\/strong> is unable to attend our show. Changes have been marked with orange to the list of judges below.<br><br><strong>Update January 19, 2026 \u2013 Change of judge<\/strong><br>Change of judge for the breed Russkaja Tsvetnaja Bolonka. <strong>Russkaja Tsvetnaja Bolonka<\/strong> <strong>will be judged by Jouko Leivisk\u00e4<\/strong>, instead of previously announced judge Markku Kipin\u00e4. Changes have been marked with red to the list of judges below.<br><br><strong>Update January 16, 2026 \u2013 Change of judge<\/strong><br>Unfortunately, <strong>Benny Blidh von Schedvin<\/strong> is unable to attend our show. His breeds and group in the finals will be judged by <strong>\u00c5ke Cronander, Sweden.<\/strong> Changes have been marked with red to the list of judges below.<\/p>\n\n\n\n<hr class=\"wp-block-separator has-css-opacity\"\/>\n\n\n\n<p><strong>FCI 1<\/strong><br>Australian Kelpie, Bouvier des Flandres&nbsp;<strong>Anneli Pukkila<\/strong><br><mark style=\"background-color:rgba(0, 0, 0, 0)\" class=\"has-inline-color has-vivid-red-color\">Australian Cattle Dog, Australian Shepherd, Bearded Collie, Belgian Shepherd Dogs, Berger de Beauce, Briard, Lancashire Heeler&nbsp;<strong><strong>\u00c5ke Cronander<\/strong><\/strong>, Sweden<\/mark><br><mark style=\"background-color:rgba(0, 0, 0, 0);color:#de7427\" class=\"has-inline-color\">German Shepherd Dogs, Romanian Mioritic Shepherd Dog&nbsp;<strong>Jouko Leivisk\u00e4<\/strong><\/mark><br>Welsh Corgi Cardigan, Welsh Corgi Pembroke&nbsp;<strong>Katja Korhonen<\/strong><br>Australian Stumpy Tail Cattle Dog, Bergamasco Shepherd Dog, Border Collie, Bouvier des Ardennes, Catalan Sheepdog, Croatian Shepherd Dog, Czechoslovakian Wolfdog, Dutch Shepherd Dogs, East European Shepherd, Komondor, Majorca Shepherd Dog, Maremma and the Abruzzes Sheepdog, Miniature American Shepherd, Mudi, Pyrenean Sheepdog, Smooth-faced, Romanian Carpathian Shepherd Dog, Small Medimurje Dog &#8211; Medi, South Russian Shepherd Dog, Tatra Shepherd Dog&nbsp;<strong>Markku Kipin\u00e4<\/strong><br>Collie Rough, Collie Smooth, Dutch Schapendoes, Picardy Sheepdog, Polish Lowland Sheepdog, Portuguese Sheepdog, Pulis, Pumi, Pyrenean Sheepdog, Long-haired, Saarloos Wolfhond, Schipperke&nbsp;<strong>Ricky Lochs-Romans<\/strong>, The Netherlands<br>Bohemian Shepherd Dog, Kuvasz, Old English Sheepdog, Shetland Sheepdog, Slovakian Chuvach, White Swiss Shepherd Dog&nbsp;<strong>Tuire Okkola<\/strong><\/p>\n\n\n\n<p><strong>FCI 2<\/strong><br>Austrian Pinscher, Bulldog, Bullmastiff, Caucasian Shepherd Dog, Central Asia Shepherd Dog, Ciob\u0103nesc Rom\u00e2nesc Corb, Dogo Argentino, Dutch Smoushond, Entlebuch Cattle Dog, Estrela Mountain Dogs, Fila Brasileiro, Great Swiss Mountain Dog, Hovawart, Kangal Shepherd Dog, Karst Shepherd Dog, Landseer (European Continental Type), Leonberger, Majorca Mastiff, Mastiff, Neapolitan Mastiff, Newfoundland, Presa Canario, Spanish Mastiff&nbsp;<strong>Birgitta Svarstad<\/strong>, Sweden<br>Cimarr\u00f3n Uruguayo, Danish-Swedish Farmdog, Great Danes, Pyrenean Mastiff, Pyrenean Mountain Dog, Rottweiler, Russian Black Terrier, Saint Miguel Cattle Dog, Shar Pei, Tibetan Mastiff, Tornjak (Bosnian And Herzegovinian &#8211; Croatian Shepherd Dog), Tosa, Transmontano Mastiff, Yugoslavian Shepherd Dog &#8211; Sharplanina&nbsp;<strong>Hans Almgren<\/strong>, Sweden<br>German Pinscher, Giant Schnauzers, Miniature Pinscher, Miniature Schnauzers, Schnauzers&nbsp;<strong>Perttu St\u00e5hlberg<\/strong><br>Other breeds&nbsp;<strong>Jouko Leivisk\u00e4<\/strong><\/p>\n\n\n\n<p><strong><strong><strong>FCI <\/strong><\/strong>3<\/strong><br>Cesky Terrier, Dandie Dinmont Terrier, Fox Terrier, Smooth-haired, Fox Terrier, Wire-haired&nbsp;<strong>Anita Al-Bachy<\/strong><br>American Staffordshire Terrier, Miniature Bull Terrier, Staffordshire Bull Terrier&nbsp;<strong>Ann-Christin Johansson<\/strong>, Sweden<br>Australian Silky Terrier, Skye Terrier, Welsh Terrier, West Highland White Terrier&nbsp;<strong>Anneli Pukkila<\/strong><br><mark style=\"background-color:rgba(0, 0, 0, 0)\" class=\"has-inline-color has-vivid-red-color\">German Hunting Terrier, Irish Soft Coated Wheaten Terrier, Norfolk Terrier, Norwich Terrier, Parson Russell Terrier, Scottish Terrier, Sealyham Terrier, Yorkshire Terrier&nbsp;<strong><strong>\u00c5ke Cronander<\/strong><\/strong>, Sweden<\/mark><br><mark style=\"background-color:rgba(0, 0, 0, 0);color:#de7427\" class=\"has-inline-color\">Airedale Terrier<\/mark>, English Toy Terrier, Irish Glen Of Imaal Terrier, Irish Terrier, Japanese Terrier, Kerry Blue Terrier, Lakeland Terrier, Manchester Terrier,&nbsp;<mark style=\"background-color:rgba(0, 0, 0, 0);color:#de7427\" class=\"has-inline-color\">Ratonero Bodeguero Andaluz<\/mark> <strong>Hans Almgren<\/strong>, Sweden<br><mark style=\"background-color:rgba(0, 0, 0, 0);color:#de7427\" class=\"has-inline-color\">American Hairless Terrier, American Toy Fox Terrier, Australian Terrier, Rat Terrier <strong><strong>Ricky Lochs-Romans<\/strong>, The Netherlands<\/strong><\/mark><br><mark style=\"background-color:rgba(0, 0, 0, 0);color:#de7427\" class=\"has-inline-color\">Bedlington Terrier, Biewer Terrier, Border Terrier, Brazilian Terrier, Bull Terrier, Cairn Terrier <strong>Perttu St\u00e5hlberg<\/strong><\/mark><br>Jack Russell Terrier&nbsp;<strong>Jari Partanen<\/strong>, Norway<br>Tenterfield Terrier, Valencian Terrier&nbsp;<strong>Markku Kipin\u00e4<\/strong><\/p>\n\n\n\n<p><strong><strong><strong>FCI <\/strong><\/strong>4<\/strong><br>All breeds&nbsp;<strong>Anita Al-Bachy<\/strong><\/p>\n\n\n\n<p><strong>FCI 5<\/strong><br>Cirneco dell&#8217;Etna, Eurasian, Greenland Dog, H\u00e4lleforshund, Italian Volpino, Pharaoh Hound, Thai Bangkaew Dog, Thai Ridgeback Dog&nbsp;<strong>Ann-Christin Johansson<\/strong>, Sweden<br>Danish Spitz, Peruvian Hairless Dogs, Portuguese Podengos, Siberian Husky, Taiwan Dog&nbsp;<strong>Anneli Pukkila<\/strong><br>American Akita, Karelian Bear Dog, Norwegian Elkhound Black, Norwegian Elkhound Grey, Samoyed&nbsp;<strong>Emma Piril\u00e4<\/strong><br>Akita&nbsp;<strong>Hans Almgren<\/strong>, Sweden<br>Alaskan Malamute, Black Spitz, Canaan Dog, Canadian Eskimo Dog, Chow Chow, Kai, Kintamani-Bali Dog, Kishu, Korea Jindo Dog, Norwegian Lundehund, Swedish Elkhound, Swedish Vallhund, Xoloitzcuintles&nbsp;<strong>Irina Poletaeva<\/strong><br>Grosspitzes, Icelandic Sheepdog, Keeshond (Wolfspitz), Mittelspitzes, Kleinspitzes, Pomeranian&nbsp;<strong>Jari Partanen<\/strong>, Norway<br>American Eskimo Dog, Basenji, Norwegian Buhund, Shiba, Shikoku, Swedish White Elkhound&nbsp;<strong>Ricky Lochs-Romans<\/strong>, The Netherlands<br>East Siberian Laika, Finnish Lapponian Dog, Finnish Spitz, Lapponian Herder, Norrbottenspitz, Russian-European Laika, Swedish Lapphund, West Siberian Laika, Yakutian Laika&nbsp;<strong>Tiina Eskelinen<\/strong><br>Canarian Warren Hound, Hokkaido, Ibizan Podencos, Japanese Spitz&nbsp;<strong>Tuire Okkola<\/strong><\/p>\n\n\n\n<p><strong><strong><strong>FCI <\/strong><\/strong>6<\/strong><br>Finnish Hound&nbsp;<strong>Emma Piril\u00e4<\/strong><br>Rhodesian Ridgeback&nbsp;<strong>Katja Korhonen<\/strong><br>Beagle, Dalmatian, Drever&nbsp;<strong>Maarit Hassinen<\/strong><br>American Foxhound, Basset Hound, Bavarian Mountain Scent Hound, Bloodhound, Norman Artesien Basset&nbsp;<strong>Markku Kipin\u00e4<\/strong><br>Other breeds&nbsp;<strong>Luis Gorjao-Henriques<\/strong>, Portugal<\/p>\n\n\n\n<p><strong><strong><strong>FCI <\/strong><\/strong>7<\/strong><br>Ariege Pointing Dog, Auvergne Pointer, Blue Picardy Spaniel, Bohemian Wire-haired Pointing Griffon, Bourbonnais Pointing Dog, Burgos Pointing Dog, Deutsch Stichelhaar, Drentsche Partridge Dog, French Pointing Dog &#8211; Gascogne Type, French Pointing Dog &#8211; Pyrenean Type, French Spaniel, German Long-haired Pointing Dog, Irish Red and White Setter, Italian Pointing Dog, Large Munsterlander, Old Danish Pointing Dog, Picardy Spaniel, Pont-Audemer Spaniel, Portuguese Pointing Dog, Pudelpointer, Saint Germain Pointer, Saint-Usuge Spaniel, Small Munsterlander, Weimaraners, Wire-Haired Pointing Griffon Korthals, Wirehaired Slovakian Pointer&nbsp;<strong>Anneli Pukkila<\/strong><br>Other breeds <strong>Pekka Teini<\/strong><\/p>\n\n\n\n<p><strong><strong><strong>FCI <\/strong><\/strong>8<\/strong><br>American Water Spaniel, Cocker Spaniel, English Springer Spaniel, Field Spaniel, Lagotto Romagnolo, Nederlandse Kooikerhondje, Polish Hunting Spaniel, Portuguese Water Dog, Russian Spaniel, Spanish Water Dog, Welsh Springer Spaniel&nbsp;<strong>Ann-Christin Johansson<\/strong>, Sweden<br>Clumber Spaniel, Irish Water Spaniel, Sussex Spaniel, Wetterhoun&nbsp;<strong>Anneli Pukkila<\/strong><br>Chesapeake Bay Retriever, Curly Coated Retriever, Flat Coated Retriever&nbsp;<strong>Luis Gorjao-Henriques<\/strong>, Portugal<br>American Cocker Spaniel, French Water Dog, German Spaniel&nbsp;<strong>Maarit Hassinen<\/strong><br>Golden Retriever, Labrador Retriever, Nova Scotia Duck Tolling Retriever&nbsp;<strong>Sven Slettedal<\/strong>, Norway<\/p>\n\n\n\n<p><strong><strong><strong>FCI <\/strong><\/strong>9<\/strong><br><em>Reseve judge for all breeds in group 9&nbsp;<strong>Markku Kipin\u00e4<\/strong><\/em><br>Griffon Belge, Griffon Bruxellois, Papillon, Petit Braban\u00e7on, Phal\u00e8ne&nbsp;<strong>Ann-Christin Johansson<\/strong>, Sweden<br>Coton de Tulear, French Bulldog, Pra\u017esk\u00fd Krysar\u00edk&nbsp;<strong>Irina Poletaeva<\/strong><br>Chinese Crested Dog, Havanese, Japanese Chin, <mark style=\"background-color:rgba(0, 0, 0, 0)\" class=\"has-inline-color has-vivid-red-color\">Russkaja Tsvetnaja Bolonka&nbsp;<\/mark><strong>Jouko Leivisk\u00e4<\/strong><br>Tibetan Spaniel&nbsp;<strong>Luis Gorjao-Henriques<\/strong>, Portugal<br>Bolognese, Boston Terrier, Cavalier King Charles Spaniel, Russian Toys&nbsp;<strong>Markku Kipin\u00e4<\/strong><br>Kromfohrl\u00e4nder, Lhasa Apso, Little Lion Dog, Maltese, Markiesje, Pug, Shih Tzu, Tibetan Terrier&nbsp;<strong>Ricky Lochs-Romans<\/strong>, The Netherlands<br>Bichon Frise, King Charles Spaniel, Pekingese&nbsp;<strong>Tomas Rohlin<\/strong>, Denmark<br>Chihuahuas, Poodles&nbsp;<strong>Toni Saira<\/strong><\/p>\n\n\n\n<p><strong><strong><strong>FCI <\/strong><\/strong>10<\/strong><br>Deerhound, Irish Wolfhound, Italian Greyhound, Kazakh Tazy, Polish Greyhound, Sloughi&nbsp;<strong>Pekka Teini<\/strong><br>Other breeds <strong>Tomas Rohlin<\/strong>, Denmark<\/p>\n\n\n\n<p>Junior Handler&nbsp;<strong>Katja Korhonen<\/strong><\/p>\n\n\n\n<p><strong>Finals<\/strong><br><mark style=\"background-color:rgba(0, 0, 0, 0)\" class=\"has-inline-color has-vivid-red-color\">1<strong>&nbsp;<strong>\u00c5ke Cronander<\/strong><\/strong>, Sweden<\/mark><br>2<strong>&nbsp;Hans Almgren<\/strong>, Sweden<br>3<strong>&nbsp;Ricky Lochs-Romans<\/strong>, The Netherlands<br>4<strong>&nbsp;Anita Al-Bachy<\/strong><br>5<strong>&nbsp;Jari Partanen<\/strong>, Norway<br>6<strong>&nbsp;Ann-Christin Johansson<\/strong>, Sweden<br>7<strong>&nbsp;Pekka Teini<\/strong><br>8<strong>&nbsp;Luis Gorjao-Henriques<\/strong>, Portugal<br>9<strong>&nbsp;<strong>Markku Kipin\u00e4<\/strong><\/strong><br>10<strong>&nbsp;Tomas Rohlin<\/strong>, Denmark<br><br>Best in Show Veteran&nbsp;<strong>Jouko Leivisk\u00e4<\/strong><br>Best in Show Breeders Group&nbsp;<strong>Markku Kipin\u00e4<\/strong><br>Best in Show<strong>&nbsp;Tuire Okkola<\/strong><\/p>\n","protected":false},"excerpt":{"rendered":"<p>Update April 16, 2026 \u2013 Change oj judgeUnfortunately, Irina Poleateva is unable to attend our show. Changes have been marked with orange to the list of judges below. Update January 19, 2026 \u2013 Change of judgeChange of judge for the breed Russkaja Tsvetnaja Bolonka. Russkaja Tsvetnaja Bolonka will be judged by Jouko Leivisk\u00e4, instead of&hellip; <a href=\"https:\/\/www.showlink.fi\/shows\/suvikarelia2026\/info-in-english\/judges-23-5-saturday-int\/\" class=\"more-link\">Jatka lukemista <span class=\"screen-reader-text\">Judges \u2013 May 30th, Saturday (INT)<\/span><\/a><\/p>\n","protected":false},"author":1,"featured_media":0,"parent":51,"menu_order":1,"comment_status":"closed","ping_status":"closed","template":"","meta":{"footnotes":""},"class_list":["post-69","page","type-page","status-publish","hentry","without-featured-image"],"_links":{"self":[{"href":"https:\/\/www.showlink.fi\/shows\/suvikarelia2026\/wp-json\/wp\/v2\/pages\/69","targetHints":{"allow":["GET"]}}],"collection":[{"href":"https:\/\/www.showlink.fi\/shows\/suvikarelia2026\/wp-json\/wp\/v2\/pages"}],"about":[{"href":"https:\/\/www.showlink.fi\/shows\/suvikarelia2026\/wp-json\/wp\/v2\/types\/page"}],"author":[{"embeddable":true,"href":"https:\/\/www.showlink.fi\/shows\/suvikarelia2026\/wp-json\/wp\/v2\/users\/1"}],"replies":[{"embeddable":true,"href":"https:\/\/www.showlink.fi\/shows\/suvikarelia2026\/wp-json\/wp\/v2\/comments?post=69"}],"version-history":[{"count":47,"href":"https:\/\/www.showlink.fi\/shows\/suvikarelia2026\/wp-json\/wp\/v2\/pages\/69\/revisions"}],"predecessor-version":[{"id":850,"href":"https:\/\/www.showlink.fi\/shows\/suvikarelia2026\/wp-json\/wp\/v2\/pages\/69\/revisions\/850"}],"up":[{"embeddable":true,"href":"https:\/\/www.showlink.fi\/shows\/suvikarelia2026\/wp-json\/wp\/v2\/pages\/51"}],"wp:attachment":[{"href":"https:\/\/www.showlink.fi\/shows\/suvikarelia2026\/wp-json\/wp\/v2\/media?parent=69"}],"curies":[{"name":"wp","href":"https:\/\/api.w.org\/{rel}","templated":true}]}}