{"id":6,"date":"2019-10-09T11:14:25","date_gmt":"2019-10-09T08:14:25","guid":{"rendered":"http:\/\/www.showlink.fi\/shows\/tornio2021-tupla\/?page_id=6"},"modified":"2026-01-26T08:30:55","modified_gmt":"2026-01-26T06:30:55","slug":"tervetuloa-tornion-ryhmanayttelyihin-22-3-23-3-2020","status":"publish","type":"page","link":"https:\/\/www.showlink.fi\/shows\/tornio_2xRN_2026\/","title":{"rendered":"Tervetuloa Tornion ryhm\u00e4n\u00e4yttelyihin 21. ja 22.2.2026!"},"content":{"rendered":"\n<p><strong>Lauantaina 21.2.2026 arvostellaan rodut FCI:n ryhmist\u00e4 2, 4 ja 9<\/strong><br><strong>FCI 2&nbsp;\u2013<\/strong> Pinserit, snautserit, molossityyppiset ja sveitsinpaimenkoirat<br><strong>FCI 4<\/strong>&nbsp;<strong>\u2013<\/strong> M\u00e4yr\u00e4koirat<br><strong>FCI 9<\/strong>&nbsp;<strong>\u2013<\/strong> Seurakoirat ja k\u00e4\u00e4pi\u00f6koirat<\/p>\n\n\n\n<p><strong>Sunnuntaina 22.2.2026 arvostellaan rodut FCI:n ryhmist\u00e4 1, 3 &amp; 10<\/strong><br><strong>FCI 1 \u2013<\/strong> Lammas- ja karjakoirat (paitsi sveitsinpaimenkoirat)<br><strong>FCI 3 \u2013 <\/strong>Terrierit<br><strong>FCI 10 \u2013<\/strong> Vinttikoirat<\/p>\n\n\n\n<p>N\u00e4yttelyiss\u00e4 arvostellaan my\u00f6s pennut (7kk - alle 9kk).<\/p>\n\n\n\n<h3 class=\"wp-block-heading\">N\u00e4yttelypaikka<\/h3>\n\n\n\n<p><strong>Vauhtikoira Areena<\/strong><br>Osoite: Matkailijantie 4, 95420 Tornio (sis\u00e4n\u00e4yttely)<br><em>Huom! Hallin sis\u00e4l\u00e4mp\u00f6tila on noin 15 astetta.<\/em><\/p>\n\n\n\n<p class=\"has-background\" style=\"background-color:#b6c8ccb0\"><strong>HUOM!<\/strong> <strong>N\u00e4yttelyn koiram\u00e4\u00e4r\u00e4 on rajoitettu 580 koiraan \/ p\u00e4iv\u00e4.<\/strong><br><em>Aiemmin koiram\u00e4\u00e4r\u00e4n rajoitus ollut 650 koiraa\/p\u00e4iv\u00e4, mutta valitettavasti n\u00e4yttelytoimikunnasta riippumattomista syist\u00e4 olemme joutuneet pienent\u00e4m\u00e4\u00e4n maksimim\u00e4\u00e4r\u00e4\u00e4.<\/em><br><strong>HUOM!<\/strong> <strong>Sunnuntain 22.2.2026 koiram\u00e4\u00e4r\u00e4 on tullut t\u00e4yteen eik\u00e4 sunnuntaille voi en\u00e4\u00e4 ilmoittautua.<\/strong><\/p>\n\n\n\n<hr class=\"wp-block-separator has-text-color has-alpha-channel-opacity has-background\" style=\"background-color:#e9e9e9;color:#e9e9e9\"\/>\n\n\n\n<h3 class=\"wp-block-heading\">Tiedustelut<\/h3>\n\n\n\n<p><strong>Ilmoittautumisia ja kasvattajaryhmi\u00e4 koskevat tiedustelut<\/strong><br>Showlink Oy arkisin klo 11-17 puh. 09 887 30320 tai e-mail: info@showlink.fi<br><em>Mainitsethan tiedustelussasi n\u00e4yttelyn sek\u00e4 koiran rekisterinumeron, jota tiedustelu koskee.<\/em><\/p>\n\n\n\n<p><strong>Muut tiedustelut<\/strong><br>torkknayttelyt@gmail.com<\/p>\n\n\n\n<p class=\"has-text-align-left\"><strong>J\u00e4rjest\u00e4j\u00e4: <\/strong>Tornion Kennelkerho<\/p>\n\n\n\n<p><\/p>\n","protected":false},"excerpt":{"rendered":"<p>Lauantaina 21.2.2026 arvostellaan rodut FCI:n ryhmist\u00e4 2, 4 ja 9FCI 2&nbsp;\u2013 Pinserit, snautserit, molossityyppiset ja sveitsinpaimenkoiratFCI 4&nbsp;\u2013 M\u00e4yr\u00e4koiratFCI 9&nbsp;\u2013 Seurakoirat ja k\u00e4\u00e4pi\u00f6koirat Sunnuntaina 22.2.2026 arvostellaan rodut FCI:n ryhmist\u00e4 1, 3 &amp; 10FCI 1 \u2013 Lammas- ja karjakoirat (paitsi sveitsinpaimenkoirat)FCI 3 \u2013 TerrieritFCI 10 \u2013 Vinttikoirat N\u00e4yttelyiss\u00e4 arvostellaan my\u00f6s pennut (7kk - alle 9kk). N\u00e4yttelypaikka Vauhtikoira <a href=\"https:\/\/www.showlink.fi\/shows\/tornio_2xRN_2026\/\" class=\"more-link\">...jatka lukemista<span class=\"screen-reader-text\"> \"Tervetuloa Tornion ryhm\u00e4n\u00e4yttelyihin 21. ja 22.2.2026!\"<\/span><\/a><\/p>\n","protected":false},"author":1,"featured_media":0,"parent":0,"menu_order":0,"comment_status":"closed","ping_status":"closed","template":"","meta":{"footnotes":""},"class_list":["post-6","page","type-page","status-publish","h-entry","hentry","h-as-page"],"_links":{"self":[{"href":"https:\/\/www.showlink.fi\/shows\/tornio_2xRN_2026\/wp-json\/wp\/v2\/pages\/6","targetHints":{"allow":["GET"]}}],"collection":[{"href":"https:\/\/www.showlink.fi\/shows\/tornio_2xRN_2026\/wp-json\/wp\/v2\/pages"}],"about":[{"href":"https:\/\/www.showlink.fi\/shows\/tornio_2xRN_2026\/wp-json\/wp\/v2\/types\/page"}],"author":[{"embeddable":true,"href":"https:\/\/www.showlink.fi\/shows\/tornio_2xRN_2026\/wp-json\/wp\/v2\/users\/1"}],"replies":[{"embeddable":true,"href":"https:\/\/www.showlink.fi\/shows\/tornio_2xRN_2026\/wp-json\/wp\/v2\/comments?post=6"}],"version-history":[{"count":71,"href":"https:\/\/www.showlink.fi\/shows\/tornio_2xRN_2026\/wp-json\/wp\/v2\/pages\/6\/revisions"}],"predecessor-version":[{"id":535,"href":"https:\/\/www.showlink.fi\/shows\/tornio_2xRN_2026\/wp-json\/wp\/v2\/pages\/6\/revisions\/535"}],"wp:attachment":[{"href":"https:\/\/www.showlink.fi\/shows\/tornio_2xRN_2026\/wp-json\/wp\/v2\/media?parent=6"}],"curies":[{"name":"wp","href":"https:\/\/api.w.org\/{rel}","templated":true}]}}